{"id":996,"date":"2018-09-10T13:26:09","date_gmt":"2018-09-10T17:26:09","guid":{"rendered":"https:\/\/www.guides-sports-loisirs.ca\/veloparcs\/?page_id=996"},"modified":"2018-10-01T16:38:09","modified_gmt":"2018-10-01T20:38:09","slug":"sauts-associes-aux-variations-de-la-forme-de-la-zone-de-reception","status":"publish","type":"page","link":"https:\/\/www.guides-sports-loisirs.ca\/veloparcs\/types-de-sauts\/sauts-associes-aux-variations-de-la-forme-de-la-zone-de-reception\/","title":{"rendered":"Sauts associ\u00e9s aux variations de la forme de la zone de r\u00e9ception"},"content":{"rendered":"<div class=\"wpb-content-wrapper\"><p>[vc_row row_height_percent=\u00a0\u00bb0&Prime; override_padding=\u00a0\u00bbyes\u00a0\u00bb h_padding=\u00a0\u00bb2&Prime; top_padding=\u00a0\u00bb2&Prime; bottom_padding=\u00a0\u00bb2&Prime; overlay_alpha=\u00a0\u00bb50&Prime; gutter_size=\u00a0\u00bb3&Prime; shift_y=\u00a0\u00bb0&Prime;][vc_column column_width_use_pixel=\u00a0\u00bbyes\u00a0\u00bb overlay_alpha=\u00a0\u00bb50&Prime; gutter_size=\u00a0\u00bb2&Prime; medium_width=\u00a0\u00bb0&Prime; shift_x=\u00a0\u00bb0&Prime; shift_y=\u00a0\u00bb0&Prime; z_index=\u00a0\u00bb0&Prime; width=\u00a0\u00bb1\/1&Prime; column_width_pixel=\u00a0\u00bb800&Prime;][vc_column_text]Selon la hauteur de la zone de r\u00e9ception par rapport \u00e0 la zone d\u2019envol, un saut portera le nom de <em>Step-up<\/em> ou <em>Step-down<\/em>.[\/vc_column_text][vc_single_image media=\u00a0\u00bb999&Prime; media_width_percent=\u00a0\u00bb100&Prime;][vc_column_text]<strong>Step-up et step-down<\/strong><br \/>\n<em>Saut step-up et step-down combin\u00e9 et plateforme arrondie, \u00c9nergie CMB \u2013 Alexandre Turcotte Giroux<\/em>[\/vc_column_text][vc_custom_heading]Step-up[\/vc_custom_heading][vc_column_text]Dans un saut de type <em>step-up<\/em>, la zone de r\u00e9ception est <strong>plus haute que la zone d\u2019envol<\/strong>. Il est consid\u00e9r\u00e9 comme un saut de type <em>kicker<\/em>, mais l\u2019atterrissage se produit au point le plus haut de l\u2019ellipse (le cycliste ne ressent donc pas l\u2019apesanteur typique d\u2019un <em>kicker<\/em>). Il s\u2019agit d\u2019un saut de niveau avanc\u00e9.<\/p>\n<p>La trajectoire du saut r\u00e9sulte en une perte de vitesse qui peut contribuer au contr\u00f4le du rythme de l\u2019usager. Plac\u00e9 au milieu d\u2019une ligne, le saut peut \u00eatre consid\u00e9r\u00e9 comme un plateau de d\u00e9part pour la section suivante dans la rythmique de la ligne.<\/p>\n<p>Comme la trajectoire du saut r\u00e9sulte en une perte de vitesse qui ralentit le rythme du cycliste, un tel saut peut servir de plateau de d\u00e9part pour la section suivante lorsqu\u2019il est plac\u00e9 au milieu d\u2019un enchainement d\u2019obstacles.<\/p>\n<p><strong>Particularit\u00e9s de conception<\/strong><\/p>\n<ul>\n<li>Un espace de d\u00e9gagement doit \u00eatre pr\u00e9vu en cas de non-franchissement du saut (lorsque le cycliste n\u2019a pas la vitesse requise, il peut retomber vers l\u2019arri\u00e8re);<\/li>\n<li>La partie sup\u00e9rieure (zone de r\u00e9ception) doit \u00eatre visible avant de s\u2019engager sur le saut.<\/li>\n<\/ul>\n<p>[\/vc_column_text][vc_custom_heading]Step-down[\/vc_custom_heading][vc_column_text]Dans le saut de type <em>step-down<\/em> la zone de r\u00e9ception se trouve plus bas que la zone d\u2019envol. La trajectoire plus longue et la hauteur de chute plus importante que dans un saut <em>step-up<\/em> font que le saut de type <em>step-down<\/em> est plus difficile \u00e0 \u00e9valuer (vitesse n\u00e9cessaire au franchissement) et maitriser. Il doit \u00eatre am\u00e9nag\u00e9 avec soin et accompagn\u00e9 de signalisation. Il s\u2019agit d\u2019un saut de niveau avanc\u00e9.<\/p>\n<p><strong>Particularit\u00e9s de conception<\/strong><\/p>\n<p>Si vous choisissez d\u2019en int\u00e9grer un (dans un parc o\u00f9 la supervision est assur\u00e9e, par exemple), il faut\u00a0:<\/p>\n<ul>\n<li>installer la signalisation avant le step-down pour indiquer l\u2019obstacle (ex\u00a0: \u00ab\u00a0Attention!\u00a0\u00bb, \u00ab\u00a0Seuil!\u00a0\u00bb ou encore \u00ab\u00a0Obstacle aveugle!\u00a0\u00bb);<\/li>\n<li>am\u00e9nager un obstacle (ex\u00a0: un rouleau) avant le <em>step-down<\/em> pour ajuster la vitesse du cycliste (pour qu\u2019il atterrisse au bon endroit);<\/li>\n<li>am\u00e9nager la zone de r\u00e9ception en pente descendante de fa\u00e7on \u00e0 diminuer la force de l\u2019impact des pneus au sol \u00e0 l\u2019atterrissage.<\/li>\n<\/ul>\n<p>[\/vc_column_text][\/vc_column][\/vc_row][vc_row row_height_percent=\u00a0\u00bb0&Prime; override_padding=\u00a0\u00bbyes\u00a0\u00bb h_padding=\u00a0\u00bb2&Prime; top_padding=\u00a0\u00bb2&Prime; bottom_padding=\u00a0\u00bb2&Prime; overlay_alpha=\u00a0\u00bb50&Prime; gutter_size=\u00a0\u00bb3&Prime; shift_y=\u00a0\u00bb0&Prime;][vc_column column_width_use_pixel=\u00a0\u00bbyes\u00a0\u00bb overlay_alpha=\u00a0\u00bb50&Prime; gutter_size=\u00a0\u00bb2&Prime; medium_width=\u00a0\u00bb0&Prime; shift_x=\u00a0\u00bb0&Prime; shift_y=\u00a0\u00bb0&Prime; z_index=\u00a0\u00bb0&Prime; width=\u00a0\u00bb1\/1&Prime; column_width_pixel=\u00a0\u00bb800&Prime;][vc_button button_color=\u00a0\u00bbaccent\u00a0\u00bb size=\u00a0\u00bbbtn-lg\u00a0\u00bb radius=\u00a0\u00bbbtn-circle\u00a0\u00bb icon_position=\u00a0\u00bbright\u00a0\u00bb link=\u00a0\u00bburl:https%3A%2F%2Fwww.guides-sports-loisirs.ca%2Fveloparcs%2Fwp-content%2Fuploads%2Fsites%2F6%2F2017%2F03%2FGIS_VP_F14_SautsAssoci%C3%A9s_ZoneDeReception.pdf||target:%20_blank|\u00a0\u00bb icon=\u00a0\u00bbfa fa-file-o\u00a0\u00bb]Version PDF[\/vc_button][\/vc_column][\/vc_row]<\/p>\n<\/div>","protected":false},"excerpt":{"rendered":"<p>[vc_row row_height_percent=\u00a0\u00bb0&Prime; override_padding=\u00a0\u00bbyes\u00a0\u00bb h_padding=\u00a0\u00bb2&Prime; top_padding=\u00a0\u00bb2&Prime; bottom_padding=\u00a0\u00bb2&Prime; overlay_alpha=\u00a0\u00bb50&Prime; gutter_size=\u00a0\u00bb3&Prime; shift_y=\u00a0\u00bb0&Prime;][vc_column column_width_use_pixel=\u00a0\u00bbyes\u00a0\u00bb overlay_alpha=\u00a0\u00bb50&Prime; gutter_size=\u00a0\u00bb2&Prime; medium_width=\u00a0\u00bb0&Prime; shift_x=\u00a0\u00bb0&Prime; shift_y=\u00a0\u00bb0&Prime; z_index=\u00a0\u00bb0&Prime; width=\u00a0\u00bb1\/1&Prime; column_width_pixel=\u00a0\u00bb800&Prime;][vc_column_text]Selon la hauteur [&hellip;]<\/p>\n","protected":false},"author":11,"featured_media":0,"parent":977,"menu_order":0,"comment_status":"closed","ping_status":"closed","template":"","meta":{"_acf_changed":false,"footnotes":""},"class_list":["post-996","page","type-page","status-publish","hentry"],"acf":[],"yoast_head":"<!-- This site is optimized with the Yoast SEO plugin v27.4 - https:\/\/yoast.com\/product\/yoast-seo-wordpress\/ -->\n<title>Sauts associ\u00e9s aux variations de la forme de la zone de r\u00e9ception - V\u00e9loparcs<\/title>\n<meta name=\"robots\" content=\"index, follow, max-snippet:-1, max-image-preview:large, max-video-preview:-1\" \/>\n<link rel=\"canonical\" href=\"https:\/\/www.guides-sports-loisirs.ca\/veloparcs\/types-de-sauts\/sauts-associes-aux-variations-de-la-forme-de-la-zone-de-reception\/\" \/>\n<meta property=\"og:locale\" content=\"fr_FR\" \/>\n<meta property=\"og:type\" content=\"article\" \/>\n<meta property=\"og:title\" content=\"Sauts associ\u00e9s aux variations de la forme de la zone de r\u00e9ception - V\u00e9loparcs\" \/>\n<meta property=\"og:description\" content=\"[vc_row row_height_percent=\u00a0\u00bb0&Prime; override_padding=\u00a0\u00bbyes\u00a0\u00bb h_padding=\u00a0\u00bb2&Prime; top_padding=\u00a0\u00bb2&Prime; bottom_padding=\u00a0\u00bb2&Prime; overlay_alpha=\u00a0\u00bb50&Prime; gutter_size=\u00a0\u00bb3&Prime; shift_y=\u00a0\u00bb0&Prime;][vc_column column_width_use_pixel=\u00a0\u00bbyes\u00a0\u00bb overlay_alpha=\u00a0\u00bb50&Prime; gutter_size=\u00a0\u00bb2&Prime; medium_width=\u00a0\u00bb0&Prime; shift_x=\u00a0\u00bb0&Prime; shift_y=\u00a0\u00bb0&Prime; z_index=\u00a0\u00bb0&Prime; width=\u00a0\u00bb1\/1&Prime; column_width_pixel=\u00a0\u00bb800&Prime;][vc_column_text]Selon la hauteur [&hellip;]\" \/>\n<meta property=\"og:url\" content=\"https:\/\/www.guides-sports-loisirs.ca\/veloparcs\/types-de-sauts\/sauts-associes-aux-variations-de-la-forme-de-la-zone-de-reception\/\" \/>\n<meta property=\"og:site_name\" content=\"V\u00e9loparcs\" \/>\n<meta property=\"article:modified_time\" content=\"2018-10-01T20:38:09+00:00\" \/>\n<meta name=\"twitter:card\" content=\"summary_large_image\" \/>\n<meta name=\"twitter:label1\" content=\"Dur\u00e9e de lecture estim\u00e9e\" \/>\n\t<meta name=\"twitter:data1\" content=\"3 minutes\" \/>\n<script type=\"application\/ld+json\" class=\"yoast-schema-graph\">{\"@context\":\"https:\\\/\\\/schema.org\",\"@graph\":[{\"@type\":\"WebPage\",\"@id\":\"https:\\\/\\\/www.guides-sports-loisirs.ca\\\/veloparcs\\\/types-de-sauts\\\/sauts-associes-aux-variations-de-la-forme-de-la-zone-de-reception\\\/\",\"url\":\"https:\\\/\\\/www.guides-sports-loisirs.ca\\\/veloparcs\\\/types-de-sauts\\\/sauts-associes-aux-variations-de-la-forme-de-la-zone-de-reception\\\/\",\"name\":\"Sauts associ\u00e9s aux variations de la forme de la zone de r\u00e9ception - V\u00e9loparcs\",\"isPartOf\":{\"@id\":\"https:\\\/\\\/www.guides-sports-loisirs.ca\\\/veloparcs\\\/#website\"},\"datePublished\":\"2018-09-10T17:26:09+00:00\",\"dateModified\":\"2018-10-01T20:38:09+00:00\",\"breadcrumb\":{\"@id\":\"https:\\\/\\\/www.guides-sports-loisirs.ca\\\/veloparcs\\\/types-de-sauts\\\/sauts-associes-aux-variations-de-la-forme-de-la-zone-de-reception\\\/#breadcrumb\"},\"inLanguage\":\"fr-FR\",\"potentialAction\":[{\"@type\":\"ReadAction\",\"target\":[\"https:\\\/\\\/www.guides-sports-loisirs.ca\\\/veloparcs\\\/types-de-sauts\\\/sauts-associes-aux-variations-de-la-forme-de-la-zone-de-reception\\\/\"]}]},{\"@type\":\"BreadcrumbList\",\"@id\":\"https:\\\/\\\/www.guides-sports-loisirs.ca\\\/veloparcs\\\/types-de-sauts\\\/sauts-associes-aux-variations-de-la-forme-de-la-zone-de-reception\\\/#breadcrumb\",\"itemListElement\":[{\"@type\":\"ListItem\",\"position\":1,\"name\":\"Accueil\",\"item\":\"https:\\\/\\\/www.guides-sports-loisirs.ca\\\/veloparcs\\\/\"},{\"@type\":\"ListItem\",\"position\":2,\"name\":\"Les sauts\",\"item\":\"https:\\\/\\\/www.guides-sports-loisirs.ca\\\/veloparcs\\\/types-de-sauts\\\/\"},{\"@type\":\"ListItem\",\"position\":3,\"name\":\"Sauts associ\u00e9s aux variations de la forme de la zone de r\u00e9ception\"}]},{\"@type\":\"WebSite\",\"@id\":\"https:\\\/\\\/www.guides-sports-loisirs.ca\\\/veloparcs\\\/#website\",\"url\":\"https:\\\/\\\/www.guides-sports-loisirs.ca\\\/veloparcs\\\/\",\"name\":\"V\u00e9loparcs\",\"description\":\"V\u00e9loparcs\",\"potentialAction\":[{\"@type\":\"SearchAction\",\"target\":{\"@type\":\"EntryPoint\",\"urlTemplate\":\"https:\\\/\\\/www.guides-sports-loisirs.ca\\\/veloparcs\\\/?s={search_term_string}\"},\"query-input\":{\"@type\":\"PropertyValueSpecification\",\"valueRequired\":true,\"valueName\":\"search_term_string\"}}],\"inLanguage\":\"fr-FR\"}]}<\/script>\n<!-- \/ Yoast SEO plugin. -->","yoast_head_json":{"title":"Sauts associ\u00e9s aux variations de la forme de la zone de r\u00e9ception - V\u00e9loparcs","robots":{"index":"index","follow":"follow","max-snippet":"max-snippet:-1","max-image-preview":"max-image-preview:large","max-video-preview":"max-video-preview:-1"},"canonical":"https:\/\/www.guides-sports-loisirs.ca\/veloparcs\/types-de-sauts\/sauts-associes-aux-variations-de-la-forme-de-la-zone-de-reception\/","og_locale":"fr_FR","og_type":"article","og_title":"Sauts associ\u00e9s aux variations de la forme de la zone de r\u00e9ception - V\u00e9loparcs","og_description":"[vc_row row_height_percent=\u00a0\u00bb0&Prime; override_padding=\u00a0\u00bbyes\u00a0\u00bb h_padding=\u00a0\u00bb2&Prime; top_padding=\u00a0\u00bb2&Prime; bottom_padding=\u00a0\u00bb2&Prime; overlay_alpha=\u00a0\u00bb50&Prime; gutter_size=\u00a0\u00bb3&Prime; shift_y=\u00a0\u00bb0&Prime;][vc_column column_width_use_pixel=\u00a0\u00bbyes\u00a0\u00bb overlay_alpha=\u00a0\u00bb50&Prime; gutter_size=\u00a0\u00bb2&Prime; medium_width=\u00a0\u00bb0&Prime; shift_x=\u00a0\u00bb0&Prime; shift_y=\u00a0\u00bb0&Prime; z_index=\u00a0\u00bb0&Prime; width=\u00a0\u00bb1\/1&Prime; column_width_pixel=\u00a0\u00bb800&Prime;][vc_column_text]Selon la hauteur [&hellip;]","og_url":"https:\/\/www.guides-sports-loisirs.ca\/veloparcs\/types-de-sauts\/sauts-associes-aux-variations-de-la-forme-de-la-zone-de-reception\/","og_site_name":"V\u00e9loparcs","article_modified_time":"2018-10-01T20:38:09+00:00","twitter_card":"summary_large_image","twitter_misc":{"Dur\u00e9e de lecture estim\u00e9e":"3 minutes"},"schema":{"@context":"https:\/\/schema.org","@graph":[{"@type":"WebPage","@id":"https:\/\/www.guides-sports-loisirs.ca\/veloparcs\/types-de-sauts\/sauts-associes-aux-variations-de-la-forme-de-la-zone-de-reception\/","url":"https:\/\/www.guides-sports-loisirs.ca\/veloparcs\/types-de-sauts\/sauts-associes-aux-variations-de-la-forme-de-la-zone-de-reception\/","name":"Sauts associ\u00e9s aux variations de la forme de la zone de r\u00e9ception - V\u00e9loparcs","isPartOf":{"@id":"https:\/\/www.guides-sports-loisirs.ca\/veloparcs\/#website"},"datePublished":"2018-09-10T17:26:09+00:00","dateModified":"2018-10-01T20:38:09+00:00","breadcrumb":{"@id":"https:\/\/www.guides-sports-loisirs.ca\/veloparcs\/types-de-sauts\/sauts-associes-aux-variations-de-la-forme-de-la-zone-de-reception\/#breadcrumb"},"inLanguage":"fr-FR","potentialAction":[{"@type":"ReadAction","target":["https:\/\/www.guides-sports-loisirs.ca\/veloparcs\/types-de-sauts\/sauts-associes-aux-variations-de-la-forme-de-la-zone-de-reception\/"]}]},{"@type":"BreadcrumbList","@id":"https:\/\/www.guides-sports-loisirs.ca\/veloparcs\/types-de-sauts\/sauts-associes-aux-variations-de-la-forme-de-la-zone-de-reception\/#breadcrumb","itemListElement":[{"@type":"ListItem","position":1,"name":"Accueil","item":"https:\/\/www.guides-sports-loisirs.ca\/veloparcs\/"},{"@type":"ListItem","position":2,"name":"Les sauts","item":"https:\/\/www.guides-sports-loisirs.ca\/veloparcs\/types-de-sauts\/"},{"@type":"ListItem","position":3,"name":"Sauts associ\u00e9s aux variations de la forme de la zone de r\u00e9ception"}]},{"@type":"WebSite","@id":"https:\/\/www.guides-sports-loisirs.ca\/veloparcs\/#website","url":"https:\/\/www.guides-sports-loisirs.ca\/veloparcs\/","name":"V\u00e9loparcs","description":"V\u00e9loparcs","potentialAction":[{"@type":"SearchAction","target":{"@type":"EntryPoint","urlTemplate":"https:\/\/www.guides-sports-loisirs.ca\/veloparcs\/?s={search_term_string}"},"query-input":{"@type":"PropertyValueSpecification","valueRequired":true,"valueName":"search_term_string"}}],"inLanguage":"fr-FR"}]}},"_links":{"self":[{"href":"https:\/\/www.guides-sports-loisirs.ca\/veloparcs\/wp-json\/wp\/v2\/pages\/996","targetHints":{"allow":["GET"]}}],"collection":[{"href":"https:\/\/www.guides-sports-loisirs.ca\/veloparcs\/wp-json\/wp\/v2\/pages"}],"about":[{"href":"https:\/\/www.guides-sports-loisirs.ca\/veloparcs\/wp-json\/wp\/v2\/types\/page"}],"author":[{"embeddable":true,"href":"https:\/\/www.guides-sports-loisirs.ca\/veloparcs\/wp-json\/wp\/v2\/users\/11"}],"replies":[{"embeddable":true,"href":"https:\/\/www.guides-sports-loisirs.ca\/veloparcs\/wp-json\/wp\/v2\/comments?post=996"}],"version-history":[{"count":8,"href":"https:\/\/www.guides-sports-loisirs.ca\/veloparcs\/wp-json\/wp\/v2\/pages\/996\/revisions"}],"predecessor-version":[{"id":1590,"href":"https:\/\/www.guides-sports-loisirs.ca\/veloparcs\/wp-json\/wp\/v2\/pages\/996\/revisions\/1590"}],"up":[{"embeddable":true,"href":"https:\/\/www.guides-sports-loisirs.ca\/veloparcs\/wp-json\/wp\/v2\/pages\/977"}],"wp:attachment":[{"href":"https:\/\/www.guides-sports-loisirs.ca\/veloparcs\/wp-json\/wp\/v2\/media?parent=996"}],"curies":[{"name":"wp","href":"https:\/\/api.w.org\/{rel}","templated":true}]}}