{"id":918,"date":"2018-09-06T15:08:26","date_gmt":"2018-09-06T19:08:26","guid":{"rendered":"https:\/\/www.guides-sports-loisirs.ca\/veloparcs\/?page_id=918"},"modified":"2018-10-02T09:36:41","modified_gmt":"2018-10-02T13:36:41","slug":"description","status":"publish","type":"page","link":"https:\/\/www.guides-sports-loisirs.ca\/veloparcs\/les-parcours-de-sauts-et-de-slopestyle\/description\/","title":{"rendered":"Parcours de sauts et de slopestyle : description"},"content":{"rendered":"<div class=\"wpb-content-wrapper\"><p>[vc_row row_height_percent=\u00a0\u00bb0&Prime; override_padding=\u00a0\u00bbyes\u00a0\u00bb h_padding=\u00a0\u00bb2&Prime; top_padding=\u00a0\u00bb2&Prime; bottom_padding=\u00a0\u00bb2&Prime; overlay_alpha=\u00a0\u00bb50&Prime; gutter_size=\u00a0\u00bb3&Prime; shift_y=\u00a0\u00bb0&Prime;][vc_column column_width_use_pixel=\u00a0\u00bbyes\u00a0\u00bb overlay_alpha=\u00a0\u00bb50&Prime; gutter_size=\u00a0\u00bb2&Prime; medium_width=\u00a0\u00bb0&Prime; shift_x=\u00a0\u00bb0&Prime; shift_y=\u00a0\u00bb0&Prime; z_index=\u00a0\u00bb0&Prime; width=\u00a0\u00bb1\/1&Prime; column_width_pixel=\u00a0\u00bb800&Prime;][vc_column_text border_color=\u00a0\u00bbtransparent\u00a0\u00bb border_style=\u00a0\u00bbsolid\u00a0\u00bb]Un parcours de sauts (parfois appel\u00e9 <em>dirt jumps, dirt<\/em> ou <em>dirt track<\/em>) est constitu\u00e9 de plusieurs sauts successifs, con\u00e7us pour \u00eatre encha\u00een\u00e9s les uns \u00e0 la suite des autres.<\/p>\n<p>La hauteur d\u2019envol variera selon la forme des sauts et la pente du parcours (donc la vitesse de l\u2019usager). L\u2019envol permet la r\u00e9alisation de figures acrobatiques dont la complexit\u00e9 augmente avec la hauteur et la vitesse atteintes.<\/p>\n<p>Le <em>slopestyle<\/em> est semblable au parcours de sauts, mais la diff\u00e9rence r\u00e9side dans le fait qu\u2019il int\u00e8gre des \u00e9l\u00e9ments construits (de bois, d\u2019acier ou de b\u00e9ton) qui offrent des variations aux sauts traditionnels. Le franchissement des obstacles r\u00e9sulte aussi en une p\u00e9riode de survol, suivi d\u2019un atterrissage. Il existe des modules pr\u00e9fabriqu\u00e9s (<em>wallrides<\/em>, poutres, passerelles, balan\u00e7oires, sauts) qui ont une g\u00e9om\u00e9trie optimale et qui proposent une exp\u00e9rience pr\u00e9visible et constante (puisque les formes ne se modifient pas avec le temps). De plus, ils ont \u00e9t\u00e9 approuv\u00e9s par des ing\u00e9nieurs lors de la conception et la construction, ils peuvent ainsi \u00eatre assur\u00e9s plus facilement. Ces structures sont le plus souvent fabriqu\u00e9es d\u2019acier ou de b\u00e9ton, et leur surface de roulement est en bois trait\u00e9 ou en b\u00e9ton. Lors du choix des modules, il faut faire attention \u00e0 ce qu\u2019ils conviennent aux caract\u00e9ristiques (largeur, angle des zones d\u2019envol des sauts, trajectoire r\u00e9sultante) des parcours dans lesquels ils sont int\u00e9gr\u00e9s, selon le niveau de difficult\u00e9 du parcours.<\/p>\n<p>Alors que les parcours de sauts traditionnels offrent une trajectoire rectiligne, les parcours modernes ont tendance \u00e0 int\u00e9grer des courbes et des sauts. Les parcours de <em>slopestyle<\/em> sont une \u00e9volution de ces types d\u2019\u00e9quipements; des modules de bois sont ajout\u00e9s pour diversifier l\u2019exp\u00e9rience. Les parcours sont divis\u00e9s selon leur niveau de difficult\u00e9, et la signalisation y est cruciale.[\/vc_column_text][vc_column_text border_color=\u00a0\u00bbcolor-193714&Prime; border_style=\u00a0\u00bbsolid\u00a0\u00bb css=\u00a0\u00bb.vc_custom_1538075423340{border-top-width: 10px !important;border-right-width: 10px !important;border-bottom-width: 10px !important;border-left-width: 10px !important;padding-top: 10px !important;padding-right: 10px !important;padding-bottom: 10px !important;padding-left: 10px !important;}\u00a0\u00bb]<\/p>\n<h3 style=\"text-align: center;\"><span style=\"color: #0000ff;\"><strong>ATTENTION : Recourir aux services d\u2019un professionnel en am\u00e9nagement pour la planification et la construction de ce type d\u2019\u00e9quipements pour s\u2019assurer de la qualit\u00e9 et de la s\u00e9curit\u00e9. Les parcours de sauts et de <em>slopestyle<\/em> doivent \u00eatre inspect\u00e9s r\u00e9guli\u00e8rement. Il est \u00e9galement recommand\u00e9 d\u2019avoir une ressource sur place pour faire l\u2019entretien et la formation (port du casque, conseils techniques, etc.). Se r\u00e9f\u00e9rer aux sections sur la gestion des risques (voir la section sur la surveillance) et l\u2019entretien.<br \/>\n<\/strong><\/span><\/h3>\n<p>[\/vc_column_text][vc_custom_heading]Superficie[\/vc_custom_heading][vc_column_text border_color=\u00a0\u00bbtransparent\u00a0\u00bb border_style=\u00a0\u00bbsolid\u00a0\u00bb]Le terrain doit avoir une superficie minimale de 1\u00a0200 \u00e0 1\u00a0500\u00a0m2 pour un parcours de sauts et de 2000\u00a0m2 pour un parcours de <em>slopestyle<\/em>. Un parcours de sauts de plus petite superficie aura un int\u00e9r\u00eat limit\u00e9. Il est recommand\u00e9 de doubler ces superficies pour maintenir l\u2019int\u00e9r\u00eat des cyclistes \u00e0 long terme.[\/vc_column_text][vc_single_image media=\u00a0\u00bb922&Prime; media_width_percent=\u00a0\u00bb100&Prime;][vc_column_text border_color=\u00a0\u00bbtransparent\u00a0\u00bb border_style=\u00a0\u00bbsolid\u00a0\u00bb]<strong>Exemple de parcours de sauts<br \/>\n<\/strong><em>Denver Bike Park &#8211; Marc Jolicoeur<\/em>[\/vc_column_text][vc_column_text border_color=\u00a0\u00bbtransparent\u00a0\u00bb border_style=\u00a0\u00bbsolid\u00a0\u00bb]L\u2019utilisation du gazon sur les abords du parcours de <em>slopestyle<\/em> sert \u00e0 la fois \u00e0 prot\u00e9ger les cyclistes en cas de chute, \u00e0 retenir le mat\u00e9riel en place (minimise l\u2019\u00e9rosion due \u00e0 l\u2019\u00e9coulement d\u2019eau) et \u00e0 augmenter la lisibilit\u00e9 du parcours.[\/vc_column_text][vc_single_image media=\u00a0\u00bb923&Prime; media_width_percent=\u00a0\u00bb100&Prime;][vc_column_text border_color=\u00a0\u00bbtransparent\u00a0\u00bb border_style=\u00a0\u00bbsolid\u00a0\u00bb]<strong>Exemple de parcours slopestyle<\/strong><br \/>\n<em>Valmont Bike Park, Boulder, Colorado \u2013 Marc Jolicoeur<\/em>[\/vc_column_text][\/vc_column][\/vc_row][vc_row row_height_percent=\u00a0\u00bb0&Prime; override_padding=\u00a0\u00bbyes\u00a0\u00bb h_padding=\u00a0\u00bb2&Prime; top_padding=\u00a0\u00bb2&Prime; bottom_padding=\u00a0\u00bb2&Prime; overlay_alpha=\u00a0\u00bb50&Prime; gutter_size=\u00a0\u00bb3&Prime; shift_y=\u00a0\u00bb0&Prime;][vc_column column_width_use_pixel=\u00a0\u00bbyes\u00a0\u00bb overlay_alpha=\u00a0\u00bb50&Prime; gutter_size=\u00a0\u00bb2&Prime; medium_width=\u00a0\u00bb0&Prime; shift_x=\u00a0\u00bb0&Prime; shift_y=\u00a0\u00bb0&Prime; z_index=\u00a0\u00bb0&Prime; width=\u00a0\u00bb1\/1&Prime; column_width_pixel=\u00a0\u00bb800&Prime;][vc_button button_color=\u00a0\u00bbaccent\u00a0\u00bb size=\u00a0\u00bbbtn-lg\u00a0\u00bb radius=\u00a0\u00bbbtn-circle\u00a0\u00bb icon_position=\u00a0\u00bbright\u00a0\u00bb link=\u00a0\u00bburl:https%3A%2F%2Fwww.guides-sports-loisirs.ca%2Fveloparcs%2Fwp-content%2Fuploads%2Fsites%2F6%2F2017%2F03%2FGIS_VP_F18_SautsEtSlopestyleDescription.pdf||target:%20_blank|\u00a0\u00bb icon=\u00a0\u00bbfa fa-file-o\u00a0\u00bb]Version PDF[\/vc_button][\/vc_column][\/vc_row]<\/p>\n<\/div>","protected":false},"excerpt":{"rendered":"<p>[vc_row row_height_percent=\u00a0\u00bb0&Prime; override_padding=\u00a0\u00bbyes\u00a0\u00bb h_padding=\u00a0\u00bb2&Prime; top_padding=\u00a0\u00bb2&Prime; bottom_padding=\u00a0\u00bb2&Prime; overlay_alpha=\u00a0\u00bb50&Prime; gutter_size=\u00a0\u00bb3&Prime; shift_y=\u00a0\u00bb0&Prime;][vc_column column_width_use_pixel=\u00a0\u00bbyes\u00a0\u00bb overlay_alpha=\u00a0\u00bb50&Prime; gutter_size=\u00a0\u00bb2&Prime; medium_width=\u00a0\u00bb0&Prime; shift_x=\u00a0\u00bb0&Prime; shift_y=\u00a0\u00bb0&Prime; z_index=\u00a0\u00bb0&Prime; width=\u00a0\u00bb1\/1&Prime; column_width_pixel=\u00a0\u00bb800&Prime;][vc_column_text border_color=\u00a0\u00bbtransparent\u00a0\u00bb border_style=\u00a0\u00bbsolid\u00a0\u00bb]Un [&hellip;]<\/p>\n","protected":false},"author":11,"featured_media":0,"parent":914,"menu_order":0,"comment_status":"closed","ping_status":"closed","template":"","meta":{"_acf_changed":false,"footnotes":""},"class_list":["post-918","page","type-page","status-publish","hentry"],"acf":[],"yoast_head":"<!-- This site is optimized with the Yoast SEO plugin v27.4 - https:\/\/yoast.com\/product\/yoast-seo-wordpress\/ -->\n<title>Parcours de sauts et de slopestyle : description - V\u00e9loparcs<\/title>\n<meta name=\"robots\" content=\"index, follow, max-snippet:-1, max-image-preview:large, max-video-preview:-1\" \/>\n<link rel=\"canonical\" href=\"https:\/\/www.guides-sports-loisirs.ca\/veloparcs\/les-parcours-de-sauts-et-de-slopestyle\/description\/\" \/>\n<meta property=\"og:locale\" content=\"fr_FR\" \/>\n<meta property=\"og:type\" content=\"article\" \/>\n<meta property=\"og:title\" content=\"Parcours de sauts et de slopestyle : description - V\u00e9loparcs\" \/>\n<meta property=\"og:description\" content=\"[vc_row row_height_percent=\u00a0\u00bb0&Prime; override_padding=\u00a0\u00bbyes\u00a0\u00bb h_padding=\u00a0\u00bb2&Prime; top_padding=\u00a0\u00bb2&Prime; bottom_padding=\u00a0\u00bb2&Prime; overlay_alpha=\u00a0\u00bb50&Prime; gutter_size=\u00a0\u00bb3&Prime; shift_y=\u00a0\u00bb0&Prime;][vc_column column_width_use_pixel=\u00a0\u00bbyes\u00a0\u00bb overlay_alpha=\u00a0\u00bb50&Prime; gutter_size=\u00a0\u00bb2&Prime; medium_width=\u00a0\u00bb0&Prime; shift_x=\u00a0\u00bb0&Prime; shift_y=\u00a0\u00bb0&Prime; z_index=\u00a0\u00bb0&Prime; width=\u00a0\u00bb1\/1&Prime; column_width_pixel=\u00a0\u00bb800&Prime;][vc_column_text border_color=\u00a0\u00bbtransparent\u00a0\u00bb border_style=\u00a0\u00bbsolid\u00a0\u00bb]Un [&hellip;]\" \/>\n<meta property=\"og:url\" content=\"https:\/\/www.guides-sports-loisirs.ca\/veloparcs\/les-parcours-de-sauts-et-de-slopestyle\/description\/\" \/>\n<meta property=\"og:site_name\" content=\"V\u00e9loparcs\" \/>\n<meta property=\"article:modified_time\" content=\"2018-10-02T13:36:41+00:00\" \/>\n<meta name=\"twitter:card\" content=\"summary_large_image\" \/>\n<meta name=\"twitter:label1\" content=\"Dur\u00e9e de lecture estim\u00e9e\" \/>\n\t<meta name=\"twitter:data1\" content=\"4 minutes\" \/>\n<script type=\"application\/ld+json\" class=\"yoast-schema-graph\">{\"@context\":\"https:\\\/\\\/schema.org\",\"@graph\":[{\"@type\":\"WebPage\",\"@id\":\"https:\\\/\\\/www.guides-sports-loisirs.ca\\\/veloparcs\\\/les-parcours-de-sauts-et-de-slopestyle\\\/description\\\/\",\"url\":\"https:\\\/\\\/www.guides-sports-loisirs.ca\\\/veloparcs\\\/les-parcours-de-sauts-et-de-slopestyle\\\/description\\\/\",\"name\":\"Parcours de sauts et de slopestyle : description - V\u00e9loparcs\",\"isPartOf\":{\"@id\":\"https:\\\/\\\/www.guides-sports-loisirs.ca\\\/veloparcs\\\/#website\"},\"datePublished\":\"2018-09-06T19:08:26+00:00\",\"dateModified\":\"2018-10-02T13:36:41+00:00\",\"breadcrumb\":{\"@id\":\"https:\\\/\\\/www.guides-sports-loisirs.ca\\\/veloparcs\\\/les-parcours-de-sauts-et-de-slopestyle\\\/description\\\/#breadcrumb\"},\"inLanguage\":\"fr-FR\",\"potentialAction\":[{\"@type\":\"ReadAction\",\"target\":[\"https:\\\/\\\/www.guides-sports-loisirs.ca\\\/veloparcs\\\/les-parcours-de-sauts-et-de-slopestyle\\\/description\\\/\"]}]},{\"@type\":\"BreadcrumbList\",\"@id\":\"https:\\\/\\\/www.guides-sports-loisirs.ca\\\/veloparcs\\\/les-parcours-de-sauts-et-de-slopestyle\\\/description\\\/#breadcrumb\",\"itemListElement\":[{\"@type\":\"ListItem\",\"position\":1,\"name\":\"Accueil\",\"item\":\"https:\\\/\\\/www.guides-sports-loisirs.ca\\\/veloparcs\\\/\"},{\"@type\":\"ListItem\",\"position\":2,\"name\":\"Les parcours de sauts et de slopestyle\",\"item\":\"https:\\\/\\\/www.guides-sports-loisirs.ca\\\/veloparcs\\\/les-parcours-de-sauts-et-de-slopestyle\\\/\"},{\"@type\":\"ListItem\",\"position\":3,\"name\":\"Parcours de sauts et de slopestyle : description\"}]},{\"@type\":\"WebSite\",\"@id\":\"https:\\\/\\\/www.guides-sports-loisirs.ca\\\/veloparcs\\\/#website\",\"url\":\"https:\\\/\\\/www.guides-sports-loisirs.ca\\\/veloparcs\\\/\",\"name\":\"V\u00e9loparcs\",\"description\":\"V\u00e9loparcs\",\"potentialAction\":[{\"@type\":\"SearchAction\",\"target\":{\"@type\":\"EntryPoint\",\"urlTemplate\":\"https:\\\/\\\/www.guides-sports-loisirs.ca\\\/veloparcs\\\/?s={search_term_string}\"},\"query-input\":{\"@type\":\"PropertyValueSpecification\",\"valueRequired\":true,\"valueName\":\"search_term_string\"}}],\"inLanguage\":\"fr-FR\"}]}<\/script>\n<!-- \/ Yoast SEO plugin. -->","yoast_head_json":{"title":"Parcours de sauts et de slopestyle : description - V\u00e9loparcs","robots":{"index":"index","follow":"follow","max-snippet":"max-snippet:-1","max-image-preview":"max-image-preview:large","max-video-preview":"max-video-preview:-1"},"canonical":"https:\/\/www.guides-sports-loisirs.ca\/veloparcs\/les-parcours-de-sauts-et-de-slopestyle\/description\/","og_locale":"fr_FR","og_type":"article","og_title":"Parcours de sauts et de slopestyle : description - V\u00e9loparcs","og_description":"[vc_row row_height_percent=\u00a0\u00bb0&Prime; override_padding=\u00a0\u00bbyes\u00a0\u00bb h_padding=\u00a0\u00bb2&Prime; top_padding=\u00a0\u00bb2&Prime; bottom_padding=\u00a0\u00bb2&Prime; overlay_alpha=\u00a0\u00bb50&Prime; gutter_size=\u00a0\u00bb3&Prime; shift_y=\u00a0\u00bb0&Prime;][vc_column column_width_use_pixel=\u00a0\u00bbyes\u00a0\u00bb overlay_alpha=\u00a0\u00bb50&Prime; gutter_size=\u00a0\u00bb2&Prime; medium_width=\u00a0\u00bb0&Prime; shift_x=\u00a0\u00bb0&Prime; shift_y=\u00a0\u00bb0&Prime; z_index=\u00a0\u00bb0&Prime; width=\u00a0\u00bb1\/1&Prime; column_width_pixel=\u00a0\u00bb800&Prime;][vc_column_text border_color=\u00a0\u00bbtransparent\u00a0\u00bb border_style=\u00a0\u00bbsolid\u00a0\u00bb]Un [&hellip;]","og_url":"https:\/\/www.guides-sports-loisirs.ca\/veloparcs\/les-parcours-de-sauts-et-de-slopestyle\/description\/","og_site_name":"V\u00e9loparcs","article_modified_time":"2018-10-02T13:36:41+00:00","twitter_card":"summary_large_image","twitter_misc":{"Dur\u00e9e de lecture estim\u00e9e":"4 minutes"},"schema":{"@context":"https:\/\/schema.org","@graph":[{"@type":"WebPage","@id":"https:\/\/www.guides-sports-loisirs.ca\/veloparcs\/les-parcours-de-sauts-et-de-slopestyle\/description\/","url":"https:\/\/www.guides-sports-loisirs.ca\/veloparcs\/les-parcours-de-sauts-et-de-slopestyle\/description\/","name":"Parcours de sauts et de slopestyle : description - V\u00e9loparcs","isPartOf":{"@id":"https:\/\/www.guides-sports-loisirs.ca\/veloparcs\/#website"},"datePublished":"2018-09-06T19:08:26+00:00","dateModified":"2018-10-02T13:36:41+00:00","breadcrumb":{"@id":"https:\/\/www.guides-sports-loisirs.ca\/veloparcs\/les-parcours-de-sauts-et-de-slopestyle\/description\/#breadcrumb"},"inLanguage":"fr-FR","potentialAction":[{"@type":"ReadAction","target":["https:\/\/www.guides-sports-loisirs.ca\/veloparcs\/les-parcours-de-sauts-et-de-slopestyle\/description\/"]}]},{"@type":"BreadcrumbList","@id":"https:\/\/www.guides-sports-loisirs.ca\/veloparcs\/les-parcours-de-sauts-et-de-slopestyle\/description\/#breadcrumb","itemListElement":[{"@type":"ListItem","position":1,"name":"Accueil","item":"https:\/\/www.guides-sports-loisirs.ca\/veloparcs\/"},{"@type":"ListItem","position":2,"name":"Les parcours de sauts et de slopestyle","item":"https:\/\/www.guides-sports-loisirs.ca\/veloparcs\/les-parcours-de-sauts-et-de-slopestyle\/"},{"@type":"ListItem","position":3,"name":"Parcours de sauts et de slopestyle : description"}]},{"@type":"WebSite","@id":"https:\/\/www.guides-sports-loisirs.ca\/veloparcs\/#website","url":"https:\/\/www.guides-sports-loisirs.ca\/veloparcs\/","name":"V\u00e9loparcs","description":"V\u00e9loparcs","potentialAction":[{"@type":"SearchAction","target":{"@type":"EntryPoint","urlTemplate":"https:\/\/www.guides-sports-loisirs.ca\/veloparcs\/?s={search_term_string}"},"query-input":{"@type":"PropertyValueSpecification","valueRequired":true,"valueName":"search_term_string"}}],"inLanguage":"fr-FR"}]}},"_links":{"self":[{"href":"https:\/\/www.guides-sports-loisirs.ca\/veloparcs\/wp-json\/wp\/v2\/pages\/918","targetHints":{"allow":["GET"]}}],"collection":[{"href":"https:\/\/www.guides-sports-loisirs.ca\/veloparcs\/wp-json\/wp\/v2\/pages"}],"about":[{"href":"https:\/\/www.guides-sports-loisirs.ca\/veloparcs\/wp-json\/wp\/v2\/types\/page"}],"author":[{"embeddable":true,"href":"https:\/\/www.guides-sports-loisirs.ca\/veloparcs\/wp-json\/wp\/v2\/users\/11"}],"replies":[{"embeddable":true,"href":"https:\/\/www.guides-sports-loisirs.ca\/veloparcs\/wp-json\/wp\/v2\/comments?post=918"}],"version-history":[{"count":8,"href":"https:\/\/www.guides-sports-loisirs.ca\/veloparcs\/wp-json\/wp\/v2\/pages\/918\/revisions"}],"predecessor-version":[{"id":1616,"href":"https:\/\/www.guides-sports-loisirs.ca\/veloparcs\/wp-json\/wp\/v2\/pages\/918\/revisions\/1616"}],"up":[{"embeddable":true,"href":"https:\/\/www.guides-sports-loisirs.ca\/veloparcs\/wp-json\/wp\/v2\/pages\/914"}],"wp:attachment":[{"href":"https:\/\/www.guides-sports-loisirs.ca\/veloparcs\/wp-json\/wp\/v2\/media?parent=918"}],"curies":[{"name":"wp","href":"https:\/\/api.w.org\/{rel}","templated":true}]}}