{"id":2,"date":"2017-03-31T21:44:43","date_gmt":"2017-03-31T19:44:43","guid":{"rendered":"https:\/\/www.guides-sports-loisirs.ca\/veloparcs\/?page_id=2"},"modified":"2018-10-02T12:06:15","modified_gmt":"2018-10-02T16:06:15","slug":"terrain-de-balle","status":"publish","type":"page","link":"https:\/\/www.guides-sports-loisirs.ca\/veloparcs\/","title":{"rendered":"V\u00e9loparcs"},"content":{"rendered":"<div class=\"wpb-content-wrapper\"><p>[vc_row row_height_percent=\u00a0\u00bb0&Prime; override_padding=\u00a0\u00bbyes\u00a0\u00bb h_padding=\u00a0\u00bb2&Prime; top_padding=\u00a0\u00bb4&Prime; bottom_padding=\u00a0\u00bb4&Prime; overlay_alpha=\u00a0\u00bb50&Prime; gutter_size=\u00a0\u00bb3&Prime; shift_y=\u00a0\u00bb0&Prime;][vc_column column_width_percent=\u00a0\u00bb100&Prime; align_horizontal=\u00a0\u00bbalign_center\u00a0\u00bb overlay_alpha=\u00a0\u00bb50&Prime; gutter_size=\u00a0\u00bb3&Prime; medium_width=\u00a0\u00bb0&Prime; shift_x=\u00a0\u00bb0&Prime; shift_y=\u00a0\u00bb0&Prime; z_index=\u00a0\u00bb0&Prime; width=\u00a0\u00bb1\/1&Prime;][vc_custom_heading text_weight=\u00a0\u00bb600&Prime; text_transform=\u00a0\u00bbuppercase\u00a0\u00bb text_color=\u00a0\u00bbcolor-vyce\u00a0\u00bb]GUIDE D&rsquo;AM\u00c9NAGEMENT ET D&rsquo;EXPLOITATION DES V\u00c9LOPARCS[\/vc_custom_heading][vc_column_text]Les concepts de v\u00e9loparc, de zone d\u2019habilet\u00e9s et de pumptrack pr\u00e9sent\u00e9s dans ce guide sont relativement r\u00e9cents. Ces am\u00e9nagements regroupent dans une zone restreinte les difficult\u00e9s techniques rencontr\u00e9es dans les sentiers de v\u00e9lo de montagne. Les habilet\u00e9s acquises sur les modules par les futurs utilisateurs de sentiers dans une atmosph\u00e8re de plaisir, d\u2019apprentissage progressif et de d\u00e9passement personnel enrichiront leur exp\u00e9rience en sentiers et feront d\u2019eux des amoureux du v\u00e9lo pour la vie.<\/p>\n<p><strong>Qu&rsquo;est-ce qu&rsquo;un v\u00e9loparc?\u00a0<\/strong><br \/>\nUn ve\u0301loparc offre, sur un terrain compact, des obstacles visant a\u0300 d\u00e9velopper les habilet\u00e9s cyclistes dans un cadre ludique ou a\u0300 effectuer des figures a\u0300 v\u00e9lo, a\u0300 la mani\u00e8re des usagers des parcs de planche a\u0300 roulettes.<\/p>\n<p>Les v\u00e9loparcs peuvent donc \u00eatre consid\u00e9r\u00e9s par la municipalit\u00e9 comme l\u2019\u00e9quivalent v\u00e9lo des parcs de planche \u00e0 roulettes, en cela qu\u2019ils sont facilement accessibles et qu\u2019ils proposent une infrastructure s\u00e9curitaire pour la pratique d\u2019une activit\u00e9 physique saine dans un milieu s\u00e9curitaire.[\/vc_column_text][\/vc_column][\/vc_row][vc_row unlock_row_content=\u00a0\u00bbyes\u00a0\u00bb row_height_percent=\u00a0\u00bb0&Prime; override_padding=\u00a0\u00bbyes\u00a0\u00bb h_padding=\u00a0\u00bb0&Prime; top_padding=\u00a0\u00bb0&Prime; bottom_padding=\u00a0\u00bb0&Prime; overlay_alpha=\u00a0\u00bb50&Prime; gutter_size=\u00a0\u00bb0&Prime; shift_y=\u00a0\u00bb0&Prime;][vc_column column_width_percent=\u00a0\u00bb100&Prime; position_vertical=\u00a0\u00bbmiddle\u00a0\u00bb align_horizontal=\u00a0\u00bbalign_center\u00a0\u00bb override_padding=\u00a0\u00bbyes\u00a0\u00bb column_padding=\u00a0\u00bb0&Prime; style=\u00a0\u00bbdark\u00a0\u00bb overlay_alpha=\u00a0\u00bb50&Prime; gutter_size=\u00a0\u00bb0&Prime; medium_width=\u00a0\u00bb0&Prime; shift_x=\u00a0\u00bb0&Prime; shift_y=\u00a0\u00bb0&Prime; z_index=\u00a0\u00bb0&Prime; width=\u00a0\u00bb1\/1&Prime;][uncode_block id=\u00a0\u00bb34&Prime; inside_column=\u00a0\u00bbyes\u00a0\u00bb][\/vc_column][\/vc_row][vc_row row_height_percent=\u00a0\u00bb0&Prime; override_padding=\u00a0\u00bbyes\u00a0\u00bb h_padding=\u00a0\u00bb2&Prime; top_padding=\u00a0\u00bb3&Prime; bottom_padding=\u00a0\u00bb3&Prime; overlay_alpha=\u00a0\u00bb50&Prime; gutter_size=\u00a0\u00bb3&Prime; shift_y=\u00a0\u00bb0&Prime;][vc_column column_width_use_pixel=\u00a0\u00bbyes\u00a0\u00bb align_horizontal=\u00a0\u00bbalign_center\u00a0\u00bb overlay_alpha=\u00a0\u00bb50&Prime; gutter_size=\u00a0\u00bb3&Prime; medium_width=\u00a0\u00bb0&Prime; shift_x=\u00a0\u00bb0&Prime; shift_y=\u00a0\u00bb0&Prime; z_index=\u00a0\u00bb0&Prime; width=\u00a0\u00bb1\/1&Prime; column_width_pixel=\u00a0\u00bb740&Prime;][vc_custom_heading text_weight=\u00a0\u00bb600&Prime; text_transform=\u00a0\u00bbuppercase\u00a0\u00bb text_color=\u00a0\u00bbcolor-vyce\u00a0\u00bb]<a href=\"https:\/\/www.guides-sports-loisirs.ca\/veloparcs\/wp-content\/uploads\/sites\/6\/2017\/03\/GIS_Lexique-1.pdf\" target=\"_blank\" rel=\"noopener\">LEXIQUE<\/a>[\/vc_custom_heading][\/vc_column][\/vc_row][vc_row row_height_percent=\u00a0\u00bb0&Prime; override_padding=\u00a0\u00bbyes\u00a0\u00bb h_padding=\u00a0\u00bb2&Prime; top_padding=\u00a0\u00bb3&Prime; bottom_padding=\u00a0\u00bb3&Prime; back_color=\u00a0\u00bbcolor-148962&Prime; overlay_alpha=\u00a0\u00bb50&Prime; gutter_size=\u00a0\u00bb3&Prime; shift_y=\u00a0\u00bb0&Prime;][vc_column column_width_use_pixel=\u00a0\u00bbyes\u00a0\u00bb overlay_alpha=\u00a0\u00bb50&Prime; gutter_size=\u00a0\u00bb3&Prime; medium_width=\u00a0\u00bb0&Prime; shift_x=\u00a0\u00bb0&Prime; shift_y=\u00a0\u00bb0&Prime; z_index=\u00a0\u00bb0&Prime; width=\u00a0\u00bb1\/3&Prime;][vc_column_text el_class=\u00a0\u00bbtypo14px lexique\u00a0\u00bb]<\/p>\n<h5><strong><em>A-Frame<\/em> <\/strong><\/h5>\n<p>Voir Pyramide<\/p>\n<h5><strong>Balan\u00e7oire<\/strong><\/h5>\n<p>Terme qui d\u00e9signe \u00e0 la fois la discipline olympique et le v\u00e9lo utilis\u00e9 pour l\u2019activit\u00e9<\/p>\n<h5><strong><em>Bunnyhop<\/em><\/strong><\/h5>\n<p>Voir Saut de lapin<\/p>\n<h5><strong>Cabrage<\/strong><\/h5>\n<p>Action de soulever la roue avant, sans p\u00e9daler, afin de passer un obstacle<\/p>\n<h5><strong>Cabrage p\u00e9dal\u00e9 <\/strong><\/h5>\n<p>Action de soulever la roue avant en p\u00e9dalant<\/p>\n<h5><strong>Courbe en d\u00e9vers<\/strong><\/h5>\n<p>Courbe dont la surface est inclin\u00e9e vers l\u2019int\u00e9rieur, ce qui augmente l\u2019adh\u00e9rence du cycliste<\/p>\n<h5><strong>Cyclocross\u00a0<\/strong><\/h5>\n<p>Discipline cycliste hybride entre le v\u00e9lo de route et le v\u00e9lo de montagne et se pratique au Qu\u00e9bec l\u2019automne lors d\u2019\u00e9v\u00e9nements organis\u00e9s dans des parcs municipaux<\/p>\n<h5><strong><em>Dirt track, Dirt jump<\/em><\/strong><\/h5>\n<p>Autre nom parfois donn\u00e9 \u00e0 un parcours de sauts, d\u00e9riv\u00e9 de l\u2019anglais (<em>dirt jumps, dirt jump track)<\/em><\/p>\n<h5><strong><em>Double\u00a0<\/em><\/strong><\/h5>\n<p>Encha\u00eenement de deux bosses devant \u00eatre saut\u00e9es ou enroul\u00e9es pour franchir l\u2019espace les s\u00e9parant. Constitue un saut lorsque la vitesse est suffisante pour \u00ab\u00a0doubler\u00a0\u00bb les bosses<\/p>\n<h5><strong><em>Drop<\/em><\/strong><\/h5>\n<p>Voir Seuil<\/p>\n<h5><strong>\u00c9chappatoire\u00a0<\/strong><\/h5>\n<p>Option de contournement d\u2019un obstacle, visible en m\u00eame temps que l\u2019obstacle, qui donne au cycliste un choix de parcours<\/p>\n<h5><strong>Empattement\u00a0<\/strong><\/h5>\n<p>Distance entre la roue avant et la roue arri\u00e8re du v\u00e9lo (mesur\u00e9e \u00e0 l\u2019axe de la roue)<\/p>\n<h5><strong><em>Gap, Gap jump<\/em><\/strong><em>\u00a0<\/em><\/h5>\n<p>Voir Saut de foss\u00e9<\/p>\n<h5><strong><em>Kicker\u00a0<\/em><\/strong><\/h5>\n<p>Voir Saut kicker<\/p>\n<h5><strong><em>Launcher\u00a0<\/em><\/strong><\/h5>\n<p>Voir Saut launcher<\/p>\n<h5><strong>Ligne\u00a0<\/strong><\/h5>\n<p>Trajectoire, encha\u00eenement d\u2019obstacles selon une logique r\u00e9fl\u00e9chiea<\/p>\n<h5><strong><em>Manual<\/em><\/strong><em>\u00a0<\/em><\/h5>\n<p>Voir Cabrage<\/p>\n<h5><strong>Module technique\u00a0<\/strong><\/h5>\n<p>\u00c9l\u00e9ment, fabriqu\u00e9 de main d\u2019homme, qui propose un d\u00e9fi technique au cycliste<\/p>\n<h5><strong>Mur inclin\u00e9(<em>Wallride)<\/em>\u00a0<\/strong><\/h5>\n<p>Plateforme de bois qui \u00e9l\u00e8ve temporairement la surface de roulement sur un plan inclin\u00e9<\/p>\n<h5><strong><em>Passerelle\u00a0<\/em>\u00a0<\/strong><\/h5>\n<p>Structure sur\u00e9lev\u00e9e, plus ou moins large ou haute, selon le niveau d\u2019habilet\u00e9, et le plus souvent faite de bois<\/p>\n<h5><strong>Pierrier\u00a0<\/strong><\/h5>\n<p>Section compos\u00e9e de pierres dispos\u00e9es de fa\u00e7on \u00e0 poser un d\u00e9fi technique au cycliste<\/p>\n<h5><strong>Piste \u00e0 rouleaux (<em>Pumptrack<\/em>)<\/strong><\/h5>\n<p>La <em>pumptrack<\/em> est une piste compos\u00e9e de bosses arrondies et de virages en d\u00e9vers (virages relev\u00e9s) qu\u2019il est possible de franchir sans p\u00e9daler. On y arrive en \u00ab\u00a0pompant\u00a0\u00bb le v\u00e9lo sur les bosses de mani\u00e8re \u00e0 avoir l\u2019\u00e9lan\u00a0 pour faire le tour de la piste[\/vc_column_text][\/vc_column][vc_column width=\u00a0\u00bb1\/3&Prime;][vc_column_text el_class=\u00a0\u00bbtypo14px lexique\u00a0\u00bb]<\/p>\n<h5><strong>Poutre (<em>Skinny, skinnies) <\/em><\/strong><\/h5>\n<p>Pi\u00e8ce de bois (madrier, tronc d\u2019arbre) install\u00e9e dans le sens de la piste et que l\u2019on traverse sans mettre le pied \u00e0 terre<\/p>\n<h5><strong>Progression\u00a0<\/strong><\/h5>\n<p>Principe impliquant un apprentissage graduel ou l\u2019augmentation graduelle de la difficult\u00e9 d\u2019un obstacle ou d\u2019un parcours<\/p>\n<h5><strong>Pyramide\u00a0<\/strong><\/h5>\n<p>Obstacle rudimentaire compos\u00e9 de deux surfaces de roulement dont les angles sont oppos\u00e9s<\/p>\n<h5><strong><em>Ratchet, Kick<\/em><\/strong><\/h5>\n<p>Action de p\u00e9daler sans faire tourner les manivelles au complet pour \u00e9viter d\u2019accrocher les p\u00e9dales au sol (\u00e0 la mani\u00e8re d\u2019une cl\u00e9 \u00e0 rochet)<\/p>\n<h5><strong><em>Rock garden<\/em><\/strong><\/h5>\n<p>Voir Pierrier<\/p>\n<h5><strong><em>Roller<\/em><\/strong><\/h5>\n<p>Voir Rouleau<\/p>\n<h5><strong>Rouleau\u00a0<\/strong><\/h5>\n<p>Les rouleaux (<em>rollers<\/em>) repr\u00e9sentent les bosses arrondies que l\u2019on trouve sur une <em>pumptrack<\/em> ou dans un sentier. Le franchissement d\u2019un rouleau se fait en deux s\u00e9quences cons\u00e9cutives\u00a0: en montant le rouleau et en le descendant ensuite<\/p>\n<h5><strong>Saut de lapin (<em>Bunnyhop)\u00a0<\/em><\/strong><\/h5>\n<p>Action de sauter en faisant d\u00e9coller les deux roues du sol simultan\u00e9ment pour faire passer le v\u00e9lo par-dessus un obstacle<\/p>\n<h5><strong>Saut\u00a0<\/strong><\/h5>\n<p>\u00c9l\u00e9ment con\u00e7u pour que le cycliste effectue un saut dans les airs et compos\u00e9 de diff\u00e9rentes zones\u00a0: zone d\u2019\u00e9lan, zone d\u2019appel, zone de survol, zone de r\u00e9ception et zone de d\u00e9gagement<\/p>\n<h5><strong>Saut table<em>\u00a0<\/em><\/strong><\/h5>\n<p>Saut dont la zone de r\u00e9ception se situe au m\u00eame niveau que la zone d\u2019appel et dont le plateau est rempli par de la terre ou une passerelle de bois<\/p>\n<h5><strong>Saut<em> kicker<\/em><\/strong><\/h5>\n<p>Saut qui projette le cycliste dans une trajectoire verticale plus qu\u2019horizontale<\/p>\n<h5><strong>Saut<em> launcher<\/em>\u00a0<\/strong><\/h5>\n<p>Saut qui projette le cycliste dans une trajectoire horizontale plus que verticale<\/p>\n<h5><strong>Saut double\u00a0<\/strong><\/h5>\n<p>Saut dont la zone de r\u00e9ception se situe au m\u00eame niveau que la zone d\u2019appel et dont le plateau est constitu\u00e9 de deux rouleaux<\/p>\n<h5><strong>Saut triple\u00a0<\/strong><\/h5>\n<p>Saut dont la zone de r\u00e9ception se situe au m\u00eame niveau que la zone d\u2019appel et dont le plateau est constitu\u00e9 de trois rouleaux<\/p>\n<h5><strong>Saut de foss\u00e9<em> (Gap jump<\/em>)<\/strong><\/h5>\n<p>Saut dont le plateau est excav\u00e9 et qui est con\u00e7u pour \u00eatre survol\u00e9, sans que les roues du v\u00e9lo touchent au sol<\/p>\n<h5><strong>Saut <em>step-up\u00a0<\/em><\/strong><\/h5>\n<p>Saut dont la zone de r\u00e9ception se situe au point haut de la trajectoire a\u00e9rienne, soit plus haut que la zone d\u2019appel<\/p>\n<h5><strong>Saut <em>step-down\u00a0<\/em><\/strong><\/h5>\n<p>Saut dont la zone de r\u00e9ception se situe plus bas que la zone d\u2019appel (semblable au seuil)<\/p>\n<h5><strong>Seuil\u00a0<\/strong><\/h5>\n<p>Un seuil est une d\u00e9pression brusque du terrain qui force le cycliste \u00e0 effectuer un cabrage de la roue avant et la projection du v\u00e9lo vers l\u2019avant, suivie d\u2019un survol du sol, puis d\u2019un atterrissage plus loin sur la piste<\/p>\n<h5><strong><em>Skinny, skinnies<\/em><\/strong><em>\u00a0<\/em><\/h5>\n<p>Voir Poutre[\/vc_column_text][\/vc_column][vc_column width=\u00a0\u00bb1\/3&Prime;][vc_column_text el_class=\u00a0\u00bbtypo14px lexique\u00a0\u00bb]<\/p>\n<h5><strong>Slopestyle\u00a0<\/strong><\/h5>\n<p>Discipline sportive se rapprochant des sauts (<em>Dirt jumps<\/em>) qui se pratique sur des parcours proposant des obstacles am\u00e9nag\u00e9s de bois ou de b\u00e9ton et dont la principale fonction est de permettre au cycliste d\u2019effectuer des figures a\u00e9riennes<\/p>\n<h5><strong><em>Step-up<\/em>\u00a0<\/strong><\/h5>\n<p>Voir Saut <em>step-up<\/em><\/p>\n<h5><strong><em>Step-down<\/em>\u00a0<\/strong><\/h5>\n<p>Voir Saut <em>step-down<\/em><\/p>\n<h5><strong>Table ou Plateau\u00a0<\/strong><\/h5>\n<p>Zone de survol d\u2019un saut remplie de terre ou reli\u00e9e \u00e0 une passerelle de bois<\/p>\n<h5><strong><em>Tabletop<\/em><\/strong><em>\u00a0<\/em><\/h5>\n<p>Voir Saut table<\/p>\n<h5><strong><em>Teeter-totter<\/em><\/strong><em>\u00a0<\/em><\/h5>\n<p>Voir Balan\u00e7oire<\/p>\n<h5><strong><em>Triple<\/em>\u00a0<\/strong><\/h5>\n<p>Voir Saut triple<\/p>\n<h5><strong>V\u00e9loparc\u00a0<\/strong><\/h5>\n<p>Am\u00e9nagement pouvant regrouper plusieurs \u00e9l\u00e9ments pour le v\u00e9lo de montagne\u00a0: une <em>pumptrack<\/em>, une zone d\u2019habilet\u00e9s, des parcours de sauts ou du type slopestyle qui proposent chacun des options de niveaux d\u2019habilet\u00e9 diff\u00e9rents.<\/p>\n<h5><strong><em>Wallride<\/em><\/strong><\/h5>\n<p>Voir Mur inclin\u00e9<\/p>\n<h5><strong><em>Wheelie<\/em><\/strong><em>\u00a0<\/em><\/h5>\n<p>Voir Cabrage p\u00e9dal\u00e9<\/p>\n<h5><strong>Zone d\u2019habilet\u00e9s\u00a0<\/strong><\/h5>\n<p>Espace regroupant des modules techniques con\u00e7us pour d\u00e9velopper les habilet\u00e9s de base n\u00e9cessaires \u00e0 la conduite du v\u00e9lo en sentier.<\/p>\n<h5><strong>Zone de sauts\u00a0<\/strong><\/h5>\n<p>Espace formant un parcours o\u00f9 les sauts s\u2019encha\u00eenent, et comportant habituellement diff\u00e9rents niveaux d\u2019habilet\u00e9 pour encourager la progression<\/p>\n<h5><strong>Zone de chute\u00a0ou zone de d\u00e9gagement\u00a0<\/strong><\/h5>\n<p>Zone autour d\u2019un am\u00e9nagement ou d\u2019un module technique d\u00e9signant l\u2019espace o\u00f9 une chute occasionnelle se produira<\/p>\n<h5><strong>Zone d\u2019approche (ou d\u2019\u00e9lan) <\/strong><\/h5>\n<p>Espace o\u00f9 le cycliste acquiert la vitesse n\u00e9cessaire pour franchir un obstacle ou un saut<\/p>\n<h5><strong>Zone de transition\u00a0<\/strong><\/h5>\n<p>Espace o\u00f9 la surface de roulement commence \u00e0 se relever et qui sert de pr\u00e9paration au moment de l\u2019envol<\/p>\n<h5><strong>Zone d\u2019appel ou tremplin\u00a0<\/strong><\/h5>\n<p>Sur un saut ou un seuil, partie dont le cycliste se sert comme tremplin pour prendre son envol<\/p>\n<h5><strong>Zone de survol ou table ou plateau <\/strong><\/h5>\n<p>Partie d\u2019un saut qu\u2019on survole, entre la zone d\u2019appel et la zone de r\u00e9ception, qui peut \u00eatre remplie (table), semi-remplie (double) ou creus\u00e9e (foss\u00e9)<\/p>\n<h5><strong>Zone de r\u00e9ception ou d\u2019atterrissage ou r\u00e9ception\u00a0<\/strong><\/h5>\n<p>Sur un saut, une bosse ou un seuil, partie o\u00f9 s\u2019effectue l\u2019atterrissage<\/p>\n<h5><strong>Zone de sortie <\/strong><\/h5>\n<p>Zone suivant la r\u00e9ception, qui permet de recouvrer l\u2019\u00e9quilibre apr\u00e8s l\u2019atterrissage et d\u2019ajuster sa vitesse pour la suite du parcours[\/vc_column_text][\/vc_column][\/vc_row]<\/p>\n<\/div>","protected":false},"excerpt":{"rendered":"<p>[vc_row row_height_percent=\u00a0\u00bb0&Prime; override_padding=\u00a0\u00bbyes\u00a0\u00bb h_padding=\u00a0\u00bb2&Prime; top_padding=\u00a0\u00bb4&Prime; bottom_padding=\u00a0\u00bb4&Prime; overlay_alpha=\u00a0\u00bb50&Prime; gutter_size=\u00a0\u00bb3&Prime; shift_y=\u00a0\u00bb0&Prime;][vc_column column_width_percent=\u00a0\u00bb100&Prime; align_horizontal=\u00a0\u00bbalign_center\u00a0\u00bb overlay_alpha=\u00a0\u00bb50&Prime; gutter_size=\u00a0\u00bb3&Prime; medium_width=\u00a0\u00bb0&Prime; shift_x=\u00a0\u00bb0&Prime; shift_y=\u00a0\u00bb0&Prime; z_index=\u00a0\u00bb0&Prime; width=\u00a0\u00bb1\/1&Prime;][vc_custom_heading text_weight=\u00a0\u00bb600&Prime; text_transform=\u00a0\u00bbuppercase\u00a0\u00bb [&hellip;]<\/p>\n","protected":false},"author":1,"featured_media":0,"parent":0,"menu_order":0,"comment_status":"closed","ping_status":"open","template":"","meta":{"_acf_changed":false,"footnotes":""},"class_list":["post-2","page","type-page","status-publish","hentry"],"acf":[],"yoast_head":"<!-- This site is optimized with the Yoast SEO plugin v27.4 - https:\/\/yoast.com\/product\/yoast-seo-wordpress\/ -->\n<title>V\u00e9loparcs - V\u00e9loparcs<\/title>\n<meta name=\"robots\" content=\"index, follow, max-snippet:-1, max-image-preview:large, max-video-preview:-1\" \/>\n<link rel=\"canonical\" href=\"https:\/\/www.guides-sports-loisirs.ca\/veloparcs\/\" \/>\n<meta property=\"og:locale\" content=\"fr_FR\" \/>\n<meta property=\"og:type\" content=\"article\" \/>\n<meta property=\"og:title\" content=\"V\u00e9loparcs - V\u00e9loparcs\" \/>\n<meta property=\"og:description\" content=\"[vc_row row_height_percent=\u00a0\u00bb0&Prime; override_padding=\u00a0\u00bbyes\u00a0\u00bb h_padding=\u00a0\u00bb2&Prime; top_padding=\u00a0\u00bb4&Prime; bottom_padding=\u00a0\u00bb4&Prime; overlay_alpha=\u00a0\u00bb50&Prime; gutter_size=\u00a0\u00bb3&Prime; shift_y=\u00a0\u00bb0&Prime;][vc_column column_width_percent=\u00a0\u00bb100&Prime; align_horizontal=\u00a0\u00bbalign_center\u00a0\u00bb overlay_alpha=\u00a0\u00bb50&Prime; gutter_size=\u00a0\u00bb3&Prime; medium_width=\u00a0\u00bb0&Prime; shift_x=\u00a0\u00bb0&Prime; shift_y=\u00a0\u00bb0&Prime; z_index=\u00a0\u00bb0&Prime; width=\u00a0\u00bb1\/1&Prime;][vc_custom_heading text_weight=\u00a0\u00bb600&Prime; text_transform=\u00a0\u00bbuppercase\u00a0\u00bb [&hellip;]\" \/>\n<meta property=\"og:url\" content=\"https:\/\/www.guides-sports-loisirs.ca\/veloparcs\/\" \/>\n<meta property=\"og:site_name\" content=\"V\u00e9loparcs\" \/>\n<meta property=\"article:modified_time\" content=\"2018-10-02T16:06:15+00:00\" \/>\n<meta name=\"twitter:card\" content=\"summary_large_image\" \/>\n<meta name=\"twitter:label1\" content=\"Dur\u00e9e de lecture estim\u00e9e\" \/>\n\t<meta name=\"twitter:data1\" content=\"8 minutes\" \/>\n<script type=\"application\/ld+json\" class=\"yoast-schema-graph\">{\"@context\":\"https:\\\/\\\/schema.org\",\"@graph\":[{\"@type\":\"WebPage\",\"@id\":\"https:\\\/\\\/www.guides-sports-loisirs.ca\\\/veloparcs\\\/\",\"url\":\"https:\\\/\\\/www.guides-sports-loisirs.ca\\\/veloparcs\\\/\",\"name\":\"V\u00e9loparcs - V\u00e9loparcs\",\"isPartOf\":{\"@id\":\"https:\\\/\\\/www.guides-sports-loisirs.ca\\\/veloparcs\\\/#website\"},\"datePublished\":\"2017-03-31T19:44:43+00:00\",\"dateModified\":\"2018-10-02T16:06:15+00:00\",\"breadcrumb\":{\"@id\":\"https:\\\/\\\/www.guides-sports-loisirs.ca\\\/veloparcs\\\/#breadcrumb\"},\"inLanguage\":\"fr-FR\",\"potentialAction\":[{\"@type\":\"ReadAction\",\"target\":[\"https:\\\/\\\/www.guides-sports-loisirs.ca\\\/veloparcs\\\/\"]}]},{\"@type\":\"BreadcrumbList\",\"@id\":\"https:\\\/\\\/www.guides-sports-loisirs.ca\\\/veloparcs\\\/#breadcrumb\",\"itemListElement\":[{\"@type\":\"ListItem\",\"position\":1,\"name\":\"Accueil\",\"item\":\"https:\\\/\\\/www.guides-sports-loisirs.ca\\\/veloparcs\\\/\"},{\"@type\":\"ListItem\",\"position\":2,\"name\":\"V\u00e9loparcs\"}]},{\"@type\":\"WebSite\",\"@id\":\"https:\\\/\\\/www.guides-sports-loisirs.ca\\\/veloparcs\\\/#website\",\"url\":\"https:\\\/\\\/www.guides-sports-loisirs.ca\\\/veloparcs\\\/\",\"name\":\"V\u00e9loparcs\",\"description\":\"V\u00e9loparcs\",\"potentialAction\":[{\"@type\":\"SearchAction\",\"target\":{\"@type\":\"EntryPoint\",\"urlTemplate\":\"https:\\\/\\\/www.guides-sports-loisirs.ca\\\/veloparcs\\\/?s={search_term_string}\"},\"query-input\":{\"@type\":\"PropertyValueSpecification\",\"valueRequired\":true,\"valueName\":\"search_term_string\"}}],\"inLanguage\":\"fr-FR\"}]}<\/script>\n<!-- \/ Yoast SEO plugin. -->","yoast_head_json":{"title":"V\u00e9loparcs - V\u00e9loparcs","robots":{"index":"index","follow":"follow","max-snippet":"max-snippet:-1","max-image-preview":"max-image-preview:large","max-video-preview":"max-video-preview:-1"},"canonical":"https:\/\/www.guides-sports-loisirs.ca\/veloparcs\/","og_locale":"fr_FR","og_type":"article","og_title":"V\u00e9loparcs - V\u00e9loparcs","og_description":"[vc_row row_height_percent=\u00a0\u00bb0&Prime; override_padding=\u00a0\u00bbyes\u00a0\u00bb h_padding=\u00a0\u00bb2&Prime; top_padding=\u00a0\u00bb4&Prime; bottom_padding=\u00a0\u00bb4&Prime; overlay_alpha=\u00a0\u00bb50&Prime; gutter_size=\u00a0\u00bb3&Prime; shift_y=\u00a0\u00bb0&Prime;][vc_column column_width_percent=\u00a0\u00bb100&Prime; align_horizontal=\u00a0\u00bbalign_center\u00a0\u00bb overlay_alpha=\u00a0\u00bb50&Prime; gutter_size=\u00a0\u00bb3&Prime; medium_width=\u00a0\u00bb0&Prime; shift_x=\u00a0\u00bb0&Prime; shift_y=\u00a0\u00bb0&Prime; z_index=\u00a0\u00bb0&Prime; width=\u00a0\u00bb1\/1&Prime;][vc_custom_heading text_weight=\u00a0\u00bb600&Prime; text_transform=\u00a0\u00bbuppercase\u00a0\u00bb [&hellip;]","og_url":"https:\/\/www.guides-sports-loisirs.ca\/veloparcs\/","og_site_name":"V\u00e9loparcs","article_modified_time":"2018-10-02T16:06:15+00:00","twitter_card":"summary_large_image","twitter_misc":{"Dur\u00e9e de lecture estim\u00e9e":"8 minutes"},"schema":{"@context":"https:\/\/schema.org","@graph":[{"@type":"WebPage","@id":"https:\/\/www.guides-sports-loisirs.ca\/veloparcs\/","url":"https:\/\/www.guides-sports-loisirs.ca\/veloparcs\/","name":"V\u00e9loparcs - V\u00e9loparcs","isPartOf":{"@id":"https:\/\/www.guides-sports-loisirs.ca\/veloparcs\/#website"},"datePublished":"2017-03-31T19:44:43+00:00","dateModified":"2018-10-02T16:06:15+00:00","breadcrumb":{"@id":"https:\/\/www.guides-sports-loisirs.ca\/veloparcs\/#breadcrumb"},"inLanguage":"fr-FR","potentialAction":[{"@type":"ReadAction","target":["https:\/\/www.guides-sports-loisirs.ca\/veloparcs\/"]}]},{"@type":"BreadcrumbList","@id":"https:\/\/www.guides-sports-loisirs.ca\/veloparcs\/#breadcrumb","itemListElement":[{"@type":"ListItem","position":1,"name":"Accueil","item":"https:\/\/www.guides-sports-loisirs.ca\/veloparcs\/"},{"@type":"ListItem","position":2,"name":"V\u00e9loparcs"}]},{"@type":"WebSite","@id":"https:\/\/www.guides-sports-loisirs.ca\/veloparcs\/#website","url":"https:\/\/www.guides-sports-loisirs.ca\/veloparcs\/","name":"V\u00e9loparcs","description":"V\u00e9loparcs","potentialAction":[{"@type":"SearchAction","target":{"@type":"EntryPoint","urlTemplate":"https:\/\/www.guides-sports-loisirs.ca\/veloparcs\/?s={search_term_string}"},"query-input":{"@type":"PropertyValueSpecification","valueRequired":true,"valueName":"search_term_string"}}],"inLanguage":"fr-FR"}]}},"_links":{"self":[{"href":"https:\/\/www.guides-sports-loisirs.ca\/veloparcs\/wp-json\/wp\/v2\/pages\/2","targetHints":{"allow":["GET"]}}],"collection":[{"href":"https:\/\/www.guides-sports-loisirs.ca\/veloparcs\/wp-json\/wp\/v2\/pages"}],"about":[{"href":"https:\/\/www.guides-sports-loisirs.ca\/veloparcs\/wp-json\/wp\/v2\/types\/page"}],"author":[{"embeddable":true,"href":"https:\/\/www.guides-sports-loisirs.ca\/veloparcs\/wp-json\/wp\/v2\/users\/1"}],"replies":[{"embeddable":true,"href":"https:\/\/www.guides-sports-loisirs.ca\/veloparcs\/wp-json\/wp\/v2\/comments?post=2"}],"version-history":[{"count":20,"href":"https:\/\/www.guides-sports-loisirs.ca\/veloparcs\/wp-json\/wp\/v2\/pages\/2\/revisions"}],"predecessor-version":[{"id":1640,"href":"https:\/\/www.guides-sports-loisirs.ca\/veloparcs\/wp-json\/wp\/v2\/pages\/2\/revisions\/1640"}],"wp:attachment":[{"href":"https:\/\/www.guides-sports-loisirs.ca\/veloparcs\/wp-json\/wp\/v2\/media?parent=2"}],"curies":[{"name":"wp","href":"https:\/\/api.w.org\/{rel}","templated":true}]}}