{"id":139,"date":"2017-05-05T11:57:13","date_gmt":"2017-05-05T15:57:13","guid":{"rendered":"https:\/\/www.guides-sports-loisirs.ca\/veloparcs\/?page_id=139"},"modified":"2018-10-09T14:36:49","modified_gmt":"2018-10-09T18:36:49","slug":"sauts-associes-aux-variations-de-la-forme-de-la-zone-de-survol-plateau","status":"publish","type":"page","link":"https:\/\/www.guides-sports-loisirs.ca\/veloparcs\/types-de-sauts\/sauts-associes-aux-variations-de-la-forme-de-la-zone-de-survol-plateau\/","title":{"rendered":"Sauts associ\u00e9s aux variations de la forme de la zone de survol (plateau)"},"content":{"rendered":"<div class=\"wpb-content-wrapper\"><p>[vc_row row_height_percent=\u00a0\u00bb0&Prime; override_padding=\u00a0\u00bbyes\u00a0\u00bb h_padding=\u00a0\u00bb2&Prime; top_padding=\u00a0\u00bb3&Prime; bottom_padding=\u00a0\u00bb2&Prime; overlay_alpha=\u00a0\u00bb50&Prime; gutter_size=\u00a0\u00bb3&Prime; shift_y=\u00a0\u00bb0&Prime;][vc_column column_width_use_pixel=\u00a0\u00bbyes\u00a0\u00bb overlay_alpha=\u00a0\u00bb50&Prime; gutter_size=\u00a0\u00bb3&Prime; medium_width=\u00a0\u00bb0&Prime; shift_x=\u00a0\u00bb0&Prime; shift_y=\u00a0\u00bb0&Prime; z_index=\u00a0\u00bb0&Prime; width=\u00a0\u00bb1\/1&Prime; column_width_pixel=\u00a0\u00bb800&Prime;][vc_column_text]Selon la forme de la zone de survol (plateau), un saut dont la trajectoire est horizontale portera diff\u00e9rentes appellations\u00a0:[\/vc_column_text][vc_custom_heading]Saut de type table[\/vc_custom_heading][vc_column_text]Traditionnellement observ\u00e9e dans les sentiers de v\u00e9lo de montagne, la trajectoire du saut de type table s\u2019effectue sur le plan horizontal (la r\u00e9ception \u00e9tant l\u00e9g\u00e8rement plus basse que la zone d\u2019approche). Ce saut peut avoir une trajectoire en hauteur (<em>kicker<\/em>) ou en longueur (<em>launcher<\/em>).<\/p>\n<p>Les particularit\u00e9s d\u2019am\u00e9nagement pour les sauts de type table sont celles pr\u00e9cis\u00e9es au d\u00e9but de ce chapitre.[\/vc_column_text][vc_single_image media=\u00a0\u00bb990&Prime; media_width_percent=\u00a0\u00bb100&Prime;][vc_column_text]<strong>Saut de type table<\/strong><br \/>\n<em>Centre national de cyclisme de Bromont \u2013 Francis T\u00e9trault<\/em>[\/vc_column_text][vc_custom_heading]Saut de foss\u00e9 (gap jump)[\/vc_custom_heading][vc_column_text]Une derni\u00e8re variante peut \u00eatre propos\u00e9e pour les cyclistes de niveau avanc\u00e9. La zone de survol est excav\u00e9e, n\u00e9cessitant le franchissement par voie a\u00e9rienne. Cette variante est d\u00e9sign\u00e9e comme un saut de foss\u00e9 (<em>gap jump<\/em>). Le saut de type foss\u00e9 peut avoir une trajectoire en hauteur (<em>kicker<\/em>) ou en longueur (<em>launcher<\/em>).[\/vc_column_text][vc_single_image media=\u00a0\u00bb991&Prime; media_width_percent=\u00a0\u00bb100&Prime;][vc_column_text]<strong>Saut de foss\u00e9 (<em>gap jump<\/em>)<\/strong><br \/>\n<em>\u00c9nergie CMB, Trois-Rivi\u00e8res \u2013 Alexandre Turcotte Giroux<\/em>[\/vc_column_text][vc_column_text]<b>D\u00e9tail de conception d&rsquo;un saut de foss\u00e9 (<em>gap jump<\/em>)<\/b><\/p>\n<ul>\n<li>Arrondir les arr\u00eates pour ne pas bloquer la roue;<\/li>\n<li>Installer une signalisation appropri\u00e9e \u00e0 l\u2019approche du saut;<\/li>\n<li>Pr\u00e9voir une voie d\u2019\u00e9vitement en cas de perte de vitesse;<\/li>\n<\/ul>\n<p>[\/vc_column_text][vc_custom_heading]Saut de type double ou triple[\/vc_custom_heading][vc_column_text]Une variante provenant du BMX de course peut \u00eatre am\u00e9nag\u00e9e, o\u00f9 la zone de survol (plateau) int\u00e8gre des rouleaux, pour offrir des options de franchissement. Le saut de type foss\u00e9 peut avoir une trajectoire en hauteur (<em>kicker<\/em>) ou en longueur (<em>launcher<\/em>).<\/p>\n<p>Lorsque le plateau est remplac\u00e9 par des rouleaux, on parle de saut de type double ou triple, selon qu\u2019il y a deux ou trois rouleaux. Les cyclistes ont alors plusieurs options pour franchir le saut, selon leur exp\u00e9rience\u00a0:<\/p>\n<p><strong>Sur un double<\/strong><\/p>\n<ul>\n<li>Sauter les deux rouleaux;<\/li>\n<li>Enrouler par cabrage (<em>manual<\/em>) l\u2019espace entre les deux rouleaux.<\/li>\n<\/ul>\n<p><strong>Sur un triple<\/strong><\/p>\n<ul>\n<li>Sauter les trois rouleaux;<\/li>\n<li>Enrouler par cabrage l\u2019espace entre les deux premiers rouleaux rouleau et sauter le troisi\u00e8me;<\/li>\n<li>Enrouler par cabrage les trois rouleaux.<\/li>\n<\/ul>\n<p>[\/vc_column_text][vc_single_image media=\u00a0\u00bb992&Prime; media_width_percent=\u00a0\u00bb100&Prime;][vc_column_text]<strong>Saut double<\/strong><br \/>\n<em>V\u00e9loparc de Victoriaville \u2013 Francis T\u00e9trault<\/em>[\/vc_column_text][vc_column_text]<strong>D\u00e9tail de conception d\u2019un saut double ou triple<\/strong><\/p>\n<ul>\n<li>Arrondir les arr\u00eates pour ne pas bloquer la roue;<\/li>\n<li>Sur un double, le ratio hauteur\/espacement des deux rouleaux est \u00e9tabli en fonction de la vitesse pr\u00e9vue;<\/li>\n<li>Sur un triple, le deuxi\u00e8me rouleau est souvent plus haut et plus long en fonction de la vitesse acquise sur le premier rouleau.<\/li>\n<\/ul>\n<p>[\/vc_column_text][\/vc_column][\/vc_row][vc_row row_height_percent=\u00a0\u00bb0&Prime; override_padding=\u00a0\u00bbyes\u00a0\u00bb h_padding=\u00a0\u00bb2&Prime; top_padding=\u00a0\u00bb2&Prime; bottom_padding=\u00a0\u00bb2&Prime; overlay_alpha=\u00a0\u00bb50&Prime; gutter_size=\u00a0\u00bb3&Prime; shift_y=\u00a0\u00bb0&Prime;][vc_column column_width_use_pixel=\u00a0\u00bbyes\u00a0\u00bb overlay_alpha=\u00a0\u00bb50&Prime; gutter_size=\u00a0\u00bb2&Prime; medium_width=\u00a0\u00bb0&Prime; shift_x=\u00a0\u00bb0&Prime; shift_y=\u00a0\u00bb0&Prime; z_index=\u00a0\u00bb0&Prime; width=\u00a0\u00bb1\/1&Prime; column_width_pixel=\u00a0\u00bb800&Prime;][vc_button button_color=\u00a0\u00bbaccent\u00a0\u00bb size=\u00a0\u00bbbtn-lg\u00a0\u00bb radius=\u00a0\u00bbbtn-circle\u00a0\u00bb icon_position=\u00a0\u00bbright\u00a0\u00bb link=\u00a0\u00bburl:https%3A%2F%2Fwww.guides-sports-loisirs.ca%2Fveloparcs%2Fwp-content%2Fuploads%2Fsites%2F6%2F2017%2F03%2FGIS_VP_F13_SautsAssoci%C3%A9s_ZoneDeSurvol.pdf||target:%20_blank|\u00a0\u00bb icon=\u00a0\u00bbfa fa-file-o\u00a0\u00bb]Version PDF[\/vc_button][\/vc_column][\/vc_row]<\/p>\n<\/div>","protected":false},"excerpt":{"rendered":"<p>[vc_row row_height_percent=\u00a0\u00bb0&Prime; override_padding=\u00a0\u00bbyes\u00a0\u00bb h_padding=\u00a0\u00bb2&Prime; top_padding=\u00a0\u00bb3&Prime; bottom_padding=\u00a0\u00bb2&Prime; overlay_alpha=\u00a0\u00bb50&Prime; gutter_size=\u00a0\u00bb3&Prime; shift_y=\u00a0\u00bb0&Prime;][vc_column column_width_use_pixel=\u00a0\u00bbyes\u00a0\u00bb overlay_alpha=\u00a0\u00bb50&Prime; gutter_size=\u00a0\u00bb3&Prime; medium_width=\u00a0\u00bb0&Prime; shift_x=\u00a0\u00bb0&Prime; shift_y=\u00a0\u00bb0&Prime; z_index=\u00a0\u00bb0&Prime; width=\u00a0\u00bb1\/1&Prime; column_width_pixel=\u00a0\u00bb800&Prime;][vc_column_text]Selon la forme [&hellip;]<\/p>\n","protected":false},"author":11,"featured_media":0,"parent":977,"menu_order":0,"comment_status":"closed","ping_status":"closed","template":"","meta":{"_acf_changed":false,"footnotes":""},"class_list":["post-139","page","type-page","status-publish","hentry"],"acf":[],"yoast_head":"<!-- This site is optimized with the Yoast SEO plugin v27.4 - https:\/\/yoast.com\/product\/yoast-seo-wordpress\/ -->\n<title>Sauts associ\u00e9s aux variations de la forme de la zone de survol (plateau) - V\u00e9loparcs<\/title>\n<meta name=\"robots\" content=\"index, follow, max-snippet:-1, max-image-preview:large, max-video-preview:-1\" \/>\n<link rel=\"canonical\" href=\"https:\/\/www.guides-sports-loisirs.ca\/veloparcs\/types-de-sauts\/sauts-associes-aux-variations-de-la-forme-de-la-zone-de-survol-plateau\/\" \/>\n<meta property=\"og:locale\" content=\"fr_FR\" \/>\n<meta property=\"og:type\" content=\"article\" \/>\n<meta property=\"og:title\" content=\"Sauts associ\u00e9s aux variations de la forme de la zone de survol (plateau) - V\u00e9loparcs\" \/>\n<meta property=\"og:description\" content=\"[vc_row row_height_percent=\u00a0\u00bb0&Prime; override_padding=\u00a0\u00bbyes\u00a0\u00bb h_padding=\u00a0\u00bb2&Prime; top_padding=\u00a0\u00bb3&Prime; bottom_padding=\u00a0\u00bb2&Prime; overlay_alpha=\u00a0\u00bb50&Prime; gutter_size=\u00a0\u00bb3&Prime; shift_y=\u00a0\u00bb0&Prime;][vc_column column_width_use_pixel=\u00a0\u00bbyes\u00a0\u00bb overlay_alpha=\u00a0\u00bb50&Prime; gutter_size=\u00a0\u00bb3&Prime; medium_width=\u00a0\u00bb0&Prime; shift_x=\u00a0\u00bb0&Prime; shift_y=\u00a0\u00bb0&Prime; z_index=\u00a0\u00bb0&Prime; width=\u00a0\u00bb1\/1&Prime; column_width_pixel=\u00a0\u00bb800&Prime;][vc_column_text]Selon la forme [&hellip;]\" \/>\n<meta property=\"og:url\" content=\"https:\/\/www.guides-sports-loisirs.ca\/veloparcs\/types-de-sauts\/sauts-associes-aux-variations-de-la-forme-de-la-zone-de-survol-plateau\/\" \/>\n<meta property=\"og:site_name\" content=\"V\u00e9loparcs\" \/>\n<meta property=\"article:modified_time\" content=\"2018-10-09T18:36:49+00:00\" \/>\n<meta name=\"twitter:card\" content=\"summary_large_image\" \/>\n<meta name=\"twitter:label1\" content=\"Dur\u00e9e de lecture estim\u00e9e\" \/>\n\t<meta name=\"twitter:data1\" content=\"3 minutes\" \/>\n<script type=\"application\/ld+json\" class=\"yoast-schema-graph\">{\"@context\":\"https:\\\/\\\/schema.org\",\"@graph\":[{\"@type\":\"WebPage\",\"@id\":\"https:\\\/\\\/www.guides-sports-loisirs.ca\\\/veloparcs\\\/types-de-sauts\\\/sauts-associes-aux-variations-de-la-forme-de-la-zone-de-survol-plateau\\\/\",\"url\":\"https:\\\/\\\/www.guides-sports-loisirs.ca\\\/veloparcs\\\/types-de-sauts\\\/sauts-associes-aux-variations-de-la-forme-de-la-zone-de-survol-plateau\\\/\",\"name\":\"Sauts associ\u00e9s aux variations de la forme de la zone de survol (plateau) - V\u00e9loparcs\",\"isPartOf\":{\"@id\":\"https:\\\/\\\/www.guides-sports-loisirs.ca\\\/veloparcs\\\/#website\"},\"datePublished\":\"2017-05-05T15:57:13+00:00\",\"dateModified\":\"2018-10-09T18:36:49+00:00\",\"breadcrumb\":{\"@id\":\"https:\\\/\\\/www.guides-sports-loisirs.ca\\\/veloparcs\\\/types-de-sauts\\\/sauts-associes-aux-variations-de-la-forme-de-la-zone-de-survol-plateau\\\/#breadcrumb\"},\"inLanguage\":\"fr-FR\",\"potentialAction\":[{\"@type\":\"ReadAction\",\"target\":[\"https:\\\/\\\/www.guides-sports-loisirs.ca\\\/veloparcs\\\/types-de-sauts\\\/sauts-associes-aux-variations-de-la-forme-de-la-zone-de-survol-plateau\\\/\"]}]},{\"@type\":\"BreadcrumbList\",\"@id\":\"https:\\\/\\\/www.guides-sports-loisirs.ca\\\/veloparcs\\\/types-de-sauts\\\/sauts-associes-aux-variations-de-la-forme-de-la-zone-de-survol-plateau\\\/#breadcrumb\",\"itemListElement\":[{\"@type\":\"ListItem\",\"position\":1,\"name\":\"Accueil\",\"item\":\"https:\\\/\\\/www.guides-sports-loisirs.ca\\\/veloparcs\\\/\"},{\"@type\":\"ListItem\",\"position\":2,\"name\":\"Les sauts\",\"item\":\"https:\\\/\\\/www.guides-sports-loisirs.ca\\\/veloparcs\\\/types-de-sauts\\\/\"},{\"@type\":\"ListItem\",\"position\":3,\"name\":\"Sauts associ\u00e9s aux variations de la forme de la zone de survol (plateau)\"}]},{\"@type\":\"WebSite\",\"@id\":\"https:\\\/\\\/www.guides-sports-loisirs.ca\\\/veloparcs\\\/#website\",\"url\":\"https:\\\/\\\/www.guides-sports-loisirs.ca\\\/veloparcs\\\/\",\"name\":\"V\u00e9loparcs\",\"description\":\"V\u00e9loparcs\",\"potentialAction\":[{\"@type\":\"SearchAction\",\"target\":{\"@type\":\"EntryPoint\",\"urlTemplate\":\"https:\\\/\\\/www.guides-sports-loisirs.ca\\\/veloparcs\\\/?s={search_term_string}\"},\"query-input\":{\"@type\":\"PropertyValueSpecification\",\"valueRequired\":true,\"valueName\":\"search_term_string\"}}],\"inLanguage\":\"fr-FR\"}]}<\/script>\n<!-- \/ Yoast SEO plugin. -->","yoast_head_json":{"title":"Sauts associ\u00e9s aux variations de la forme de la zone de survol (plateau) - V\u00e9loparcs","robots":{"index":"index","follow":"follow","max-snippet":"max-snippet:-1","max-image-preview":"max-image-preview:large","max-video-preview":"max-video-preview:-1"},"canonical":"https:\/\/www.guides-sports-loisirs.ca\/veloparcs\/types-de-sauts\/sauts-associes-aux-variations-de-la-forme-de-la-zone-de-survol-plateau\/","og_locale":"fr_FR","og_type":"article","og_title":"Sauts associ\u00e9s aux variations de la forme de la zone de survol (plateau) - V\u00e9loparcs","og_description":"[vc_row row_height_percent=\u00a0\u00bb0&Prime; override_padding=\u00a0\u00bbyes\u00a0\u00bb h_padding=\u00a0\u00bb2&Prime; top_padding=\u00a0\u00bb3&Prime; bottom_padding=\u00a0\u00bb2&Prime; overlay_alpha=\u00a0\u00bb50&Prime; gutter_size=\u00a0\u00bb3&Prime; shift_y=\u00a0\u00bb0&Prime;][vc_column column_width_use_pixel=\u00a0\u00bbyes\u00a0\u00bb overlay_alpha=\u00a0\u00bb50&Prime; gutter_size=\u00a0\u00bb3&Prime; medium_width=\u00a0\u00bb0&Prime; shift_x=\u00a0\u00bb0&Prime; shift_y=\u00a0\u00bb0&Prime; z_index=\u00a0\u00bb0&Prime; width=\u00a0\u00bb1\/1&Prime; column_width_pixel=\u00a0\u00bb800&Prime;][vc_column_text]Selon la forme [&hellip;]","og_url":"https:\/\/www.guides-sports-loisirs.ca\/veloparcs\/types-de-sauts\/sauts-associes-aux-variations-de-la-forme-de-la-zone-de-survol-plateau\/","og_site_name":"V\u00e9loparcs","article_modified_time":"2018-10-09T18:36:49+00:00","twitter_card":"summary_large_image","twitter_misc":{"Dur\u00e9e de lecture estim\u00e9e":"3 minutes"},"schema":{"@context":"https:\/\/schema.org","@graph":[{"@type":"WebPage","@id":"https:\/\/www.guides-sports-loisirs.ca\/veloparcs\/types-de-sauts\/sauts-associes-aux-variations-de-la-forme-de-la-zone-de-survol-plateau\/","url":"https:\/\/www.guides-sports-loisirs.ca\/veloparcs\/types-de-sauts\/sauts-associes-aux-variations-de-la-forme-de-la-zone-de-survol-plateau\/","name":"Sauts associ\u00e9s aux variations de la forme de la zone de survol (plateau) - V\u00e9loparcs","isPartOf":{"@id":"https:\/\/www.guides-sports-loisirs.ca\/veloparcs\/#website"},"datePublished":"2017-05-05T15:57:13+00:00","dateModified":"2018-10-09T18:36:49+00:00","breadcrumb":{"@id":"https:\/\/www.guides-sports-loisirs.ca\/veloparcs\/types-de-sauts\/sauts-associes-aux-variations-de-la-forme-de-la-zone-de-survol-plateau\/#breadcrumb"},"inLanguage":"fr-FR","potentialAction":[{"@type":"ReadAction","target":["https:\/\/www.guides-sports-loisirs.ca\/veloparcs\/types-de-sauts\/sauts-associes-aux-variations-de-la-forme-de-la-zone-de-survol-plateau\/"]}]},{"@type":"BreadcrumbList","@id":"https:\/\/www.guides-sports-loisirs.ca\/veloparcs\/types-de-sauts\/sauts-associes-aux-variations-de-la-forme-de-la-zone-de-survol-plateau\/#breadcrumb","itemListElement":[{"@type":"ListItem","position":1,"name":"Accueil","item":"https:\/\/www.guides-sports-loisirs.ca\/veloparcs\/"},{"@type":"ListItem","position":2,"name":"Les sauts","item":"https:\/\/www.guides-sports-loisirs.ca\/veloparcs\/types-de-sauts\/"},{"@type":"ListItem","position":3,"name":"Sauts associ\u00e9s aux variations de la forme de la zone de survol (plateau)"}]},{"@type":"WebSite","@id":"https:\/\/www.guides-sports-loisirs.ca\/veloparcs\/#website","url":"https:\/\/www.guides-sports-loisirs.ca\/veloparcs\/","name":"V\u00e9loparcs","description":"V\u00e9loparcs","potentialAction":[{"@type":"SearchAction","target":{"@type":"EntryPoint","urlTemplate":"https:\/\/www.guides-sports-loisirs.ca\/veloparcs\/?s={search_term_string}"},"query-input":{"@type":"PropertyValueSpecification","valueRequired":true,"valueName":"search_term_string"}}],"inLanguage":"fr-FR"}]}},"_links":{"self":[{"href":"https:\/\/www.guides-sports-loisirs.ca\/veloparcs\/wp-json\/wp\/v2\/pages\/139","targetHints":{"allow":["GET"]}}],"collection":[{"href":"https:\/\/www.guides-sports-loisirs.ca\/veloparcs\/wp-json\/wp\/v2\/pages"}],"about":[{"href":"https:\/\/www.guides-sports-loisirs.ca\/veloparcs\/wp-json\/wp\/v2\/types\/page"}],"author":[{"embeddable":true,"href":"https:\/\/www.guides-sports-loisirs.ca\/veloparcs\/wp-json\/wp\/v2\/users\/11"}],"replies":[{"embeddable":true,"href":"https:\/\/www.guides-sports-loisirs.ca\/veloparcs\/wp-json\/wp\/v2\/comments?post=139"}],"version-history":[{"count":15,"href":"https:\/\/www.guides-sports-loisirs.ca\/veloparcs\/wp-json\/wp\/v2\/pages\/139\/revisions"}],"predecessor-version":[{"id":1654,"href":"https:\/\/www.guides-sports-loisirs.ca\/veloparcs\/wp-json\/wp\/v2\/pages\/139\/revisions\/1654"}],"up":[{"embeddable":true,"href":"https:\/\/www.guides-sports-loisirs.ca\/veloparcs\/wp-json\/wp\/v2\/pages\/977"}],"wp:attachment":[{"href":"https:\/\/www.guides-sports-loisirs.ca\/veloparcs\/wp-json\/wp\/v2\/media?parent=139"}],"curies":[{"name":"wp","href":"https:\/\/api.w.org\/{rel}","templated":true}]}}