{"id":1290,"date":"2018-09-13T10:24:19","date_gmt":"2018-09-13T14:24:19","guid":{"rendered":"https:\/\/www.guides-sports-loisirs.ca\/veloparcs\/?page_id=1290"},"modified":"2018-10-01T18:21:07","modified_gmt":"2018-10-01T22:21:07","slug":"definition-du-projet","status":"publish","type":"page","link":"https:\/\/www.guides-sports-loisirs.ca\/veloparcs\/les-phases-du-projet\/definition-du-projet\/","title":{"rendered":"D\u00e9finition du projet"},"content":{"rendered":"<div class=\"wpb-content-wrapper\"><p>[vc_row row_height_percent=\u00a0\u00bb0&Prime; override_padding=\u00a0\u00bbyes\u00a0\u00bb h_padding=\u00a0\u00bb2&Prime; top_padding=\u00a0\u00bb3&Prime; bottom_padding=\u00a0\u00bb2&Prime; overlay_alpha=\u00a0\u00bb50&Prime; gutter_size=\u00a0\u00bb3&Prime; shift_y=\u00a0\u00bb0&Prime;][vc_column column_width_use_pixel=\u00a0\u00bbyes\u00a0\u00bb overlay_alpha=\u00a0\u00bb50&Prime; gutter_size=\u00a0\u00bb3&Prime; medium_width=\u00a0\u00bb0&Prime; shift_x=\u00a0\u00bb0&Prime; shift_y=\u00a0\u00bb0&Prime; z_index=\u00a0\u00bb0&Prime; width=\u00a0\u00bb1\/1&Prime; column_width_pixel=\u00a0\u00bb800&Prime;][vc_custom_heading]Les questions essentielles[\/vc_custom_heading][vc_column_text]<\/p>\n<ul>\n<li>Quel est le budget allou\u00e9 au projet?<\/li>\n<li>Qui est propri\u00e9taire du fond de terrain\n<ul>\n<li>Si la municipalit\u00e9 n\u2019est pas propri\u00e9taire du terrain mais gestionnaire du v\u00e9loparc, elle devrait signer une entente de longue dur\u00e9e avec le propri\u00e9taire du terrain;<\/li>\n<\/ul>\n<\/li>\n<li>Qui ex\u00e9cute les travaux?<\/li>\n<li>Qui entretient les am\u00e9nagements?<\/li>\n<li>Qui g\u00e8re ou exploite le site?<\/li>\n<li>Qui est responsable du site et qui l\u2019assure?\n<ul>\n<li>Communiquer avec l\u2019assureur pour ajouter cette activit\u00e9 \u00e0 la police d\u2019assurance et en conna\u00eetre les co\u00fbts;<\/li>\n<\/ul>\n<\/li>\n<li>Qui animera le site?<\/li>\n<\/ul>\n<p>[\/vc_column_text][vc_custom_heading]\u00c9l\u00e9ments du projet[\/vc_custom_heading][vc_column_text]<span style=\"color: #000000\"><strong>Choix du site<\/strong><\/span><\/p>\n<ul>\n<li>Accessibilit\u00e9 du site en transports en commun, en transport actif;<\/li>\n<li>Disponibilit\u00e9 locale des mat\u00e9riaux vs transport;<\/li>\n<li>Contraintes m\u00e9t\u00e9orologiques;<\/li>\n<li>Pente du terrain (restriction du type de machinerie utilisable).<\/li>\n<\/ul>\n<p><span style=\"color: #000000\"><strong>Mat\u00e9riaux et gestion de l\u2019eau<\/strong><\/span><\/p>\n<ul>\n<li>Possibilit\u00e9 de d\u00e9blai ou de remblai (excavation);<\/li>\n<li>Type de mat\u00e9riaux autoris\u00e9s (remblai, type de bois, etc.);<\/li>\n<li>Plan\u00a0de drainage;<\/li>\n<li>Besoin en irrigation.<\/li>\n<\/ul>\n<p><span style=\"color: #000000\"><strong>Am\u00e9nagement du terrain<\/strong><\/span><\/p>\n<ul>\n<li>Prendre en compte l\u2019espace disponible par rapport \u00e0 la zone concern\u00e9e lors des travaux (pendant la construction, il faudra plus d\u2019espace que la zone du v\u00e9loparc pour la machinerie utilis\u00e9e);<\/li>\n<li>Faire attention de ne pas empi\u00e9ter sur les zones de d\u00e9gagement des autres terrains sportifs ou des zones trop pr\u00e8s des maisons r\u00e9sidentielles (bruit). La municipalit\u00e9 est responsable du bruit qu\u2019elle produit sur son terrain;<\/li>\n<li>Couvert v\u00e9g\u00e9tal (ombrage);<\/li>\n<li>Capacit\u00e9 de stationnement;<\/li>\n<li>Cl\u00f4ture (restrictions d\u2019acc\u00e8s ou d\u2019espace de travail).<\/li>\n<\/ul>\n<p><span style=\"color: #000000\"><strong>Phases du projet<\/strong><\/span><\/p>\n<ul>\n<li>Contraintes quant aux dates d\u2019ex\u00e9cution en lien avec les subventions;<\/li>\n<li>P\u00e9riode de construction\u00a0: habituellement de mai \u00e0 septembre, en fonction des conditions m\u00e9t\u00e9o, pour une piste \u00e0 surface naturelle ou en asphalte\u00a0:\n<ul>\n<li>Une bonne pratique \u00e0 adopter est de mettre en place la fondation \u00e0 l\u2019automne et d\u2019attendre au printemps pour terminer les formes et proc\u00e9der \u00e0 l\u2019installation de la surface de roulement.<\/li>\n<\/ul>\n<\/li>\n<\/ul>\n<p><span style=\"color: #000000\"><strong>Aspects l\u00e9gislatifs et administratifs<\/strong><\/span><\/p>\n<ul>\n<li>Type de r\u00e9alisation (processus d\u2019attribution de contrat, s\u2019il y a lieu);<\/li>\n<li>Certificat d\u2019autorisation environnementale;<\/li>\n<li>Surface asphalt\u00e9e (qui requiert un entrepreneur d\u00e9tenant une licence de la R\u00e9gie du b\u00e2timent du Qu\u00e9bec [RBQ]);<\/li>\n<li>Pr\u00e9sence de lignes de services d\u2019utilit\u00e9 publique (Hydro-Qu\u00e9bec, Bell, etc. \u2013 Appeler Info-Excavation[1]);<\/li>\n<li>Normes de bruit lors d\u2019\u00e9v\u00e9nements;<\/li>\n<li>Restriction des heures d\u2019ouverture du site;<\/li>\n<li>Restriction des heures de travail lors de l\u2019am\u00e9nagement initial (machinerie);<\/li>\n<li>\u00c9clairage, s\u2019il y a lieu;<\/li>\n<li>La signalisation et d\u00e9termination du responsable;<\/li>\n<li>Normes paysag\u00e8res (pour ensemencement, plaques de gazon, type d\u2019arbres pouvant \u00eatre plant\u00e9s, etc.);<\/li>\n<li>Test de sols (v\u00e9rifier la pr\u00e9sence de contaminants);<\/li>\n<li>Permis pour coupe d\u2019arbres;<\/li>\n<li>Normes de v\u00e9g\u00e9tation envahissante;<\/li>\n<li>Consultation publique, s\u2019il y a lieu.<\/li>\n<\/ul>\n<p>[1] <a href=\"https:\/\/www.info-ex.com\/\" target=\"_blank\" rel=\"noopener\">https:\/\/www.info-ex.com\/<\/a>[\/vc_column_text][vc_custom_heading]Plan conceptuel[\/vc_custom_heading][vc_column_text]Un plan conceptuel d\u00e9finit l\u2019emplacement des \u00e9l\u00e9ments dans l\u2019espace. Il pr\u00e9sente visuellement les am\u00e9nagements propos\u00e9s et devient habituellement un document de r\u00e9f\u00e9rence pour une consultation publique ou des groupes d\u2019usagers.<\/p>\n<p>Outre les superficies allou\u00e9es au v\u00e9loparc, peu de mesures y sont d\u00e9taill\u00e9es. De ce plan concept, r\u00e9alis\u00e9 \u00e0 haut niveau, on peut tirer les diff\u00e9rents plans ou documents de construction qui seront produits pour l\u2019appel d\u2019offres en le comparant \u00e0 des photos ou \u00e0 des r\u00e9f\u00e9rences prises sur le Web pour pr\u00e9ciser la nature des besoins.[\/vc_column_text][vc_custom_heading]Int\u00e9gration de paysage[\/vc_custom_heading][vc_column_text]Une fois le v\u00e9loparc construit, il est recommand\u00e9 d\u2019en am\u00e9liorer l\u2019aspect visuel, ce qui a plusieurs retomb\u00e9es positives\u00a0:<\/p>\n<ul>\n<li>Identifier clairement les pistes et les trajectoires (gestion des risques, lisibilit\u00e9 des trajectoires, etc.);<\/li>\n<li>Diminuer les risques de collisions entre usagers;<\/li>\n<li>Diminuer l\u2019entretien n\u00e9cessaire (espaces gazonn\u00e9s vs terre battue, qui l\u00e8ve au vent lorsque s\u00e8che);<\/li>\n<li>Favoriser la satisfaction des usagers et du reste de la population quant \u00e0 l\u2019espace, voire diminuer le vandalisme;<\/li>\n<li>Faire l\u2019objet de projets communautaires;<\/li>\n<li>Procurer davantage d\u2019ombre dans les zones de repos par la pr\u00e9sence (ou la plantation) d\u2019arbres, et cr\u00e9er une zone plus priv\u00e9e\u00a0:\n<ul>\n<li>Le couvert v\u00e9g\u00e9tal assure le maintien d\u2019un niveau d\u2019humidit\u00e9 ad\u00e9quat dans le sol, ce qui facilite l\u2019entretien et conserve la piste \u00e0 un niveau de compaction optimal.<\/li>\n<\/ul>\n<\/li>\n<\/ul>\n<p>[\/vc_column_text][\/vc_column][\/vc_row][vc_row row_height_percent=\u00a0\u00bb0&Prime; override_padding=\u00a0\u00bbyes\u00a0\u00bb h_padding=\u00a0\u00bb2&Prime; top_padding=\u00a0\u00bb2&Prime; bottom_padding=\u00a0\u00bb2&Prime; overlay_alpha=\u00a0\u00bb50&Prime; gutter_size=\u00a0\u00bb3&Prime; shift_y=\u00a0\u00bb0&Prime;][vc_column column_width_use_pixel=\u00a0\u00bbyes\u00a0\u00bb overlay_alpha=\u00a0\u00bb50&Prime; gutter_size=\u00a0\u00bb2&Prime; medium_width=\u00a0\u00bb0&Prime; shift_x=\u00a0\u00bb0&Prime; shift_y=\u00a0\u00bb0&Prime; z_index=\u00a0\u00bb0&Prime; width=\u00a0\u00bb1\/1&Prime; column_width_pixel=\u00a0\u00bb800&Prime;][vc_button button_color=\u00a0\u00bbaccent\u00a0\u00bb size=\u00a0\u00bbbtn-lg\u00a0\u00bb radius=\u00a0\u00bbbtn-circle\u00a0\u00bb icon_position=\u00a0\u00bbright\u00a0\u00bb link=\u00a0\u00bburl:https%3A%2F%2Fwww.guides-sports-loisirs.ca%2Fveloparcs%2Fwp-content%2Fuploads%2Fsites%2F6%2F2017%2F03%2FGIS_VP_F43_DefinitionDuProjet.pdf||target:%20_blank|\u00a0\u00bb icon=\u00a0\u00bbfa fa-file-o\u00a0\u00bb]Version PDF[\/vc_button][\/vc_column][\/vc_row]<\/p>\n<\/div>","protected":false},"excerpt":{"rendered":"<p>[vc_row row_height_percent=\u00a0\u00bb0&Prime; override_padding=\u00a0\u00bbyes\u00a0\u00bb h_padding=\u00a0\u00bb2&Prime; top_padding=\u00a0\u00bb3&Prime; bottom_padding=\u00a0\u00bb2&Prime; overlay_alpha=\u00a0\u00bb50&Prime; gutter_size=\u00a0\u00bb3&Prime; shift_y=\u00a0\u00bb0&Prime;][vc_column column_width_use_pixel=\u00a0\u00bbyes\u00a0\u00bb overlay_alpha=\u00a0\u00bb50&Prime; gutter_size=\u00a0\u00bb3&Prime; medium_width=\u00a0\u00bb0&Prime; shift_x=\u00a0\u00bb0&Prime; shift_y=\u00a0\u00bb0&Prime; z_index=\u00a0\u00bb0&Prime; width=\u00a0\u00bb1\/1&Prime; column_width_pixel=\u00a0\u00bb800&Prime;][vc_custom_heading]Les questions essentielles[\/vc_custom_heading][vc_column_text] [&hellip;]<\/p>\n","protected":false},"author":11,"featured_media":0,"parent":1191,"menu_order":0,"comment_status":"closed","ping_status":"closed","template":"","meta":{"_acf_changed":false,"footnotes":""},"class_list":["post-1290","page","type-page","status-publish","hentry"],"acf":[],"yoast_head":"<!-- This site is optimized with the Yoast SEO plugin v27.2 - https:\/\/yoast.com\/product\/yoast-seo-wordpress\/ -->\n<title>D\u00e9finition du projet - V\u00e9loparcs<\/title>\n<meta name=\"robots\" content=\"index, follow, max-snippet:-1, max-image-preview:large, max-video-preview:-1\" \/>\n<link rel=\"canonical\" href=\"https:\/\/www.guides-sports-loisirs.ca\/veloparcs\/les-phases-du-projet\/definition-du-projet\/\" \/>\n<meta property=\"og:locale\" content=\"fr_FR\" \/>\n<meta property=\"og:type\" content=\"article\" \/>\n<meta property=\"og:title\" content=\"D\u00e9finition du projet - V\u00e9loparcs\" \/>\n<meta property=\"og:description\" content=\"[vc_row row_height_percent=\u00a0\u00bb0&Prime; override_padding=\u00a0\u00bbyes\u00a0\u00bb h_padding=\u00a0\u00bb2&Prime; top_padding=\u00a0\u00bb3&Prime; bottom_padding=\u00a0\u00bb2&Prime; overlay_alpha=\u00a0\u00bb50&Prime; gutter_size=\u00a0\u00bb3&Prime; shift_y=\u00a0\u00bb0&Prime;][vc_column column_width_use_pixel=\u00a0\u00bbyes\u00a0\u00bb overlay_alpha=\u00a0\u00bb50&Prime; gutter_size=\u00a0\u00bb3&Prime; medium_width=\u00a0\u00bb0&Prime; shift_x=\u00a0\u00bb0&Prime; shift_y=\u00a0\u00bb0&Prime; z_index=\u00a0\u00bb0&Prime; width=\u00a0\u00bb1\/1&Prime; column_width_pixel=\u00a0\u00bb800&Prime;][vc_custom_heading]Les questions essentielles[\/vc_custom_heading][vc_column_text] [&hellip;]\" \/>\n<meta property=\"og:url\" content=\"https:\/\/www.guides-sports-loisirs.ca\/veloparcs\/les-phases-du-projet\/definition-du-projet\/\" \/>\n<meta property=\"og:site_name\" content=\"V\u00e9loparcs\" \/>\n<meta property=\"article:modified_time\" content=\"2018-10-01T22:21:07+00:00\" \/>\n<meta name=\"twitter:card\" content=\"summary_large_image\" \/>\n<meta name=\"twitter:label1\" content=\"Dur\u00e9e de lecture estim\u00e9e\" \/>\n\t<meta name=\"twitter:data1\" content=\"5 minutes\" \/>\n<script type=\"application\/ld+json\" class=\"yoast-schema-graph\">{\"@context\":\"https:\/\/schema.org\",\"@graph\":[{\"@type\":\"WebPage\",\"@id\":\"https:\/\/www.guides-sports-loisirs.ca\/veloparcs\/les-phases-du-projet\/definition-du-projet\/\",\"url\":\"https:\/\/www.guides-sports-loisirs.ca\/veloparcs\/les-phases-du-projet\/definition-du-projet\/\",\"name\":\"D\u00e9finition du projet - V\u00e9loparcs\",\"isPartOf\":{\"@id\":\"https:\/\/www.guides-sports-loisirs.ca\/veloparcs\/#website\"},\"datePublished\":\"2018-09-13T14:24:19+00:00\",\"dateModified\":\"2018-10-01T22:21:07+00:00\",\"breadcrumb\":{\"@id\":\"https:\/\/www.guides-sports-loisirs.ca\/veloparcs\/les-phases-du-projet\/definition-du-projet\/#breadcrumb\"},\"inLanguage\":\"fr-FR\",\"potentialAction\":[{\"@type\":\"ReadAction\",\"target\":[\"https:\/\/www.guides-sports-loisirs.ca\/veloparcs\/les-phases-du-projet\/definition-du-projet\/\"]}]},{\"@type\":\"BreadcrumbList\",\"@id\":\"https:\/\/www.guides-sports-loisirs.ca\/veloparcs\/les-phases-du-projet\/definition-du-projet\/#breadcrumb\",\"itemListElement\":[{\"@type\":\"ListItem\",\"position\":1,\"name\":\"Accueil\",\"item\":\"https:\/\/www.guides-sports-loisirs.ca\/veloparcs\/\"},{\"@type\":\"ListItem\",\"position\":2,\"name\":\"Les phases du projet\",\"item\":\"https:\/\/www.guides-sports-loisirs.ca\/veloparcs\/les-phases-du-projet\/\"},{\"@type\":\"ListItem\",\"position\":3,\"name\":\"D\u00e9finition du projet\"}]},{\"@type\":\"WebSite\",\"@id\":\"https:\/\/www.guides-sports-loisirs.ca\/veloparcs\/#website\",\"url\":\"https:\/\/www.guides-sports-loisirs.ca\/veloparcs\/\",\"name\":\"V\u00e9loparcs\",\"description\":\"V\u00e9loparcs\",\"potentialAction\":[{\"@type\":\"SearchAction\",\"target\":{\"@type\":\"EntryPoint\",\"urlTemplate\":\"https:\/\/www.guides-sports-loisirs.ca\/veloparcs\/?s={search_term_string}\"},\"query-input\":{\"@type\":\"PropertyValueSpecification\",\"valueRequired\":true,\"valueName\":\"search_term_string\"}}],\"inLanguage\":\"fr-FR\"}]}<\/script>\n<!-- \/ Yoast SEO plugin. -->","yoast_head_json":{"title":"D\u00e9finition du projet - V\u00e9loparcs","robots":{"index":"index","follow":"follow","max-snippet":"max-snippet:-1","max-image-preview":"max-image-preview:large","max-video-preview":"max-video-preview:-1"},"canonical":"https:\/\/www.guides-sports-loisirs.ca\/veloparcs\/les-phases-du-projet\/definition-du-projet\/","og_locale":"fr_FR","og_type":"article","og_title":"D\u00e9finition du projet - V\u00e9loparcs","og_description":"[vc_row row_height_percent=\u00a0\u00bb0&Prime; override_padding=\u00a0\u00bbyes\u00a0\u00bb h_padding=\u00a0\u00bb2&Prime; top_padding=\u00a0\u00bb3&Prime; bottom_padding=\u00a0\u00bb2&Prime; overlay_alpha=\u00a0\u00bb50&Prime; gutter_size=\u00a0\u00bb3&Prime; shift_y=\u00a0\u00bb0&Prime;][vc_column column_width_use_pixel=\u00a0\u00bbyes\u00a0\u00bb overlay_alpha=\u00a0\u00bb50&Prime; gutter_size=\u00a0\u00bb3&Prime; medium_width=\u00a0\u00bb0&Prime; shift_x=\u00a0\u00bb0&Prime; shift_y=\u00a0\u00bb0&Prime; z_index=\u00a0\u00bb0&Prime; width=\u00a0\u00bb1\/1&Prime; column_width_pixel=\u00a0\u00bb800&Prime;][vc_custom_heading]Les questions essentielles[\/vc_custom_heading][vc_column_text] [&hellip;]","og_url":"https:\/\/www.guides-sports-loisirs.ca\/veloparcs\/les-phases-du-projet\/definition-du-projet\/","og_site_name":"V\u00e9loparcs","article_modified_time":"2018-10-01T22:21:07+00:00","twitter_card":"summary_large_image","twitter_misc":{"Dur\u00e9e de lecture estim\u00e9e":"5 minutes"},"schema":{"@context":"https:\/\/schema.org","@graph":[{"@type":"WebPage","@id":"https:\/\/www.guides-sports-loisirs.ca\/veloparcs\/les-phases-du-projet\/definition-du-projet\/","url":"https:\/\/www.guides-sports-loisirs.ca\/veloparcs\/les-phases-du-projet\/definition-du-projet\/","name":"D\u00e9finition du projet - V\u00e9loparcs","isPartOf":{"@id":"https:\/\/www.guides-sports-loisirs.ca\/veloparcs\/#website"},"datePublished":"2018-09-13T14:24:19+00:00","dateModified":"2018-10-01T22:21:07+00:00","breadcrumb":{"@id":"https:\/\/www.guides-sports-loisirs.ca\/veloparcs\/les-phases-du-projet\/definition-du-projet\/#breadcrumb"},"inLanguage":"fr-FR","potentialAction":[{"@type":"ReadAction","target":["https:\/\/www.guides-sports-loisirs.ca\/veloparcs\/les-phases-du-projet\/definition-du-projet\/"]}]},{"@type":"BreadcrumbList","@id":"https:\/\/www.guides-sports-loisirs.ca\/veloparcs\/les-phases-du-projet\/definition-du-projet\/#breadcrumb","itemListElement":[{"@type":"ListItem","position":1,"name":"Accueil","item":"https:\/\/www.guides-sports-loisirs.ca\/veloparcs\/"},{"@type":"ListItem","position":2,"name":"Les phases du projet","item":"https:\/\/www.guides-sports-loisirs.ca\/veloparcs\/les-phases-du-projet\/"},{"@type":"ListItem","position":3,"name":"D\u00e9finition du projet"}]},{"@type":"WebSite","@id":"https:\/\/www.guides-sports-loisirs.ca\/veloparcs\/#website","url":"https:\/\/www.guides-sports-loisirs.ca\/veloparcs\/","name":"V\u00e9loparcs","description":"V\u00e9loparcs","potentialAction":[{"@type":"SearchAction","target":{"@type":"EntryPoint","urlTemplate":"https:\/\/www.guides-sports-loisirs.ca\/veloparcs\/?s={search_term_string}"},"query-input":{"@type":"PropertyValueSpecification","valueRequired":true,"valueName":"search_term_string"}}],"inLanguage":"fr-FR"}]}},"_links":{"self":[{"href":"https:\/\/www.guides-sports-loisirs.ca\/veloparcs\/wp-json\/wp\/v2\/pages\/1290","targetHints":{"allow":["GET"]}}],"collection":[{"href":"https:\/\/www.guides-sports-loisirs.ca\/veloparcs\/wp-json\/wp\/v2\/pages"}],"about":[{"href":"https:\/\/www.guides-sports-loisirs.ca\/veloparcs\/wp-json\/wp\/v2\/types\/page"}],"author":[{"embeddable":true,"href":"https:\/\/www.guides-sports-loisirs.ca\/veloparcs\/wp-json\/wp\/v2\/users\/11"}],"replies":[{"embeddable":true,"href":"https:\/\/www.guides-sports-loisirs.ca\/veloparcs\/wp-json\/wp\/v2\/comments?post=1290"}],"version-history":[{"count":7,"href":"https:\/\/www.guides-sports-loisirs.ca\/veloparcs\/wp-json\/wp\/v2\/pages\/1290\/revisions"}],"predecessor-version":[{"id":1599,"href":"https:\/\/www.guides-sports-loisirs.ca\/veloparcs\/wp-json\/wp\/v2\/pages\/1290\/revisions\/1599"}],"up":[{"embeddable":true,"href":"https:\/\/www.guides-sports-loisirs.ca\/veloparcs\/wp-json\/wp\/v2\/pages\/1191"}],"wp:attachment":[{"href":"https:\/\/www.guides-sports-loisirs.ca\/veloparcs\/wp-json\/wp\/v2\/media?parent=1290"}],"curies":[{"name":"wp","href":"https:\/\/api.w.org\/{rel}","templated":true}]}}