{"id":1089,"date":"2018-09-11T16:20:55","date_gmt":"2018-09-11T20:20:55","guid":{"rendered":"https:\/\/www.guides-sports-loisirs.ca\/veloparcs\/?page_id=1089"},"modified":"2024-12-13T14:58:35","modified_gmt":"2024-12-13T19:58:35","slug":"materiaux-pour-la-surface-de-roulement","status":"publish","type":"page","link":"https:\/\/www.guides-sports-loisirs.ca\/veloparcs\/les-materiaux\/materiaux-pour-la-surface-de-roulement\/","title":{"rendered":"Mat\u00e9riaux pour la surface de roulement"},"content":{"rendered":"<div class=\"wpb-content-wrapper\"><p>[vc_row row_height_percent=\u00a0\u00bb0&Prime; override_padding=\u00a0\u00bbyes\u00a0\u00bb h_padding=\u00a0\u00bb2&Prime; top_padding=\u00a0\u00bb3&Prime; bottom_padding=\u00a0\u00bb2&Prime; overlay_alpha=\u00a0\u00bb50&Prime; gutter_size=\u00a0\u00bb3&Prime; shift_y=\u00a0\u00bb0&Prime;][vc_column column_width_use_pixel=\u00a0\u00bbyes\u00a0\u00bb gutter_size=\u00a0\u00bb3&Prime; overlay_alpha=\u00a0\u00bb50&Prime; shift_x=\u00a0\u00bb0&Prime; shift_y=\u00a0\u00bb0&Prime; z_index=\u00a0\u00bb0&Prime; medium_width=\u00a0\u00bb0&Prime; width=\u00a0\u00bb1\/1&Prime; column_width_pixel=\u00a0\u00bb800&Prime;][vc_column_text]La surface de roulement peut \u00eatre compos\u00e9e de diff\u00e9rents mat\u00e9riaux qui ont des qualit\u00e9s et des contraintes particuli\u00e8res\u00a0: la terre battue, la pierre concass\u00e9e (granit ou calcaire), l\u2019asphalte et le b\u00e9ton.[\/vc_column_text][vc_custom_heading]Types de mat\u00e9riaux[\/vc_custom_heading][vc_column_text]Il est possible d\u2019utiliser diff\u00e9rents types de mat\u00e9riaux pour r\u00e9aliser la surface de roulement. Chacun poss\u00e8de ses avantages et ses inconv\u00e9nients et, outre des consid\u00e9rations de s\u00e9curit\u00e9 (par exemple, il est recommand\u00e9 d\u2019am\u00e9nager les zones de d\u00e9gagement en terre recouverte de gazon), le choix des mat\u00e9riaux sera effectu\u00e9 en fonction des client\u00e8les vis\u00e9es, de l\u2019exp\u00e9rience recherch\u00e9e par les utilisateurs ainsi que du budget.<\/p>\n<p>Les diverses surfaces pr\u00e9sentant des niveaux de perm\u00e9abilit\u00e9 diff\u00e9rents, il faudra prendre en compte le choix des mat\u00e9riaux dans la planification du drainage.<\/p>\n<p><strong>La terre battue<\/strong><br \/>\nLa terre id\u00e9ale pour la construction de sentiers et d\u2019\u00e9l\u00e9ments constituant un v\u00e9loparc est appel\u00e9e <em>loam<\/em>. Il s\u2019agit d\u2019un m\u00e9lange d\u2019argile et de mat\u00e9riaux granulaires fins (sable ou silt), qui pr\u00e9sente les caract\u00e9ristiques optimales pour favoriser \u00e0 la fois la compaction et minimiser l\u2019\u00e9rosion due \u00e0 l\u2019\u00e9vacuation de l\u2019eau.<\/p>\n<p>Plus la surface est expos\u00e9e au soleil, plus elle n\u00e9cessitera d\u2019arrosage pour \u00e9viter qu\u2019elle devienne poudreuse et s\u2019effrite. La fr\u00e9quence d\u2019arrosage sera donc plus importante lors de longues p\u00e9riodes ensoleill\u00e9es et pour les secteurs en plein soleil, sans ombre.<\/p>\n<p>\u00c0 l\u2019oppos\u00e9, un secteur continuellement \u00e0 l\u2019ombre s\u00e9chera moins bien et devra rester ferm\u00e9 plus longtemps apr\u00e8s une forte pluie.[\/vc_column_text][vc_single_image media=\u00a0\u00bb1558&Prime; media_width_percent=\u00a0\u00bb100&Prime;][vc_column_text]<strong>Types de sols<\/strong>[\/vc_column_text][vc_custom_heading]Surface de granit ou de calcaire[\/vc_custom_heading][vc_column_text]La couche de surface de granit ou de calcaire concass\u00e9 sur fond de terre battue offre une meilleure traction et une surface de roulement plus rapide que la terre battue. Elle demande cependant davantage d\u2019entretien que la terre dans les courbes, entretien plus difficilement effectu\u00e9 par des b\u00e9n\u00e9voles.<\/p>\n<p><strong>L\u2019asphalte<\/strong><br \/>\nL\u2019asphalte ou le b\u00e9ton bitumineux est un m\u00e9lange de pierres concass\u00e9es enrob\u00e9es de bitume. Pour assurer la durabilit\u00e9 et un roulement doux, on utilise un enrob\u00e9 bitumineux de bonne qualit\u00e9, de classe\u00a0EB10c (le m\u00eame grade que celui utilis\u00e9 pour les courbes des pistes de BMX et pour les entr\u00e9es de cour priv\u00e9es au Qu\u00e9bec) ou plus fin. Une \u00e9paisseur minimale de 50\u00a0mm d\u2019asphalte est recommand\u00e9e pour r\u00e9aliser la surface de roulement.<\/p>\n<p>Il est possible d\u2019utiliser un enduit (le m\u00eame que celui utilis\u00e9 pour les terrains de tennis municipaux) pour donner davantage d\u2019adh\u00e9rence \u00e0 une surface asphalt\u00e9e. L\u2019utilisation de ce type d\u2019enduit facilite \u00e9galement le roulement, en particulier pour les trottinettes, les patins et les planches \u00e0 roulettes. Il n\u2019est pas recommand\u00e9 de s\u00e9cher la surface asphalt\u00e9e en hiver au moyen de torches car cela r\u00e9duit la dur\u00e9e de vie du mat\u00e9riau.[\/vc_column_text][vc_single_image media=\u00a0\u00bb1357&Prime; media_width_percent=\u00a0\u00bb100&Prime;][vc_column_text]<strong>Piste asphalt\u00e9e<\/strong><br \/>\n<em>Notre-Dame-de l&rsquo;\u00cele-Perrot, BMXPert<\/em>[\/vc_column_text][vc_column_text]<strong>Le b\u00e9ton<\/strong><br \/>\nLe b\u00e9ton de ciment est un assemblage de mati\u00e8re inerte compos\u00e9e de granulats ou d\u2019agr\u00e9gats (pierre concass\u00e9e, gravier, sable, etc.) et d\u2019un liant (ciment) qui les agglom\u00e8re. L\u2019ajout d\u2019eau provoque la transformation chimique du liant. En s\u00e9chant, le b\u00e9ton durcit et il reste stable par la suite.[\/vc_column_text][vc_custom_heading]Choix du mat\u00e9riel de surfa\u00e7age[\/vc_custom_heading][vc_column_text]Selon le type d\u2019\u00e9quipement, diff\u00e9rents mat\u00e9riaux pourront \u00eatre utilis\u00e9s, chacun pour des \u00e9l\u00e9ments pr\u00e9cis.<\/p>\n<p>Les <strong>parcours de sauts et de <em>slopestyle<\/em><\/strong> seront faits de terre battue de pr\u00e9f\u00e9rence, ou encore de granit ou de calcaire compact\u00e9, sauf pour les structures, qui pourront \u00eatre construites en bois, en acier (recouvert d\u2019une surface de roulement de bois) ou en b\u00e9ton, s\u2019il s\u2019agit de formes pr\u00e9construites.<\/p>\n<p>Pour les <strong>zones d\u2019habilet\u00e9s<\/strong>, les parcours reliant les obstacles seront faits de terre, sauf pour les sections de rouleaux (o\u00f9 l\u2019utilisation de l\u2019asphalte ou du b\u00e9ton est possible) et des autres composantes (bois ou pierres pour passerelles, poutres, pyramides, balan\u00e7oires et autres \u00e9l\u00e9ments).<\/p>\n<p>Le choix du mat\u00e9riel qui constituera la surface de roulement d\u2019une <a href=\"https:\/\/www.guides-sports-loisirs.ca\/pumptrack\/\" target=\"_blank\" rel=\"noopener\"><em>pumptrack<\/em><\/a> doit \u00eatre effectu\u00e9 selon plusieurs crit\u00e8res\u00a0:<\/p>\n<ul>\n<li>La client\u00e8le et l\u2019exp\u00e9rience vis\u00e9es\u00a0: la surface en asphalte rend la piste accessible \u00e0 une plus large client\u00e8le (planche \u00e0 roulettes, patins, trottinette, etc.), en plus d\u2019\u00eatre un compl\u00e9ment int\u00e9ressant \u00e0 un parc de planche \u00e0 roulettes, car les m\u00eames utilisateurs pourront alors en profiter;<\/li>\n<li>Les ressources financi\u00e8res (par exemple, une municipalit\u00e9 o\u00f9 un club sportif qui souhaite faire l\u2019entretien r\u00e9gulier aura avantage \u00e0 am\u00e9nager la piste en terre battue);<\/li>\n<li>L\u2019identit\u00e9 du responsable de l\u2019entretien (si aucun groupe n\u2019est formellement responsable de l\u2019entretien, la municipalit\u00e9 aura avantage \u00e0 recourir \u00e0 l\u2019asphalte);<\/li>\n<li>Par ailleurs, une piste en terre battue pourra \u00eatre modifi\u00e9e, alors qu\u2019une piste asphalt\u00e9e est permanente. Il faut pr\u00eater attention au positionnement du drainage, qui peut limiter les options de modification de trac\u00e9.<\/li>\n<\/ul>\n<p>[\/vc_column_text][\/vc_column][\/vc_row][vc_row row_height_percent=\u00a0\u00bb0&Prime; override_padding=\u00a0\u00bbyes\u00a0\u00bb h_padding=\u00a0\u00bb2&Prime; top_padding=\u00a0\u00bb2&Prime; bottom_padding=\u00a0\u00bb2&Prime; overlay_alpha=\u00a0\u00bb50&Prime; gutter_size=\u00a0\u00bb3&Prime; shift_y=\u00a0\u00bb0&Prime;][vc_column column_width_use_pixel=\u00a0\u00bbyes\u00a0\u00bb gutter_size=\u00a0\u00bb2&Prime; overlay_alpha=\u00a0\u00bb50&Prime; shift_x=\u00a0\u00bb0&Prime; shift_y=\u00a0\u00bb0&Prime; z_index=\u00a0\u00bb0&Prime; medium_width=\u00a0\u00bb0&Prime; width=\u00a0\u00bb1\/1&Prime; column_width_pixel=\u00a0\u00bb800&Prime;][vc_custom_heading]Caract\u00e9ristiques des surfaces de roulement[\/vc_custom_heading][vc_single_image media=\u00a0\u00bb1547&Prime; media_width_percent=\u00a0\u00bb100&Prime; media_link=\u00a0\u00bburl:https%3A%2F%2Fwww.guides-sports-loisirs.ca%2Fveloparcs%2Fwp-content%2Fuploads%2Fsites%2F6%2F2018%2F09%2FTABLEAU4.png||target:%20_blank|\u00a0\u00bb][vc_empty_space empty_h=\u00a0\u00bb2&Prime;][vc_column_text]D\u00e9cembre 2024[\/vc_column_text][\/vc_column][\/vc_row][vc_row row_height_percent=\u00a0\u00bb0&Prime; override_padding=\u00a0\u00bbyes\u00a0\u00bb h_padding=\u00a0\u00bb2&Prime; top_padding=\u00a0\u00bb2&Prime; bottom_padding=\u00a0\u00bb2&Prime; overlay_alpha=\u00a0\u00bb50&Prime; gutter_size=\u00a0\u00bb3&Prime; shift_y=\u00a0\u00bb0&Prime;][vc_column column_width_use_pixel=\u00a0\u00bbyes\u00a0\u00bb gutter_size=\u00a0\u00bb2&Prime; overlay_alpha=\u00a0\u00bb50&Prime; shift_x=\u00a0\u00bb0&Prime; shift_y=\u00a0\u00bb0&Prime; z_index=\u00a0\u00bb0&Prime; medium_width=\u00a0\u00bb0&Prime; width=\u00a0\u00bb1\/1&Prime; column_width_pixel=\u00a0\u00bb800&Prime;][vc_button button_color=\u00a0\u00bbaccent\u00a0\u00bb size=\u00a0\u00bbbtn-lg\u00a0\u00bb radius=\u00a0\u00bbbtn-circle\u00a0\u00bb border_width=\u00a0\u00bb0&Prime; icon_position=\u00a0\u00bbright\u00a0\u00bb link=\u00a0\u00bburl:https%3A%2F%2Fwww.guides-sports-loisirs.ca%2Fveloparcs%2Fwp-content%2Fuploads%2Fsites%2F6%2F2024%2F12%2FGIS_VP_F30_MateriauxSurfaceRoulement_2024.pdf||target:%20_blank|\u00a0\u00bb icon=\u00a0\u00bbfa fa-file-o\u00a0\u00bb]Version PDF[\/vc_button][\/vc_column][\/vc_row]<\/p>\n<\/div>","protected":false},"excerpt":{"rendered":"<p>[vc_row row_height_percent=\u00a0\u00bb0&Prime; override_padding=\u00a0\u00bbyes\u00a0\u00bb h_padding=\u00a0\u00bb2&Prime; top_padding=\u00a0\u00bb3&Prime; bottom_padding=\u00a0\u00bb2&Prime; overlay_alpha=\u00a0\u00bb50&Prime; gutter_size=\u00a0\u00bb3&Prime; shift_y=\u00a0\u00bb0&Prime;][vc_column column_width_use_pixel=\u00a0\u00bbyes\u00a0\u00bb gutter_size=\u00a0\u00bb3&Prime; overlay_alpha=\u00a0\u00bb50&Prime; shift_x=\u00a0\u00bb0&Prime; shift_y=\u00a0\u00bb0&Prime; z_index=\u00a0\u00bb0&Prime; medium_width=\u00a0\u00bb0&Prime; width=\u00a0\u00bb1\/1&Prime; column_width_pixel=\u00a0\u00bb800&Prime;][vc_column_text]La surface de [&hellip;]<\/p>\n","protected":false},"author":11,"featured_media":0,"parent":1076,"menu_order":0,"comment_status":"closed","ping_status":"closed","template":"","meta":{"_acf_changed":false,"footnotes":""},"class_list":["post-1089","page","type-page","status-publish","hentry"],"acf":[],"yoast_head":"<!-- This site is optimized with the Yoast SEO plugin v27.2 - https:\/\/yoast.com\/product\/yoast-seo-wordpress\/ -->\n<title>Mat\u00e9riaux pour la surface de roulement - V\u00e9loparcs<\/title>\n<meta name=\"robots\" content=\"index, follow, max-snippet:-1, max-image-preview:large, max-video-preview:-1\" \/>\n<link rel=\"canonical\" href=\"https:\/\/www.guides-sports-loisirs.ca\/veloparcs\/les-materiaux\/materiaux-pour-la-surface-de-roulement\/\" \/>\n<meta property=\"og:locale\" content=\"fr_FR\" \/>\n<meta property=\"og:type\" content=\"article\" \/>\n<meta property=\"og:title\" content=\"Mat\u00e9riaux pour la surface de roulement - V\u00e9loparcs\" \/>\n<meta property=\"og:description\" content=\"[vc_row row_height_percent=\u00a0\u00bb0&Prime; override_padding=\u00a0\u00bbyes\u00a0\u00bb h_padding=\u00a0\u00bb2&Prime; top_padding=\u00a0\u00bb3&Prime; bottom_padding=\u00a0\u00bb2&Prime; overlay_alpha=\u00a0\u00bb50&Prime; gutter_size=\u00a0\u00bb3&Prime; shift_y=\u00a0\u00bb0&Prime;][vc_column column_width_use_pixel=\u00a0\u00bbyes\u00a0\u00bb gutter_size=\u00a0\u00bb3&Prime; overlay_alpha=\u00a0\u00bb50&Prime; shift_x=\u00a0\u00bb0&Prime; shift_y=\u00a0\u00bb0&Prime; z_index=\u00a0\u00bb0&Prime; medium_width=\u00a0\u00bb0&Prime; width=\u00a0\u00bb1\/1&Prime; column_width_pixel=\u00a0\u00bb800&Prime;][vc_column_text]La surface de [&hellip;]\" \/>\n<meta property=\"og:url\" content=\"https:\/\/www.guides-sports-loisirs.ca\/veloparcs\/les-materiaux\/materiaux-pour-la-surface-de-roulement\/\" \/>\n<meta property=\"og:site_name\" content=\"V\u00e9loparcs\" \/>\n<meta property=\"article:modified_time\" content=\"2024-12-13T19:58:35+00:00\" \/>\n<meta name=\"twitter:card\" content=\"summary_large_image\" \/>\n<meta name=\"twitter:label1\" content=\"Dur\u00e9e de lecture estim\u00e9e\" \/>\n\t<meta name=\"twitter:data1\" content=\"5 minutes\" \/>\n<script type=\"application\/ld+json\" class=\"yoast-schema-graph\">{\"@context\":\"https:\/\/schema.org\",\"@graph\":[{\"@type\":\"WebPage\",\"@id\":\"https:\/\/www.guides-sports-loisirs.ca\/veloparcs\/les-materiaux\/materiaux-pour-la-surface-de-roulement\/\",\"url\":\"https:\/\/www.guides-sports-loisirs.ca\/veloparcs\/les-materiaux\/materiaux-pour-la-surface-de-roulement\/\",\"name\":\"Mat\u00e9riaux pour la surface de roulement - V\u00e9loparcs\",\"isPartOf\":{\"@id\":\"https:\/\/www.guides-sports-loisirs.ca\/veloparcs\/#website\"},\"datePublished\":\"2018-09-11T20:20:55+00:00\",\"dateModified\":\"2024-12-13T19:58:35+00:00\",\"breadcrumb\":{\"@id\":\"https:\/\/www.guides-sports-loisirs.ca\/veloparcs\/les-materiaux\/materiaux-pour-la-surface-de-roulement\/#breadcrumb\"},\"inLanguage\":\"fr-FR\",\"potentialAction\":[{\"@type\":\"ReadAction\",\"target\":[\"https:\/\/www.guides-sports-loisirs.ca\/veloparcs\/les-materiaux\/materiaux-pour-la-surface-de-roulement\/\"]}]},{\"@type\":\"BreadcrumbList\",\"@id\":\"https:\/\/www.guides-sports-loisirs.ca\/veloparcs\/les-materiaux\/materiaux-pour-la-surface-de-roulement\/#breadcrumb\",\"itemListElement\":[{\"@type\":\"ListItem\",\"position\":1,\"name\":\"Accueil\",\"item\":\"https:\/\/www.guides-sports-loisirs.ca\/veloparcs\/\"},{\"@type\":\"ListItem\",\"position\":2,\"name\":\"Les mat\u00e9riaux\",\"item\":\"https:\/\/www.guides-sports-loisirs.ca\/veloparcs\/les-materiaux\/\"},{\"@type\":\"ListItem\",\"position\":3,\"name\":\"Mat\u00e9riaux pour la surface de roulement\"}]},{\"@type\":\"WebSite\",\"@id\":\"https:\/\/www.guides-sports-loisirs.ca\/veloparcs\/#website\",\"url\":\"https:\/\/www.guides-sports-loisirs.ca\/veloparcs\/\",\"name\":\"V\u00e9loparcs\",\"description\":\"V\u00e9loparcs\",\"potentialAction\":[{\"@type\":\"SearchAction\",\"target\":{\"@type\":\"EntryPoint\",\"urlTemplate\":\"https:\/\/www.guides-sports-loisirs.ca\/veloparcs\/?s={search_term_string}\"},\"query-input\":{\"@type\":\"PropertyValueSpecification\",\"valueRequired\":true,\"valueName\":\"search_term_string\"}}],\"inLanguage\":\"fr-FR\"}]}<\/script>\n<!-- \/ Yoast SEO plugin. -->","yoast_head_json":{"title":"Mat\u00e9riaux pour la surface de roulement - V\u00e9loparcs","robots":{"index":"index","follow":"follow","max-snippet":"max-snippet:-1","max-image-preview":"max-image-preview:large","max-video-preview":"max-video-preview:-1"},"canonical":"https:\/\/www.guides-sports-loisirs.ca\/veloparcs\/les-materiaux\/materiaux-pour-la-surface-de-roulement\/","og_locale":"fr_FR","og_type":"article","og_title":"Mat\u00e9riaux pour la surface de roulement - V\u00e9loparcs","og_description":"[vc_row row_height_percent=\u00a0\u00bb0&Prime; override_padding=\u00a0\u00bbyes\u00a0\u00bb h_padding=\u00a0\u00bb2&Prime; top_padding=\u00a0\u00bb3&Prime; bottom_padding=\u00a0\u00bb2&Prime; overlay_alpha=\u00a0\u00bb50&Prime; gutter_size=\u00a0\u00bb3&Prime; shift_y=\u00a0\u00bb0&Prime;][vc_column column_width_use_pixel=\u00a0\u00bbyes\u00a0\u00bb gutter_size=\u00a0\u00bb3&Prime; overlay_alpha=\u00a0\u00bb50&Prime; shift_x=\u00a0\u00bb0&Prime; shift_y=\u00a0\u00bb0&Prime; z_index=\u00a0\u00bb0&Prime; medium_width=\u00a0\u00bb0&Prime; width=\u00a0\u00bb1\/1&Prime; column_width_pixel=\u00a0\u00bb800&Prime;][vc_column_text]La surface de [&hellip;]","og_url":"https:\/\/www.guides-sports-loisirs.ca\/veloparcs\/les-materiaux\/materiaux-pour-la-surface-de-roulement\/","og_site_name":"V\u00e9loparcs","article_modified_time":"2024-12-13T19:58:35+00:00","twitter_card":"summary_large_image","twitter_misc":{"Dur\u00e9e de lecture estim\u00e9e":"5 minutes"},"schema":{"@context":"https:\/\/schema.org","@graph":[{"@type":"WebPage","@id":"https:\/\/www.guides-sports-loisirs.ca\/veloparcs\/les-materiaux\/materiaux-pour-la-surface-de-roulement\/","url":"https:\/\/www.guides-sports-loisirs.ca\/veloparcs\/les-materiaux\/materiaux-pour-la-surface-de-roulement\/","name":"Mat\u00e9riaux pour la surface de roulement - V\u00e9loparcs","isPartOf":{"@id":"https:\/\/www.guides-sports-loisirs.ca\/veloparcs\/#website"},"datePublished":"2018-09-11T20:20:55+00:00","dateModified":"2024-12-13T19:58:35+00:00","breadcrumb":{"@id":"https:\/\/www.guides-sports-loisirs.ca\/veloparcs\/les-materiaux\/materiaux-pour-la-surface-de-roulement\/#breadcrumb"},"inLanguage":"fr-FR","potentialAction":[{"@type":"ReadAction","target":["https:\/\/www.guides-sports-loisirs.ca\/veloparcs\/les-materiaux\/materiaux-pour-la-surface-de-roulement\/"]}]},{"@type":"BreadcrumbList","@id":"https:\/\/www.guides-sports-loisirs.ca\/veloparcs\/les-materiaux\/materiaux-pour-la-surface-de-roulement\/#breadcrumb","itemListElement":[{"@type":"ListItem","position":1,"name":"Accueil","item":"https:\/\/www.guides-sports-loisirs.ca\/veloparcs\/"},{"@type":"ListItem","position":2,"name":"Les mat\u00e9riaux","item":"https:\/\/www.guides-sports-loisirs.ca\/veloparcs\/les-materiaux\/"},{"@type":"ListItem","position":3,"name":"Mat\u00e9riaux pour la surface de roulement"}]},{"@type":"WebSite","@id":"https:\/\/www.guides-sports-loisirs.ca\/veloparcs\/#website","url":"https:\/\/www.guides-sports-loisirs.ca\/veloparcs\/","name":"V\u00e9loparcs","description":"V\u00e9loparcs","potentialAction":[{"@type":"SearchAction","target":{"@type":"EntryPoint","urlTemplate":"https:\/\/www.guides-sports-loisirs.ca\/veloparcs\/?s={search_term_string}"},"query-input":{"@type":"PropertyValueSpecification","valueRequired":true,"valueName":"search_term_string"}}],"inLanguage":"fr-FR"}]}},"_links":{"self":[{"href":"https:\/\/www.guides-sports-loisirs.ca\/veloparcs\/wp-json\/wp\/v2\/pages\/1089","targetHints":{"allow":["GET"]}}],"collection":[{"href":"https:\/\/www.guides-sports-loisirs.ca\/veloparcs\/wp-json\/wp\/v2\/pages"}],"about":[{"href":"https:\/\/www.guides-sports-loisirs.ca\/veloparcs\/wp-json\/wp\/v2\/types\/page"}],"author":[{"embeddable":true,"href":"https:\/\/www.guides-sports-loisirs.ca\/veloparcs\/wp-json\/wp\/v2\/users\/11"}],"replies":[{"embeddable":true,"href":"https:\/\/www.guides-sports-loisirs.ca\/veloparcs\/wp-json\/wp\/v2\/comments?post=1089"}],"version-history":[{"count":17,"href":"https:\/\/www.guides-sports-loisirs.ca\/veloparcs\/wp-json\/wp\/v2\/pages\/1089\/revisions"}],"predecessor-version":[{"id":1730,"href":"https:\/\/www.guides-sports-loisirs.ca\/veloparcs\/wp-json\/wp\/v2\/pages\/1089\/revisions\/1730"}],"up":[{"embeddable":true,"href":"https:\/\/www.guides-sports-loisirs.ca\/veloparcs\/wp-json\/wp\/v2\/pages\/1076"}],"wp:attachment":[{"href":"https:\/\/www.guides-sports-loisirs.ca\/veloparcs\/wp-json\/wp\/v2\/media?parent=1089"}],"curies":[{"name":"wp","href":"https:\/\/api.w.org\/{rel}","templated":true}]}}