{"id":171,"date":"2017-05-05T14:46:18","date_gmt":"2017-05-05T18:46:18","guid":{"rendered":"https:\/\/www.guides-sports-loisirs.ca\/terrains-de-balle\/?page_id=171"},"modified":"2017-06-20T11:18:31","modified_gmt":"2017-06-20T15:18:31","slug":"types-sols-champ-interieur","status":"publish","type":"page","link":"https:\/\/www.guides-sports-loisirs.ca\/terrains-de-balle\/conception-et-amenagement\/types-sols-champ-interieur\/","title":{"rendered":"Les types de sols du champ int\u00e9rieur"},"content":{"rendered":"<div class=\"wpb-content-wrapper\"><p>[vc_row row_height_percent=\u00a0\u00bb0&Prime; override_padding=\u00a0\u00bbyes\u00a0\u00bb h_padding=\u00a0\u00bb2&Prime; top_padding=\u00a0\u00bb2&Prime; bottom_padding=\u00a0\u00bb2&Prime; overlay_alpha=\u00a0\u00bb50&Prime; gutter_size=\u00a0\u00bb3&Prime; shift_y=\u00a0\u00bb0&Prime;][vc_column column_width_use_pixel=\u00a0\u00bbyes\u00a0\u00bb overlay_alpha=\u00a0\u00bb50&Prime; gutter_size=\u00a0\u00bb2&Prime; medium_width=\u00a0\u00bb0&Prime; shift_x=\u00a0\u00bb0&Prime; shift_y=\u00a0\u00bb0&Prime; z_index=\u00a0\u00bb0&Prime; width=\u00a0\u00bb1\/1&Prime; column_width_pixel=\u00a0\u00bb800&Prime;][vc_accordion el_class=\u00a0\u00bbaccordeon\u00a0\u00bb][vc_accordion_tab title=\u00a0\u00bbTypes de m\u00e9langes \u00ab\u00a0][vc_single_image media=\u00a0\u00bb174&Prime; media_width_percent=\u00a0\u00bb100&Prime;][vc_empty_space empty_h=\u00a0\u00bb2\u00a0\u00bb][vc_column_text]Il existe de nombreux m\u00e9langes sur le march\u00e9. Tous ont leurs particularit\u00e9s, mais de fa\u00e7on g\u00e9n\u00e9rale, les m\u00e9langes con\u00e7us pour les terrains de baseball et de softball sont faits de sable, de limon et de glaise, dans les proportions approximatives suivantes :<\/p>\n<p>Pour que le m\u00e9lange soit performant, il faut respecter certaines conditions. Le ratio glaise\/limon peut varier, mais la quantit\u00e9 de glaise\u00a0devra toujours \u00eatre plus \u00e9lev\u00e9e ou \u00e9gale \u00e0 celle du limon. Id\u00e9alement, on parle d\u2019un ratio 1:1, mais ce ratio peut varier de 0,5 \u00e0 1. Par ailleurs, l\u2019analyse granulom\u00e9trique ne doit pas d\u00e9celer plus de 3 % de particules de taille sup\u00e9rieure \u00e0 2 mm. Les particules des deux tiers du sable doivent \u00eatre de taille sup\u00e9rieure \u00e0 0,25 mm (sable moyen).<\/p>\n<p>Plus la teneur en glaise et en limon est \u00e9lev\u00e9e, plus le m\u00e9lange sera ferme et plus le potentiel de r\u00e9tention d\u2019eau sera grand. Les sols stabilis\u00e9s doivent maintenir un taux d\u2019humidit\u00e9 variant de 4 % \u00e0 12 % id\u00e9alement.<\/p>\n<p><strong>Avant de choisir un m\u00e9lange pour un nouveau terrain, posez-vous quelques questions :<\/strong><\/p>\n<ul>\n<li>\u00c0 quelle(s) cat\u00e9gorie(s) de joueurs et \u00e0 quel(s) niveau(x) de jeu servira le terrain?<\/li>\n<li>Quelles sont les attentes des utilisateurs?<\/li>\n<li>Quel niveau d\u2019entretien serez-vous en mesure d\u2019offrir?<\/li>\n<li>De combien disposez-vous (budget)?<\/li>\n<li>Pourrez-vous irriguer le terrain (approvisionnement en eau)?<\/li>\n<\/ul>\n<p>Les m\u00e9langes r\u00e9cr\u00e9atifs sont g\u00e9n\u00e9ralement plus sablonneux, donc plus difficiles \u00e0 garder humides. Un m\u00e9lange de bonne qualit\u00e9 r\u00e9duira les besoins en eau au fil de la saison.<\/p>\n<p><strong>Au moment de l\u2019achat, pr\u00e9voyez un suppl\u00e9ment de 10 % de la surface stabilis\u00e9e totale, que vous garderez en r\u00e9serve pour l\u2019entretien.<\/strong>[\/vc_column_text][vc_empty_space empty_h=\u00a0\u00bb2&Prime;][vc_column_text border_color=\u00a0\u00bbcolor-193714&Prime; border_style=\u00a0\u00bbsolid\u00a0\u00bb css=\u00a0\u00bb.vc_custom_1494601625894{border-top-width: 10px !important;border-right-width: 10px !important;border-bottom-width: 10px !important;border-left-width: 10px !important;padding-top: 10px !important;padding-right: 10px !important;padding-bottom: 10px !important;padding-left: 10px !important;}\u00a0\u00bb]<\/p>\n<h3 style=\"text-align: center;\"><span style=\"color: #01b418;\">Les sols stabilis\u00e9s doivent maintenir un taux<br \/>\nd\u2019humidit\u00e9 variant de 4 % \u00e0 12 % id\u00e9alement.<\/span><\/h3>\n<p>[\/vc_column_text][\/vc_accordion_tab][vc_accordion_tab title=\u00a0\u00bbConditionneur de sol (calcined clay)\u00a0\u00bb][vc_column_text]Souvent oubli\u00e9 dans presque tous les projets d\u2019am\u00e9nagement au Qu\u00e9bec, le conditionneur de sol (essentiellement de l\u2019argile cuite) aide \u00e0 maintenir un taux d\u2019humidit\u00e9 optimal dans le sol du champ int\u00e9rieur. Il permet \u00e9galement d\u2019obtenir une surface plus s\u00e9curitaire en cas de glissade et emp\u00eache la \u00ab surcompaction \u00bb des composantes en surface.<\/p>\n<p>Le conditionneur de sol r\u00e9duit aussi le d\u00e9placement du sol stabilis\u00e9 avec les souliers (crampons) et, autre avantage tr\u00e8s important, il r\u00e9duit le nombre de joutes retard\u00e9es ou annul\u00e9es en raison de la pluie \u00e0 cause de sa grande capacit\u00e9 d\u2019absorber l\u2019eau.<\/p>\n<p>Une fois le sol stabilis\u00e9 mis en place, nivel\u00e9 et compact\u00e9, il suffit d\u2019appliquer une mince couche de conditionneur de sol en surface.<\/p>\n<p>Il est \u00e9galement possible de restaurer une surface avec du conditionneur de sol de la fa\u00e7on suivante :<\/p>\n<ul>\n<li>\u00c9pandre le conditionneur de sol sur la surface de jeu, sur une \u00e9paisseur d\u2019environ 1\/2 pouce (1,3 cm).<\/li>\n<li>\u00c0 l\u2019aide d\u2019un rotoculteur, m\u00e9langer le conditionneur avec le sol stabilis\u00e9 \u00e0 une profondeur de 3 pouces (7,6 cm).<\/li>\n<\/ul>\n<p>Ayant une tr\u00e8s grande capacit\u00e9 d\u2019absorption et de r\u00e9tention d\u2019eau (environ 90 % de leur poids nominal), les particules de conditionneur de sol agissent comme des petites \u00e9ponges \u00e0 l\u2019int\u00e9rieur du sol stabilis\u00e9.[\/vc_column_text][\/vc_accordion_tab][vc_accordion_tab title=\u00a0\u00bbLa composante sup\u00e9rieure (Top dressing) \u00ab\u00a0][vc_column_text]Sur les terrains de haute qualit\u00e9, il est possible d\u2019ajouter une composante sup\u00e9rieure d\u2019argile cuite sur une \u00e9paisseur de 1\/4 pouce (0,6 cm). Cette composante permet de maintenir le sol humide, s\u00e9curitaire et en meilleure condition. Elle am\u00e9liore \u00e9galement la surface de glisse pour les joueurs. Elle doit cependant \u00eatre arros\u00e9e r\u00e9guli\u00e8rement et se d\u00e9grade rapidement. Il faudra donc en ajouter au fil de la saison.[\/vc_column_text][\/vc_accordion_tab][vc_accordion_tab title=\u00a0\u00bbProduits de s\u00e9chage rapide (Quick dry)\u00a0\u00bb][vc_column_text]Il existe sur le march\u00e9 des produits de s\u00e9chage rapide des surfaces. De fa\u00e7on g\u00e9n\u00e9rale, ces produits fonctionnent bien, mais ils ne doivent servir qu\u2019en situation de d\u00e9pannage et non de fa\u00e7on r\u00e9guli\u00e8re pour l\u2019entretien.<\/p>\n<p>On a trop souvent tendance \u00e0 utiliser ces produits pour corriger les d\u00e9pressions du terrain. Les produits de s\u00e9chage rapide peuvent aider \u00e0 ass\u00e9cher le terrain avant un match, mais il faudra trouver la source du probl\u00e8me et corriger la situation. L\u2019ajout de produit de s\u00e9chage rapide en trop grande quantit\u00e9 modifiera la granulom\u00e9trie du terrain, lequel aura tendance \u00e0 durcir.[\/vc_column_text][\/vc_accordion_tab][\/vc_accordion][\/vc_column][\/vc_row][vc_row row_height_percent=\u00a0\u00bb0&Prime; override_padding=\u00a0\u00bbyes\u00a0\u00bb h_padding=\u00a0\u00bb2&Prime; top_padding=\u00a0\u00bb2&Prime; bottom_padding=\u00a0\u00bb2&Prime; overlay_alpha=\u00a0\u00bb50&Prime; gutter_size=\u00a0\u00bb3&Prime; shift_y=\u00a0\u00bb0&Prime;][vc_column column_width_use_pixel=\u00a0\u00bbyes\u00a0\u00bb overlay_alpha=\u00a0\u00bb50&Prime; gutter_size=\u00a0\u00bb2&Prime; medium_width=\u00a0\u00bb0&Prime; shift_x=\u00a0\u00bb0&Prime; shift_y=\u00a0\u00bb0&Prime; z_index=\u00a0\u00bb0&Prime; width=\u00a0\u00bb1\/1&Prime; column_width_pixel=\u00a0\u00bb800&Prime;][vc_button button_color=\u00a0\u00bbaccent\u00a0\u00bb size=\u00a0\u00bbbtn-lg\u00a0\u00bb radius=\u00a0\u00bbbtn-circle\u00a0\u00bb icon_position=\u00a0\u00bbright\u00a0\u00bb link=\u00a0\u00bburl:http%3A%2F%2Fwww.guides-sports-loisirs.ca%2Fwp-content%2Fuploads%2F2017%2F06%2FGIS_ConceptionAmenagement_TypeSols2.pdf||target:%20_blank|\u00a0\u00bb icon=\u00a0\u00bbfa fa-file-o\u00a0\u00bb]Version PDF[\/vc_button][\/vc_column][\/vc_row]<\/p>\n<\/div>","protected":false},"excerpt":{"rendered":"<p>[vc_row row_height_percent=\u00a0\u00bb0&Prime; override_padding=\u00a0\u00bbyes\u00a0\u00bb h_padding=\u00a0\u00bb2&Prime; top_padding=\u00a0\u00bb2&Prime; bottom_padding=\u00a0\u00bb2&Prime; overlay_alpha=\u00a0\u00bb50&Prime; gutter_size=\u00a0\u00bb3&Prime; shift_y=\u00a0\u00bb0&Prime;][vc_column column_width_use_pixel=\u00a0\u00bbyes\u00a0\u00bb overlay_alpha=\u00a0\u00bb50&Prime; gutter_size=\u00a0\u00bb2&Prime; medium_width=\u00a0\u00bb0&Prime; shift_x=\u00a0\u00bb0&Prime; shift_y=\u00a0\u00bb0&Prime; z_index=\u00a0\u00bb0&Prime; width=\u00a0\u00bb1\/1&Prime; column_width_pixel=\u00a0\u00bb800&Prime;][vc_accordion el_class=\u00a0\u00bbaccordeon\u00a0\u00bb][vc_accordion_tab title=\u00a0\u00bbTypes [&hellip;]<\/p>\n","protected":false},"author":11,"featured_media":0,"parent":60,"menu_order":0,"comment_status":"closed","ping_status":"closed","template":"","meta":{"_acf_changed":false,"footnotes":""},"class_list":["post-171","page","type-page","status-publish","hentry"],"acf":[],"yoast_head":"<!-- This site is optimized with the Yoast SEO plugin v27.4 - https:\/\/yoast.com\/product\/yoast-seo-wordpress\/ -->\n<title>Les types de sols du champ int\u00e9rieur - Terrains de balle<\/title>\n<meta name=\"robots\" content=\"index, follow, max-snippet:-1, max-image-preview:large, max-video-preview:-1\" \/>\n<link rel=\"canonical\" href=\"https:\/\/www.guides-sports-loisirs.ca\/terrains-de-balle\/conception-et-amenagement\/types-sols-champ-interieur\/\" \/>\n<meta property=\"og:locale\" content=\"fr_FR\" \/>\n<meta property=\"og:type\" content=\"article\" \/>\n<meta property=\"og:title\" content=\"Les types de sols du champ int\u00e9rieur - Terrains de balle\" \/>\n<meta property=\"og:description\" content=\"[vc_row row_height_percent=\u00a0\u00bb0&Prime; override_padding=\u00a0\u00bbyes\u00a0\u00bb h_padding=\u00a0\u00bb2&Prime; top_padding=\u00a0\u00bb2&Prime; bottom_padding=\u00a0\u00bb2&Prime; overlay_alpha=\u00a0\u00bb50&Prime; gutter_size=\u00a0\u00bb3&Prime; shift_y=\u00a0\u00bb0&Prime;][vc_column column_width_use_pixel=\u00a0\u00bbyes\u00a0\u00bb overlay_alpha=\u00a0\u00bb50&Prime; gutter_size=\u00a0\u00bb2&Prime; medium_width=\u00a0\u00bb0&Prime; shift_x=\u00a0\u00bb0&Prime; shift_y=\u00a0\u00bb0&Prime; z_index=\u00a0\u00bb0&Prime; width=\u00a0\u00bb1\/1&Prime; column_width_pixel=\u00a0\u00bb800&Prime;][vc_accordion el_class=\u00a0\u00bbaccordeon\u00a0\u00bb][vc_accordion_tab title=\u00a0\u00bbTypes [&hellip;]\" \/>\n<meta property=\"og:url\" content=\"https:\/\/www.guides-sports-loisirs.ca\/terrains-de-balle\/conception-et-amenagement\/types-sols-champ-interieur\/\" \/>\n<meta property=\"og:site_name\" content=\"Terrains de balle\" \/>\n<meta property=\"article:modified_time\" content=\"2017-06-20T15:18:31+00:00\" \/>\n<meta name=\"twitter:card\" content=\"summary_large_image\" \/>\n<meta name=\"twitter:label1\" content=\"Dur\u00e9e de lecture estim\u00e9e\" \/>\n\t<meta name=\"twitter:data1\" content=\"5 minutes\" \/>\n<script type=\"application\/ld+json\" class=\"yoast-schema-graph\">{\"@context\":\"https:\\\/\\\/schema.org\",\"@graph\":[{\"@type\":\"WebPage\",\"@id\":\"https:\\\/\\\/www.guides-sports-loisirs.ca\\\/terrains-de-balle\\\/conception-et-amenagement\\\/types-sols-champ-interieur\\\/\",\"url\":\"https:\\\/\\\/www.guides-sports-loisirs.ca\\\/terrains-de-balle\\\/conception-et-amenagement\\\/types-sols-champ-interieur\\\/\",\"name\":\"Les types de sols du champ int\u00e9rieur - Terrains de balle\",\"isPartOf\":{\"@id\":\"https:\\\/\\\/www.guides-sports-loisirs.ca\\\/terrains-de-balle\\\/#website\"},\"datePublished\":\"2017-05-05T18:46:18+00:00\",\"dateModified\":\"2017-06-20T15:18:31+00:00\",\"breadcrumb\":{\"@id\":\"https:\\\/\\\/www.guides-sports-loisirs.ca\\\/terrains-de-balle\\\/conception-et-amenagement\\\/types-sols-champ-interieur\\\/#breadcrumb\"},\"inLanguage\":\"fr-FR\",\"potentialAction\":[{\"@type\":\"ReadAction\",\"target\":[\"https:\\\/\\\/www.guides-sports-loisirs.ca\\\/terrains-de-balle\\\/conception-et-amenagement\\\/types-sols-champ-interieur\\\/\"]}]},{\"@type\":\"BreadcrumbList\",\"@id\":\"https:\\\/\\\/www.guides-sports-loisirs.ca\\\/terrains-de-balle\\\/conception-et-amenagement\\\/types-sols-champ-interieur\\\/#breadcrumb\",\"itemListElement\":[{\"@type\":\"ListItem\",\"position\":1,\"name\":\"Accueil\",\"item\":\"https:\\\/\\\/www.guides-sports-loisirs.ca\\\/terrains-de-balle\\\/\"},{\"@type\":\"ListItem\",\"position\":2,\"name\":\"Conception et am\u00e9nagement\",\"item\":\"https:\\\/\\\/www.guides-sports-loisirs.ca\\\/terrains-de-balle\\\/conception-et-amenagement\\\/\"},{\"@type\":\"ListItem\",\"position\":3,\"name\":\"Les types de sols du champ int\u00e9rieur\"}]},{\"@type\":\"WebSite\",\"@id\":\"https:\\\/\\\/www.guides-sports-loisirs.ca\\\/terrains-de-balle\\\/#website\",\"url\":\"https:\\\/\\\/www.guides-sports-loisirs.ca\\\/terrains-de-balle\\\/\",\"name\":\"Terrains de balle\",\"description\":\"\",\"potentialAction\":[{\"@type\":\"SearchAction\",\"target\":{\"@type\":\"EntryPoint\",\"urlTemplate\":\"https:\\\/\\\/www.guides-sports-loisirs.ca\\\/terrains-de-balle\\\/?s={search_term_string}\"},\"query-input\":{\"@type\":\"PropertyValueSpecification\",\"valueRequired\":true,\"valueName\":\"search_term_string\"}}],\"inLanguage\":\"fr-FR\"}]}<\/script>\n<!-- \/ Yoast SEO plugin. -->","yoast_head_json":{"title":"Les types de sols du champ int\u00e9rieur - Terrains de balle","robots":{"index":"index","follow":"follow","max-snippet":"max-snippet:-1","max-image-preview":"max-image-preview:large","max-video-preview":"max-video-preview:-1"},"canonical":"https:\/\/www.guides-sports-loisirs.ca\/terrains-de-balle\/conception-et-amenagement\/types-sols-champ-interieur\/","og_locale":"fr_FR","og_type":"article","og_title":"Les types de sols du champ int\u00e9rieur - Terrains de balle","og_description":"[vc_row row_height_percent=\u00a0\u00bb0&Prime; override_padding=\u00a0\u00bbyes\u00a0\u00bb h_padding=\u00a0\u00bb2&Prime; top_padding=\u00a0\u00bb2&Prime; bottom_padding=\u00a0\u00bb2&Prime; overlay_alpha=\u00a0\u00bb50&Prime; gutter_size=\u00a0\u00bb3&Prime; shift_y=\u00a0\u00bb0&Prime;][vc_column column_width_use_pixel=\u00a0\u00bbyes\u00a0\u00bb overlay_alpha=\u00a0\u00bb50&Prime; gutter_size=\u00a0\u00bb2&Prime; medium_width=\u00a0\u00bb0&Prime; shift_x=\u00a0\u00bb0&Prime; shift_y=\u00a0\u00bb0&Prime; z_index=\u00a0\u00bb0&Prime; width=\u00a0\u00bb1\/1&Prime; column_width_pixel=\u00a0\u00bb800&Prime;][vc_accordion el_class=\u00a0\u00bbaccordeon\u00a0\u00bb][vc_accordion_tab title=\u00a0\u00bbTypes [&hellip;]","og_url":"https:\/\/www.guides-sports-loisirs.ca\/terrains-de-balle\/conception-et-amenagement\/types-sols-champ-interieur\/","og_site_name":"Terrains de balle","article_modified_time":"2017-06-20T15:18:31+00:00","twitter_card":"summary_large_image","twitter_misc":{"Dur\u00e9e de lecture estim\u00e9e":"5 minutes"},"schema":{"@context":"https:\/\/schema.org","@graph":[{"@type":"WebPage","@id":"https:\/\/www.guides-sports-loisirs.ca\/terrains-de-balle\/conception-et-amenagement\/types-sols-champ-interieur\/","url":"https:\/\/www.guides-sports-loisirs.ca\/terrains-de-balle\/conception-et-amenagement\/types-sols-champ-interieur\/","name":"Les types de sols du champ int\u00e9rieur - Terrains de balle","isPartOf":{"@id":"https:\/\/www.guides-sports-loisirs.ca\/terrains-de-balle\/#website"},"datePublished":"2017-05-05T18:46:18+00:00","dateModified":"2017-06-20T15:18:31+00:00","breadcrumb":{"@id":"https:\/\/www.guides-sports-loisirs.ca\/terrains-de-balle\/conception-et-amenagement\/types-sols-champ-interieur\/#breadcrumb"},"inLanguage":"fr-FR","potentialAction":[{"@type":"ReadAction","target":["https:\/\/www.guides-sports-loisirs.ca\/terrains-de-balle\/conception-et-amenagement\/types-sols-champ-interieur\/"]}]},{"@type":"BreadcrumbList","@id":"https:\/\/www.guides-sports-loisirs.ca\/terrains-de-balle\/conception-et-amenagement\/types-sols-champ-interieur\/#breadcrumb","itemListElement":[{"@type":"ListItem","position":1,"name":"Accueil","item":"https:\/\/www.guides-sports-loisirs.ca\/terrains-de-balle\/"},{"@type":"ListItem","position":2,"name":"Conception et am\u00e9nagement","item":"https:\/\/www.guides-sports-loisirs.ca\/terrains-de-balle\/conception-et-amenagement\/"},{"@type":"ListItem","position":3,"name":"Les types de sols du champ int\u00e9rieur"}]},{"@type":"WebSite","@id":"https:\/\/www.guides-sports-loisirs.ca\/terrains-de-balle\/#website","url":"https:\/\/www.guides-sports-loisirs.ca\/terrains-de-balle\/","name":"Terrains de balle","description":"","potentialAction":[{"@type":"SearchAction","target":{"@type":"EntryPoint","urlTemplate":"https:\/\/www.guides-sports-loisirs.ca\/terrains-de-balle\/?s={search_term_string}"},"query-input":{"@type":"PropertyValueSpecification","valueRequired":true,"valueName":"search_term_string"}}],"inLanguage":"fr-FR"}]}},"_links":{"self":[{"href":"https:\/\/www.guides-sports-loisirs.ca\/terrains-de-balle\/wp-json\/wp\/v2\/pages\/171","targetHints":{"allow":["GET"]}}],"collection":[{"href":"https:\/\/www.guides-sports-loisirs.ca\/terrains-de-balle\/wp-json\/wp\/v2\/pages"}],"about":[{"href":"https:\/\/www.guides-sports-loisirs.ca\/terrains-de-balle\/wp-json\/wp\/v2\/types\/page"}],"author":[{"embeddable":true,"href":"https:\/\/www.guides-sports-loisirs.ca\/terrains-de-balle\/wp-json\/wp\/v2\/users\/11"}],"replies":[{"embeddable":true,"href":"https:\/\/www.guides-sports-loisirs.ca\/terrains-de-balle\/wp-json\/wp\/v2\/comments?post=171"}],"version-history":[{"count":15,"href":"https:\/\/www.guides-sports-loisirs.ca\/terrains-de-balle\/wp-json\/wp\/v2\/pages\/171\/revisions"}],"predecessor-version":[{"id":651,"href":"https:\/\/www.guides-sports-loisirs.ca\/terrains-de-balle\/wp-json\/wp\/v2\/pages\/171\/revisions\/651"}],"up":[{"embeddable":true,"href":"https:\/\/www.guides-sports-loisirs.ca\/terrains-de-balle\/wp-json\/wp\/v2\/pages\/60"}],"wp:attachment":[{"href":"https:\/\/www.guides-sports-loisirs.ca\/terrains-de-balle\/wp-json\/wp\/v2\/media?parent=171"}],"curies":[{"name":"wp","href":"https:\/\/api.w.org\/{rel}","templated":true}]}}