{"id":3491,"date":"2021-01-26T11:52:52","date_gmt":"2021-01-26T16:52:52","guid":{"rendered":"https:\/\/www.guides-sports-loisirs.ca\/tennis-exterieurs\/?page_id=3491"},"modified":"2021-02-02T12:53:59","modified_gmt":"2021-02-02T17:53:59","slug":"cloture","status":"publish","type":"page","link":"https:\/\/www.guides-sports-loisirs.ca\/tennis-exterieurs\/conception\/cloture\/","title":{"rendered":"Cl\u00f4ture"},"content":{"rendered":"<div class=\"wpb-content-wrapper\"><p>[vc_row][vc_column width=\u00a0\u00bb1\/1&Prime;][vc_accordion active_tab=\u00a0\u00bb0&Prime;][vc_accordion_tab title=\u00a0\u00bbVARIABLES\u00a0\u00bb tab_id=\u00a0\u00bb1611601428-1-54&Prime;][vc_column_text css=\u00a0\u00bb.vc_custom_1611679732251{margin-bottom: 20px !important;}\u00a0\u00bb]Le type de cl\u00f4ture \u00e0 privil\u00e9gier variera en fonction de l\u2019environnement, de la localisation, du nombre de courts et de la vocation des installations. Le choix pourrait aussi \u00eatre influenc\u00e9 par les risques de vandalisme et l\u2019am\u00e9nagement des courts. Par ailleurs, l\u2019organisation d\u2019\u00e9v\u00e9nements comp\u00e9titifs exige des dimensions pr\u00e9cises.<\/p>\n<p>Les portes d&rsquo;acc\u00e8s d\u2019une cl\u00f4ture doivent \u00eatre positionn\u00e9es de fa\u00e7on \u00e0 limiter la circulation des joueurs dans les autres terrains que celui auquel ils doivent acc\u00e9der.<\/p>\n<p>Aussi, les barri\u00e8res d&rsquo;acc\u00e8s pour l&rsquo;entretien doivent \u00eatre install\u00e9es strat\u00e9giquement afin de faciliter l&rsquo;acc\u00e8s au terrain \u00e0 partir de la voie publique, quel que soit le type de machinerie.[\/vc_column_text][\/vc_accordion_tab][vc_accordion_tab title=\u00a0\u00bbHAUTEUR\u00a0\u00bb tab_id=\u00a0\u00bb1611601428-2-69&Prime;][vc_column_text]La hauteur des cl\u00f4tures varie de 3,05 \u00e0 3,66 m (10 \u00e0 12 pi). Elle est aussi fonction de leur emplacement, des variables \u00e9num\u00e9r\u00e9es pr\u00e9c\u00e9demment, de la pr\u00e9sence de cl\u00f4tures interm\u00e9diaires entre les courts et de la tenue \u00e9ventuelle d\u2019\u00e9v\u00e9nements comp\u00e9titifs de haut calibre. Dans ce dernier cas, l\u2019installation de cl\u00f4tures interm\u00e9diaires de 0,91 \u00e0 1,22 m (3 \u00e0 4 pi) de hauteur permettra aux spectateurs dans les estrades d\u2019avoir une vue d\u2019ensemble des courts.<\/p>\n<p>L\u2019espace entre une cl\u00f4ture et la ligne de fond doit \u00eatre de 7,62 \u00e0 9,14 m (25 \u00e0 30 pi), puisque c\u2019est \u00e0 cet endroit que les balles rebondissent le plus.[\/vc_column_text][\/vc_accordion_tab][vc_accordion_tab title=\u00a0\u00bbGRILLAGE\u00a0\u00bb tab_id=\u00a0\u00bb1611678040618-2-2&Prime;][vc_column_text]Le grillage d\u2019une cl\u00f4ture peut \u00eatre de diff\u00e9rentes couleurs, les plus courantes \u00e9tant le noir et le vert. Les mod\u00e8les en acier galvanis\u00e9 sont populaires. Les mailles devraient avoir 4,45 cm (1 \u00be po) de c\u00f4t\u00e9 et il est recommand\u00e9 d\u2019utiliser des jauges de type 9 ou 6.<\/p>\n<p>La jauge de type 6 est plus robuste, donc id\u00e9ale pour les courts sujets au vandalisme ou situ\u00e9s dans des cours d\u2019\u00e9cole. La jauge de type 9 est un peu moins robuste, mais elle est moins ch\u00e8re et convient tr\u00e8s bien aux courts qui b\u00e9n\u00e9ficient d\u2019une surveillance continue.<\/p>\n<p>Dans les deux cas, le grillage peut \u00eatre recouvert de vinyle, offert dans plusieurs couleurs. Le grillage noir, plus co\u00fbteux, a tendance \u00e0 s\u00e9cher apr\u00e8s quelques ann\u00e9es : des particules de vinyle tombent lorsque les balles frappent la cl\u00f4ture. La cl\u00f4ture en acier galvanis\u00e9 offre une meilleure r\u00e9sistance pour le m\u00eame calibre (jauge) de maille.[\/vc_column_text][\/vc_accordion_tab][vc_accordion_tab title=\u00a0\u00bbSTRUCTURE\u00a0\u00bb tab_id=\u00a0\u00bb1611678094263-3-0&Prime;][vc_column_text]La structure d\u2019une cl\u00f4ture comporte g\u00e9n\u00e9ralement des poteaux primaires de 8,89 cm de diam\u00e8tre HD. Ces derniers re\u00e7oivent la tension. La structure est \u00e9galement dot\u00e9e de poteaux interm\u00e9diaires de 6,05 cm de diam\u00e8tre HD.<\/p>\n<p>Les traverses sup\u00e9rieures sont g\u00e9n\u00e9ralement de 4,3 cm et il est n\u00e9cessaire d\u2019installer des traverses interm\u00e9diaires \u00e0 toutes les derni\u00e8res sections reli\u00e9es \u00e0 un poteau primaire. Par ailleurs, un fil de tension doit \u00eatre install\u00e9 au bas de la cl\u00f4ture afin que la tension soit maintenue dans la partie inf\u00e9rieure du grillage.<\/p>\n<p>Dans le cas d\u2019un grillage ayant une jauge de type 6, on utilisera, \u00e0 la place d\u2019un fil de tension, une traverse inf\u00e9rieure, compte tenu du poids plus important du grillage. Cette mesure emp\u00eachera l\u2019affaissement du grillage \u00e0 long terme.<\/p>\n<p>La structure est g\u00e9n\u00e9ralement galvanis\u00e9e puisqu\u2019il s\u2019agit de l\u2019option la moins dispendieuse, mais elle peut \u00eatre recouverte de peinture \u00e9maill\u00e9e. Ce dernier choix est plus co\u00fbteux et peut occasionner des d\u00e9lais suppl\u00e9mentaires qui devront \u00eatre pris en compte dans l\u2019\u00e9ch\u00e9ancier.[\/vc_column_text][\/vc_accordion_tab][vc_accordion_tab title=\u00a0\u00bbINSTALLATION\u00a0\u00bb tab_id=\u00a0\u00bb1611678171777-4-1&Prime;][vc_column_text]Que les poteaux soient install\u00e9s \u00e0 m\u00eame une bordure de b\u00e9ton ou directement dans le sol (ce qui est plus courant), la profondeur des bases doit \u00eatre, au minimum, de 1,22 m (4 pi). Quant au diam\u00e8tre, il doit \u00eatre, au minimum, de 20,32 cm (8 po) pour les poteaux interm\u00e9diaires et de 30,48 cm (12 po) pour les poteaux primaires. Un b\u00e9ton de 25 MPa \u00e0 30 MPa est recommand\u00e9 puisqu\u2019il procure une meilleure r\u00e9sistance. Au moment des travaux, il est important d\u2019entreposer de fa\u00e7on appropri\u00e9e le grillage et la structure d\u2019une cl\u00f4ture peinte afin de ne pas les ab\u00eemer.<\/p>\n<p><em><strong>Note.<\/strong> L\u2019espace entre le grillage et le sol doit, en tout temps, \u00eatre de 1,27 \u00e0 1,9 cm (\u00bd \u00e0 \u00be po). Dans le cas d\u2019un court de tennis en terre battue, il s\u2019agit de l\u2019espace entre le grillage et le p\u00e9rim\u00e8tre de r\u00e9tention. Cela emp\u00eachera l\u2019usage pr\u00e9matur\u00e9 de la surface ou un effet de fissures dans la partie inf\u00e9rieure de la cl\u00f4ture caus\u00e9 par un l\u00e9ger affaissement.<\/em>[\/vc_column_text][\/vc_accordion_tab][vc_accordion_tab title=\u00a0\u00bbTOILES COUPE-VENT ET CAPACIT\u00c9 DES CL\u00d4TURES \u00c0 LES SUPPORTER\u00a0\u00bb tab_id=\u00a0\u00bb1611678197624-5-10&Prime;][vc_column_text]Les toiles coupe-vent sont n\u00e9cessaires pour la plupart des courts de tennis. Elles servent d\u2019abord \u00e0 diminuer les effets du vent et contribuent \u00e0 offrir une bonne vision de la balle aux joueurs. Elles sont aussi tr\u00e8s utiles pour isoler le court d\u2019un environnement d\u00e9rangeant comme une rue passante, un stationnement ou une aire de jeu. Les toiles sont g\u00e9n\u00e9ralement de couleur noire ou vert fonc\u00e9 pour favoriser une bonne vision de la balle. Dans les courts munis de cl\u00f4tures d\u2019un certain \u00e2ge, une \u00e9valuation de la structure de ces derni\u00e8res s\u2019impose avant de proc\u00e9der \u00e0 l\u2019installation. Il est important de toujours pr\u00e9voir un segment de cl\u00f4ture non couvert de toile pour la surveillance des courts et pour les spectateurs.<\/p>\n<p>Selon le type de toile, le facteur de r\u00e9sistance au vent varie de 60 \u00e0 100 %. Une toile \u00e0 70 % permet de r\u00e9duire la force qui s\u2019exerce sur les poteaux.<\/p>\n<p>Par d\u00e9finition, les toiles coupe-vent coupent le vent et, par cons\u00e9quent, la pression \u00e9olienne se r\u00e9partit sur la structure de la cl\u00f4ture. Il faut ainsi v\u00e9rifier les trois points suivants :<\/p>\n<p>\u2022 La solidit\u00e9 de poteaux de cl\u00f4ture : le diam\u00e8tre conseill\u00e9 pour les poteaux interm\u00e9diaires est de 6,03 cm (2 \u215c po). Pour les poteaux primaires, le diam\u00e8tre conseill\u00e9 est de 8,9 cm (3 \u00bd po). L\u2019\u00e9paisseur conseill\u00e9e est la cat\u00e9gorie c\u00e9dule 40.<br \/>\n\u2022 Les bases de b\u00e9ton : s\u2019il y a des indices de mouvement de sol ou si la cl\u00f4ture pr\u00e9sente des signes d\u2019inclinaison, les bases de b\u00e9ton des poteaux sont probablement d\u00e9ficientes. Il y a donc un risque que la section de cl\u00f4ture ne soit pas en mesure de r\u00e9sister \u00e0 la pression du vent et puisse m\u00eame causer des dommages aux sections de cl\u00f4ture connexes.<br \/>\n\u2022 Le climat habituel et la hauteur des cl\u00f4tures.<\/p>\n<p>Les toiles \u00e9tant offertes dans des mod\u00e8les standards de 1,83 m (6 pi) ou 2,74 m (9 pi) de hauteur, la diff\u00e9rence de pression est consid\u00e9rable. Les vents dominants, la hauteur de la cl\u00f4ture \u00e0 couvrir, les dimensions, la hauteur \u00e0 laquelle elles seront install\u00e9es et la n\u00e9cessit\u00e9 de pratiquer des portes (demi-lunes*) sont tous des facteurs \u00e0 consid\u00e9rer. Habituellement, les fabricants peuvent offrir la longueur sur mesure. Il est pr\u00e9f\u00e9rable de faire couper la toile en bandes de 18,3 m (60 pi) au maximum pour faciliter l\u2019installation.<\/p>\n<p>Il est conseill\u00e9 d\u2019installer les toiles \u00e0 30,5 cm (12 po) du niveau du sol.<\/p>\n<p><em>* Ouverture de 30,5 cm (12 po) en forme de demi-lune vers le bas qui peut \u00eatre pratiqu\u00e9e au moment de la commande et qui r\u00e9duira la pression sur la cl\u00f4ture.<\/em>[\/vc_column_text][\/vc_accordion_tab][\/vc_accordion][\/vc_column][\/vc_row][vc_row][\/vc_row][vc_row row_height_percent=\u00a0\u00bb0&Prime; overlay_alpha=\u00a0\u00bb50&Prime; gutter_size=\u00a0\u00bb3&Prime; shift_y=\u00a0\u00bb0&Prime; css=\u00a0\u00bb.vc_custom_1569108843026{margin-bottom: 50px !important;}\u00a0\u00bb][vc_column width=\u00a0\u00bb1\/1&Prime;][vc_button button_color=\u00a0\u00bbaccent\u00a0\u00bb size=\u00a0\u00bbbtn-lg\u00a0\u00bb radius=\u00a0\u00bbbtn-circle\u00a0\u00bb border_width=\u00a0\u00bb0&Prime; link=\u00a0\u00bburl:https%3A%2F%2Fwww.guides-sports-loisirs.ca%2Ftennis-exterieurs%2Fwp-content%2Fuploads%2Fsites%2F14%2F2021%2F01%2F2.6_Conception_Cloture.pdf||target:%20_blank|\u00a0\u00bb icon=\u00a0\u00bbfa fa-file-o\u00a0\u00bb el_class=\u00a0\u00bbbtn-pdf\u00a0\u00bb]Version PDF[\/vc_button][\/vc_column][\/vc_row]<\/p>\n<\/div>","protected":false},"excerpt":{"rendered":"<p>[vc_row][vc_column width=\u00a0\u00bb1\/1&Prime;][vc_accordion active_tab=\u00a0\u00bb0&Prime;][vc_accordion_tab title=\u00a0\u00bbVARIABLES\u00a0\u00bb tab_id=\u00a0\u00bb1611601428-1-54&Prime;][vc_column_text css=\u00a0\u00bb.vc_custom_1611679732251{margin-bottom: 20px !important;}\u00a0\u00bb]Le type de cl\u00f4ture \u00e0 privil\u00e9gier variera en fonction de l\u2019environnement, de la [&hellip;]<\/p>\n","protected":false},"author":11,"featured_media":0,"parent":3382,"menu_order":5,"comment_status":"closed","ping_status":"closed","template":"","meta":{"_acf_changed":false,"footnotes":""},"class_list":["post-3491","page","type-page","status-publish","hentry"],"acf":[],"yoast_head":"<!-- This site is optimized with the Yoast SEO plugin v27.2 - https:\/\/yoast.com\/product\/yoast-seo-wordpress\/ -->\n<title>Cl\u00f4ture - Cours de tennis ext\u00e9rieurs<\/title>\n<meta name=\"robots\" content=\"index, follow, max-snippet:-1, max-image-preview:large, max-video-preview:-1\" \/>\n<link rel=\"canonical\" href=\"https:\/\/www.guides-sports-loisirs.ca\/tennis-exterieurs\/conception\/cloture\/\" \/>\n<meta property=\"og:locale\" content=\"fr_FR\" \/>\n<meta property=\"og:type\" content=\"article\" \/>\n<meta property=\"og:title\" content=\"Cl\u00f4ture - Cours de tennis ext\u00e9rieurs\" \/>\n<meta property=\"og:description\" content=\"[vc_row][vc_column width=\u00a0\u00bb1\/1&Prime;][vc_accordion active_tab=\u00a0\u00bb0&Prime;][vc_accordion_tab title=\u00a0\u00bbVARIABLES\u00a0\u00bb tab_id=\u00a0\u00bb1611601428-1-54&Prime;][vc_column_text css=\u00a0\u00bb.vc_custom_1611679732251{margin-bottom: 20px !important;}\u00a0\u00bb]Le type de cl\u00f4ture \u00e0 privil\u00e9gier variera en fonction de l\u2019environnement, de la [&hellip;]\" \/>\n<meta property=\"og:url\" content=\"https:\/\/www.guides-sports-loisirs.ca\/tennis-exterieurs\/conception\/cloture\/\" \/>\n<meta property=\"og:site_name\" content=\"Cours de tennis ext\u00e9rieurs\" \/>\n<meta property=\"article:modified_time\" content=\"2021-02-02T17:53:59+00:00\" \/>\n<meta name=\"twitter:card\" content=\"summary_large_image\" \/>\n<meta name=\"twitter:label1\" content=\"Dur\u00e9e de lecture estim\u00e9e\" \/>\n\t<meta name=\"twitter:data1\" content=\"6 minutes\" \/>\n<script type=\"application\/ld+json\" class=\"yoast-schema-graph\">{\"@context\":\"https:\/\/schema.org\",\"@graph\":[{\"@type\":\"WebPage\",\"@id\":\"https:\/\/www.guides-sports-loisirs.ca\/tennis-exterieurs\/conception\/cloture\/\",\"url\":\"https:\/\/www.guides-sports-loisirs.ca\/tennis-exterieurs\/conception\/cloture\/\",\"name\":\"Cl\u00f4ture - Cours de tennis ext\u00e9rieurs\",\"isPartOf\":{\"@id\":\"https:\/\/www.guides-sports-loisirs.ca\/tennis-exterieurs\/#website\"},\"datePublished\":\"2021-01-26T16:52:52+00:00\",\"dateModified\":\"2021-02-02T17:53:59+00:00\",\"breadcrumb\":{\"@id\":\"https:\/\/www.guides-sports-loisirs.ca\/tennis-exterieurs\/conception\/cloture\/#breadcrumb\"},\"inLanguage\":\"fr-FR\",\"potentialAction\":[{\"@type\":\"ReadAction\",\"target\":[\"https:\/\/www.guides-sports-loisirs.ca\/tennis-exterieurs\/conception\/cloture\/\"]}]},{\"@type\":\"BreadcrumbList\",\"@id\":\"https:\/\/www.guides-sports-loisirs.ca\/tennis-exterieurs\/conception\/cloture\/#breadcrumb\",\"itemListElement\":[{\"@type\":\"ListItem\",\"position\":1,\"name\":\"Accueil\",\"item\":\"https:\/\/www.guides-sports-loisirs.ca\/tennis-exterieurs\/\"},{\"@type\":\"ListItem\",\"position\":2,\"name\":\"Conception\",\"item\":\"https:\/\/www.guides-sports-loisirs.ca\/tennis-exterieurs\/conception\/\"},{\"@type\":\"ListItem\",\"position\":3,\"name\":\"Cl\u00f4ture\"}]},{\"@type\":\"WebSite\",\"@id\":\"https:\/\/www.guides-sports-loisirs.ca\/tennis-exterieurs\/#website\",\"url\":\"https:\/\/www.guides-sports-loisirs.ca\/tennis-exterieurs\/\",\"name\":\"Cours de tennis ext\u00e9rieurs\",\"description\":\"Cours de tennis ext\u00e9rieurs\",\"potentialAction\":[{\"@type\":\"SearchAction\",\"target\":{\"@type\":\"EntryPoint\",\"urlTemplate\":\"https:\/\/www.guides-sports-loisirs.ca\/tennis-exterieurs\/?s={search_term_string}\"},\"query-input\":{\"@type\":\"PropertyValueSpecification\",\"valueRequired\":true,\"valueName\":\"search_term_string\"}}],\"inLanguage\":\"fr-FR\"}]}<\/script>\n<!-- \/ Yoast SEO plugin. -->","yoast_head_json":{"title":"Cl\u00f4ture - Cours de tennis ext\u00e9rieurs","robots":{"index":"index","follow":"follow","max-snippet":"max-snippet:-1","max-image-preview":"max-image-preview:large","max-video-preview":"max-video-preview:-1"},"canonical":"https:\/\/www.guides-sports-loisirs.ca\/tennis-exterieurs\/conception\/cloture\/","og_locale":"fr_FR","og_type":"article","og_title":"Cl\u00f4ture - Cours de tennis ext\u00e9rieurs","og_description":"[vc_row][vc_column width=\u00a0\u00bb1\/1&Prime;][vc_accordion active_tab=\u00a0\u00bb0&Prime;][vc_accordion_tab title=\u00a0\u00bbVARIABLES\u00a0\u00bb tab_id=\u00a0\u00bb1611601428-1-54&Prime;][vc_column_text css=\u00a0\u00bb.vc_custom_1611679732251{margin-bottom: 20px !important;}\u00a0\u00bb]Le type de cl\u00f4ture \u00e0 privil\u00e9gier variera en fonction de l\u2019environnement, de la [&hellip;]","og_url":"https:\/\/www.guides-sports-loisirs.ca\/tennis-exterieurs\/conception\/cloture\/","og_site_name":"Cours de tennis ext\u00e9rieurs","article_modified_time":"2021-02-02T17:53:59+00:00","twitter_card":"summary_large_image","twitter_misc":{"Dur\u00e9e de lecture estim\u00e9e":"6 minutes"},"schema":{"@context":"https:\/\/schema.org","@graph":[{"@type":"WebPage","@id":"https:\/\/www.guides-sports-loisirs.ca\/tennis-exterieurs\/conception\/cloture\/","url":"https:\/\/www.guides-sports-loisirs.ca\/tennis-exterieurs\/conception\/cloture\/","name":"Cl\u00f4ture - Cours de tennis ext\u00e9rieurs","isPartOf":{"@id":"https:\/\/www.guides-sports-loisirs.ca\/tennis-exterieurs\/#website"},"datePublished":"2021-01-26T16:52:52+00:00","dateModified":"2021-02-02T17:53:59+00:00","breadcrumb":{"@id":"https:\/\/www.guides-sports-loisirs.ca\/tennis-exterieurs\/conception\/cloture\/#breadcrumb"},"inLanguage":"fr-FR","potentialAction":[{"@type":"ReadAction","target":["https:\/\/www.guides-sports-loisirs.ca\/tennis-exterieurs\/conception\/cloture\/"]}]},{"@type":"BreadcrumbList","@id":"https:\/\/www.guides-sports-loisirs.ca\/tennis-exterieurs\/conception\/cloture\/#breadcrumb","itemListElement":[{"@type":"ListItem","position":1,"name":"Accueil","item":"https:\/\/www.guides-sports-loisirs.ca\/tennis-exterieurs\/"},{"@type":"ListItem","position":2,"name":"Conception","item":"https:\/\/www.guides-sports-loisirs.ca\/tennis-exterieurs\/conception\/"},{"@type":"ListItem","position":3,"name":"Cl\u00f4ture"}]},{"@type":"WebSite","@id":"https:\/\/www.guides-sports-loisirs.ca\/tennis-exterieurs\/#website","url":"https:\/\/www.guides-sports-loisirs.ca\/tennis-exterieurs\/","name":"Cours de tennis ext\u00e9rieurs","description":"Cours de tennis ext\u00e9rieurs","potentialAction":[{"@type":"SearchAction","target":{"@type":"EntryPoint","urlTemplate":"https:\/\/www.guides-sports-loisirs.ca\/tennis-exterieurs\/?s={search_term_string}"},"query-input":{"@type":"PropertyValueSpecification","valueRequired":true,"valueName":"search_term_string"}}],"inLanguage":"fr-FR"}]}},"_links":{"self":[{"href":"https:\/\/www.guides-sports-loisirs.ca\/tennis-exterieurs\/wp-json\/wp\/v2\/pages\/3491","targetHints":{"allow":["GET"]}}],"collection":[{"href":"https:\/\/www.guides-sports-loisirs.ca\/tennis-exterieurs\/wp-json\/wp\/v2\/pages"}],"about":[{"href":"https:\/\/www.guides-sports-loisirs.ca\/tennis-exterieurs\/wp-json\/wp\/v2\/types\/page"}],"author":[{"embeddable":true,"href":"https:\/\/www.guides-sports-loisirs.ca\/tennis-exterieurs\/wp-json\/wp\/v2\/users\/11"}],"replies":[{"embeddable":true,"href":"https:\/\/www.guides-sports-loisirs.ca\/tennis-exterieurs\/wp-json\/wp\/v2\/comments?post=3491"}],"version-history":[{"count":4,"href":"https:\/\/www.guides-sports-loisirs.ca\/tennis-exterieurs\/wp-json\/wp\/v2\/pages\/3491\/revisions"}],"predecessor-version":[{"id":3723,"href":"https:\/\/www.guides-sports-loisirs.ca\/tennis-exterieurs\/wp-json\/wp\/v2\/pages\/3491\/revisions\/3723"}],"up":[{"embeddable":true,"href":"https:\/\/www.guides-sports-loisirs.ca\/tennis-exterieurs\/wp-json\/wp\/v2\/pages\/3382"}],"wp:attachment":[{"href":"https:\/\/www.guides-sports-loisirs.ca\/tennis-exterieurs\/wp-json\/wp\/v2\/media?parent=3491"}],"curies":[{"name":"wp","href":"https:\/\/api.w.org\/{rel}","templated":true}]}}