{"id":3443,"date":"2021-01-26T10:02:10","date_gmt":"2021-01-26T15:02:10","guid":{"rendered":"https:\/\/www.guides-sports-loisirs.ca\/tennis-exterieurs\/?page_id=3443"},"modified":"2021-02-02T12:52:58","modified_gmt":"2021-02-02T17:52:58","slug":"amenagement","status":"publish","type":"page","link":"https:\/\/www.guides-sports-loisirs.ca\/tennis-exterieurs\/conception\/amenagement\/","title":{"rendered":"Am\u00e9nagement"},"content":{"rendered":"<div class=\"wpb-content-wrapper\"><p>[vc_row][vc_column width=\u00a0\u00bb1\/1&Prime;][vc_column_text css=\u00a0\u00bb.vc_custom_1611942942636{margin-bottom: 0px !important;}\u00a0\u00bb]<\/p>\n<h4><strong>L\u2019am\u00e9nagement d\u2019un ou de plusieurs courts de tennis exige une analyse minutieuse afin de maximiser l\u2019utilisation de l\u2019espace disponible et l\u2019usage des installations. Le choix du site, l\u2019orientation et l\u2019emplacement du ou des courts sont des d\u00e9cisions majeures. Les dimensions de la surface de jeu, les marges de s\u00e9curit\u00e9 minimales (distances de d\u00e9gagement) ainsi que les dimensions des cl\u00f4tures et des \u00e9crans (toiles) permettront de r\u00e9pondre \u00e0 l\u2019enjeu de la s\u00e9curit\u00e9. Le choix de l\u2019emplacement des spectateurs doit permettre une bonne visibilit\u00e9, assurer leur s\u00e9curit\u00e9 et emp\u00eacher toute interf\u00e9rence avec la surface de jeu.<\/strong><\/h4>\n<p>[\/vc_column_text][\/vc_column][\/vc_row][vc_row][vc_column width=\u00a0\u00bb1\/1&Prime;][vc_accordion active_tab=\u00a0\u00bb0&Prime;][vc_accordion_tab title=\u00a0\u00bbORIENTATION\u00a0\u00bb tab_id=\u00a0\u00bb1611601827-1-27&Prime;][vc_column_text css=\u00a0\u00bb.vc_custom_1611668169166{margin-bottom: 20px !important;}\u00a0\u00bb]L\u2019orientation d\u2019un court de tennis a un impact sur la qualit\u00e9 de jeu. Au moment de choisir le site, il importe de r\u00e9fl\u00e9chir \u00e0 l\u2019orientation du court afin d\u2019\u00e9viter que les joueurs soient \u00e9blouis par le soleil. Si le court est utilis\u00e9 durant le jour, une orientation nord-sud est pr\u00e9f\u00e9rable. Une d\u00e9viation de 20 degr\u00e9s par rapport au nord peut \u00eatre tol\u00e9r\u00e9e.[\/vc_column_text][\/vc_accordion_tab][vc_accordion_tab title=\u00a0\u00bbDIMENSIONS\u00a0\u00bb tab_id=\u00a0\u00bb1611601827-2-55&Prime;][vc_column_text css=\u00a0\u00bb.vc_custom_1611670786784{margin-bottom: 20px !important;}\u00a0\u00bb]Selon la F\u00e9d\u00e9ration internationale de tennis (ITF), les dimensions optimales d\u2019un court de tennis devraient \u00eatre de 18,29 m sur 36,58 m (60 pi x 120 pi) et la surface de jeu de 10,97 m sur 23,77 m (36 pi x 78 pi). Selon les besoins et l\u2019espace disponible, il est possible d\u2019envisager des courts plus petits en diminuant les aires de d\u00e9gagement. Les dimensions minimales seront alors de 17,1 m sur 34,75 m (56 pi x 114 pi). Il importe aussi de pr\u00e9voir l\u2019espace additionnel n\u00e9cessaire au syst\u00e8me de drainage, \u00e0 l\u2019am\u00e9nagement paysager et aux cl\u00f4tures : on parle ici d\u2019un prolongement de 3,05 m \u00e0 3,66 m (10 \u00e0 12 pi) entre les courts.<\/p>\n<p>&nbsp;<\/p>\n<h3 style=\"color: #badc2a;\"><strong>Aide-m\u00e9moire<\/strong><\/h3>\n<p>\u2022 Court de tennis avec corridor de double : 23,77 m (78 pi) de long sur 10,97 m (36 pi) de large<br \/>\n\u2022 Carr\u00e9s de services : 4,11 m (13 \u00bd pi) chacun<br \/>\n\u2022 Corridors de double : 1,37 m (4 \u00bd pi) chacun<br \/>\n\u2022 Toutes les lignes, sauf celles de fond : 2,5 \u00e0 5 cm de large (1 \u00e0 2 po)<br \/>\n\u2022 Lignes de fond : 5 \u00e0 10 cm de large (2 \u00e0 4 po)<br \/>\n\u2022 Recul :<br \/>\n&#8211; Ligne de fond \u00e0 la cl\u00f4ture : 6,4 m (21 pi) et plus<br \/>\n&#8211; Ligne de c\u00f4t\u00e9 \u00e0 la cl\u00f4ture : 3,66 m (12 pi) et plus<br \/>\n&#8211; Espace suppl\u00e9mentaire de 0,91 m (3 pi) pour les chaises d\u2019arbitre[\/vc_column_text][vc_column_text]<\/p>\n<h3><strong>Dimensions d\u2019un court standard<\/strong><\/h3>\n<p>[\/vc_column_text][vc_single_image media=\u00a0\u00bb3444&Prime; media_lightbox=\u00a0\u00bbyes\u00a0\u00bb media_width_percent=\u00a0\u00bb65&Prime; css_animation=\u00a0\u00bbzoom-in\u00a0\u00bb lbox_skin=\u00a0\u00bbwhite\u00a0\u00bb el_class=\u00a0\u00bbtable-image\u00a0\u00bb][vc_column_text css=\u00a0\u00bb.vc_custom_1611673053131{margin-bottom: 20px !important;}\u00a0\u00bb]<\/p>\n<h3><strong>Dimensions de courts multiples (deux)<\/strong><\/h3>\n<p>[\/vc_column_text][vc_column_text]<\/p>\n<h4 style=\"color: #badc2a;\"><strong>Dimensions minimum<\/strong><\/h4>\n<p>[\/vc_column_text][vc_single_image media=\u00a0\u00bb3445&Prime; media_lightbox=\u00a0\u00bbyes\u00a0\u00bb media_width_percent=\u00a0\u00bb60&Prime; css_animation=\u00a0\u00bbzoom-in\u00a0\u00bb lbox_skin=\u00a0\u00bbwhite\u00a0\u00bb el_class=\u00a0\u00bbtable-image\u00a0\u00bb][vc_column_text]<\/p>\n<h4 style=\"color: #badc2a;\"><strong>Dimensions recommand\u00e9es sans s\u00e9parateur<\/strong><\/h4>\n<p>[\/vc_column_text][vc_single_image media=\u00a0\u00bb3446&Prime; media_lightbox=\u00a0\u00bbyes\u00a0\u00bb media_width_percent=\u00a0\u00bb60&Prime; css_animation=\u00a0\u00bbzoom-in\u00a0\u00bb lbox_skin=\u00a0\u00bbwhite\u00a0\u00bb el_class=\u00a0\u00bbtable-image\u00a0\u00bb][vc_column_text]<\/p>\n<h4 style=\"color: #badc2a;\"><strong>Dimensions recommand\u00e9es avec s\u00e9parateur<\/strong><\/h4>\n<p>[\/vc_column_text][vc_single_image media=\u00a0\u00bb3447&Prime; media_lightbox=\u00a0\u00bbyes\u00a0\u00bb media_width_percent=\u00a0\u00bb60&Prime; css_animation=\u00a0\u00bbzoom-in\u00a0\u00bb lbox_skin=\u00a0\u00bbwhite\u00a0\u00bb el_class=\u00a0\u00bbtable-image\u00a0\u00bb][vc_column_text css=\u00a0\u00bb.vc_custom_1611673136506{margin-bottom: 20px !important;}\u00a0\u00bb]<\/p>\n<h3><strong>Dimensions de courts multiples (trois)<\/strong><\/h3>\n<p>[\/vc_column_text][vc_column_text]<\/p>\n<h4 style=\"color: #badc2a;\"><strong>Dimensions minimum<\/strong><\/h4>\n<p>[\/vc_column_text][vc_single_image media=\u00a0\u00bb3448&Prime; media_lightbox=\u00a0\u00bbyes\u00a0\u00bb media_width_percent=\u00a0\u00bb60&Prime; css_animation=\u00a0\u00bbzoom-in\u00a0\u00bb lbox_skin=\u00a0\u00bbwhite\u00a0\u00bb el_class=\u00a0\u00bbtable-image\u00a0\u00bb][vc_column_text]<\/p>\n<h4 style=\"color: #badc2a;\"><strong>Dimensions recommand\u00e9es sans s\u00e9parateur<\/strong><\/h4>\n<p>[\/vc_column_text][vc_single_image media=\u00a0\u00bb3449&Prime; media_lightbox=\u00a0\u00bbyes\u00a0\u00bb media_width_percent=\u00a0\u00bb60&Prime; css_animation=\u00a0\u00bbzoom-in\u00a0\u00bb lbox_skin=\u00a0\u00bbwhite\u00a0\u00bb el_class=\u00a0\u00bbtable-image\u00a0\u00bb][vc_column_text]<\/p>\n<h4 style=\"color: #badc2a;\"><strong>Dimensions recommand\u00e9es avec s\u00e9parateur<\/strong><\/h4>\n<p>[\/vc_column_text][vc_single_image media=\u00a0\u00bb3450&Prime; media_lightbox=\u00a0\u00bbyes\u00a0\u00bb media_width_percent=\u00a0\u00bb60&Prime; css_animation=\u00a0\u00bbzoom-in\u00a0\u00bb lbox_skin=\u00a0\u00bbwhite\u00a0\u00bb el_class=\u00a0\u00bbtable-image\u00a0\u00bb][vc_column_text css=\u00a0\u00bb.vc_custom_1611673252829{margin-bottom: 20px !important;}\u00a0\u00bb]<\/p>\n<h3><strong>Dimensions de courts multiples (quatre)<\/strong><\/h3>\n<p>[\/vc_column_text][vc_column_text]<\/p>\n<h4 style=\"color: #badc2a;\"><strong>Dimensions minimum<\/strong><\/h4>\n<p>[\/vc_column_text][vc_single_image media=\u00a0\u00bb3451&Prime; media_lightbox=\u00a0\u00bbyes\u00a0\u00bb media_width_percent=\u00a0\u00bb60&Prime; css_animation=\u00a0\u00bbzoom-in\u00a0\u00bb lbox_skin=\u00a0\u00bbwhite\u00a0\u00bb el_class=\u00a0\u00bbtable-image\u00a0\u00bb][vc_column_text]<\/p>\n<h4 style=\"color: #badc2a;\"><strong>Dimensions recommand\u00e9es sans s\u00e9parateur<\/strong><\/h4>\n<p>[\/vc_column_text][vc_single_image media=\u00a0\u00bb3452&Prime; media_lightbox=\u00a0\u00bbyes\u00a0\u00bb media_width_percent=\u00a0\u00bb65&Prime; css_animation=\u00a0\u00bbzoom-in\u00a0\u00bb lbox_skin=\u00a0\u00bbwhite\u00a0\u00bb el_class=\u00a0\u00bbtable-image\u00a0\u00bb][vc_column_text]<\/p>\n<h4 style=\"color: #badc2a;\"><strong>Dimensions recommand\u00e9es avec s\u00e9parateur<\/strong><\/h4>\n<p>[\/vc_column_text][vc_single_image media=\u00a0\u00bb3453&Prime; media_lightbox=\u00a0\u00bbyes\u00a0\u00bb media_width_percent=\u00a0\u00bb60&Prime; css_animation=\u00a0\u00bbzoom-in\u00a0\u00bb lbox_skin=\u00a0\u00bbwhite\u00a0\u00bb el_class=\u00a0\u00bbtable-image\u00a0\u00bb][\/vc_accordion_tab][vc_accordion_tab title=\u00a0\u00bbD\u00c9LIMITATION DE L\u2019ENCEINTE\/CL\u00d4TURES ET ACC\u00c8S\u00a0\u00bb tab_id=\u00a0\u00bb1611668894944-2-3&Prime;][vc_column_text css=\u00a0\u00bb.vc_custom_1611671296474{margin-bottom: 20px !important;}\u00a0\u00bb]Il est fortement recommand\u00e9 d\u2019installer des cl\u00f4tures \u00e0 l\u2019ext\u00e9rieur des marges de s\u00e9curit\u00e9 afin de rendre le ou les courts plus s\u00e9curitaires, d\u2019\u00e9viter les conflits d\u2019usages et d\u2019am\u00e9liorer la qualit\u00e9 du jeu. Cette recommandation est particuli\u00e8rement importante lorsque l\u2019axe du court est perpendiculaire \u00e0 une voie de circulation, \u00e0 des r\u00e9sidences ou \u00e0 une aire r\u00e9serv\u00e9e \u00e0 une autre activit\u00e9. La hauteur des cl\u00f4tures varie g\u00e9n\u00e9ralement de 3,05 m (10 pi) \u00e0 3,66 m (12 pi). Une hauteur de 3,05 m (10 pi) suffit dans la plupart des cas et est aussi plus esth\u00e9tique. Cependant, une cl\u00f4ture de 3,66 m (12 pi) peut \u00eatre pr\u00e9f\u00e9rable afin d\u2019\u00e9viter que des balles atterrissent dans une piscine avoisinante ou dans un bois\u00e9 tr\u00e8s dense. Il est imp\u00e9ratif qu\u2019il n\u2019y ait aucun espace libre entre le sol et le bas de la cl\u00f4ture. Les entrepreneurs savent comment bien ancrer les cl\u00f4tures, mais il faut leur pr\u00e9ciser si on compte installer des toiles pare-vent, car ce dispositif permet d\u2019installer des ancrages moins robustes (donc, moins co\u00fbteux).[\/vc_column_text][vc_single_image media=\u00a0\u00bb3454&Prime; media_lightbox=\u00a0\u00bbyes\u00a0\u00bb media_width_percent=\u00a0\u00bb60&Prime; css_animation=\u00a0\u00bbzoom-in\u00a0\u00bb lbox_skin=\u00a0\u00bbwhite\u00a0\u00bb el_class=\u00a0\u00bbtable-image\u00a0\u00bb][\/vc_accordion_tab][vc_accordion_tab title=\u00a0\u00bbACC\u00c8S ET ZONE D\u2019ENTREPOSAGE\u00a0\u00bb tab_id=\u00a0\u00bb1611672101164-3-9&Prime;][vc_column_text css=\u00a0\u00bb.vc_custom_1611672199970{margin-bottom: 20px !important;}\u00a0\u00bb]On pr\u00e9voira des acc\u00e8s au site pour les joueurs et l\u2019\u00e9quipe d\u2019entretien. Des portes simples pour les joueurs et des portes doubles pour l\u2019entretien sont recommand\u00e9es. Une porte simple devrait \u00eatre situ\u00e9e, id\u00e9alement, dans un coin de l\u2019enceinte. Une porte double devrait \u00eatre situ\u00e9e dans un des coins du court. Des zones d\u2019entreposage doivent \u00eatre pr\u00e9vues pour les \u00e9quipements d\u2019entretien.[\/vc_column_text][\/vc_accordion_tab][vc_accordion_tab title=\u00a0\u00bbLIGNAGE POUR LE TENNIS PROGRESSIF\u00a0\u00bb tab_id=\u00a0\u00bb1611672203061-4-10&Prime;][vc_column_text css=\u00a0\u00bb.vc_custom_1611672257880{margin-bottom: 20px !important;}\u00a0\u00bb]Le tennis progressif est un concept r\u00e9pandu dans l\u2019enseignement du tennis et sa pratique, notamment chez les jeunes. Il permet aux joueurs de jouer avec des balles, des raquettes, des filets et des courts adapt\u00e9s \u00e0 leur \u00e2ge et \u00e0 leur niveau de jeu. Les joueurs d\u00e9veloppent leurs habilet\u00e9s plus rapidement, ce qui favorise une meilleure transition vers les courts standards. Il existe trois types de courts de tennis progressif : rouge, orange et vert. Les courts de types orange et rouge demandent un lignage provisoire.[\/vc_column_text][vc_column_text]<\/p>\n<h3>Les bases du syst\u00e8me<\/h3>\n<p>[\/vc_column_text][vc_single_image media=\u00a0\u00bb3455&Prime; media_lightbox=\u00a0\u00bbyes\u00a0\u00bb media_width_percent=\u00a0\u00bb60&Prime; css_animation=\u00a0\u00bbzoom-in\u00a0\u00bb lbox_skin=\u00a0\u00bbwhite\u00a0\u00bb el_class=\u00a0\u00bbtable-image\u00a0\u00bb][vc_single_image media=\u00a0\u00bb3456&Prime; media_lightbox=\u00a0\u00bbyes\u00a0\u00bb media_width_percent=\u00a0\u00bb60&Prime; css_animation=\u00a0\u00bbzoom-in\u00a0\u00bb lbox_skin=\u00a0\u00bbwhite\u00a0\u00bb el_class=\u00a0\u00bbtable-image\u00a0\u00bb][vc_single_image media=\u00a0\u00bb3457&Prime; media_lightbox=\u00a0\u00bbyes\u00a0\u00bb media_width_percent=\u00a0\u00bb60&Prime; css_animation=\u00a0\u00bbzoom-in\u00a0\u00bb lbox_skin=\u00a0\u00bbwhite\u00a0\u00bb el_class=\u00a0\u00bbtable-image\u00a0\u00bb][\/vc_accordion_tab][\/vc_accordion][\/vc_column][\/vc_row][vc_row][\/vc_row][vc_row row_height_percent=\u00a0\u00bb0&Prime; overlay_alpha=\u00a0\u00bb50&Prime; gutter_size=\u00a0\u00bb3&Prime; shift_y=\u00a0\u00bb0&Prime; css=\u00a0\u00bb.vc_custom_1569108843026{margin-bottom: 50px !important;}\u00a0\u00bb][vc_column width=\u00a0\u00bb1\/1&Prime;][vc_button button_color=\u00a0\u00bbaccent\u00a0\u00bb size=\u00a0\u00bbbtn-lg\u00a0\u00bb radius=\u00a0\u00bbbtn-circle\u00a0\u00bb border_width=\u00a0\u00bb0&Prime; link=\u00a0\u00bburl:https%3A%2F%2Fwww.guides-sports-loisirs.ca%2Ftennis-exterieurs%2Fwp-content%2Fuploads%2Fsites%2F14%2F2021%2F01%2F2.3_Conception_Amenagement.pdf||target:%20_blank|\u00a0\u00bb icon=\u00a0\u00bbfa fa-file-o\u00a0\u00bb el_class=\u00a0\u00bbbtn-pdf\u00a0\u00bb]Version PDF[\/vc_button][\/vc_column][\/vc_row]<\/p>\n<\/div>","protected":false},"excerpt":{"rendered":"<p>[vc_row][vc_column width=\u00a0\u00bb1\/1&Prime;][vc_column_text css=\u00a0\u00bb.vc_custom_1611942942636{margin-bottom: 0px !important;}\u00a0\u00bb] L\u2019am\u00e9nagement d\u2019un ou de plusieurs courts de tennis exige une analyse minutieuse afin de maximiser [&hellip;]<\/p>\n","protected":false},"author":11,"featured_media":0,"parent":3382,"menu_order":5,"comment_status":"closed","ping_status":"closed","template":"","meta":{"_acf_changed":false,"footnotes":""},"class_list":["post-3443","page","type-page","status-publish","hentry"],"acf":[],"yoast_head":"<!-- This site is optimized with the Yoast SEO plugin v27.2 - https:\/\/yoast.com\/product\/yoast-seo-wordpress\/ -->\n<title>Am\u00e9nagement - Cours de tennis ext\u00e9rieurs<\/title>\n<meta name=\"robots\" content=\"index, follow, max-snippet:-1, max-image-preview:large, max-video-preview:-1\" \/>\n<link rel=\"canonical\" href=\"https:\/\/www.guides-sports-loisirs.ca\/tennis-exterieurs\/conception\/amenagement\/\" \/>\n<meta property=\"og:locale\" content=\"fr_FR\" \/>\n<meta property=\"og:type\" content=\"article\" \/>\n<meta property=\"og:title\" content=\"Am\u00e9nagement - Cours de tennis ext\u00e9rieurs\" \/>\n<meta property=\"og:description\" content=\"[vc_row][vc_column width=\u00a0\u00bb1\/1&Prime;][vc_column_text css=\u00a0\u00bb.vc_custom_1611942942636{margin-bottom: 0px !important;}\u00a0\u00bb] L\u2019am\u00e9nagement d\u2019un ou de plusieurs courts de tennis exige une analyse minutieuse afin de maximiser [&hellip;]\" \/>\n<meta property=\"og:url\" content=\"https:\/\/www.guides-sports-loisirs.ca\/tennis-exterieurs\/conception\/amenagement\/\" \/>\n<meta property=\"og:site_name\" content=\"Cours de tennis ext\u00e9rieurs\" \/>\n<meta property=\"article:modified_time\" content=\"2021-02-02T17:52:58+00:00\" \/>\n<meta name=\"twitter:card\" content=\"summary_large_image\" \/>\n<meta name=\"twitter:label1\" content=\"Dur\u00e9e de lecture estim\u00e9e\" \/>\n\t<meta name=\"twitter:data1\" content=\"5 minutes\" \/>\n<script type=\"application\/ld+json\" class=\"yoast-schema-graph\">{\"@context\":\"https:\/\/schema.org\",\"@graph\":[{\"@type\":\"WebPage\",\"@id\":\"https:\/\/www.guides-sports-loisirs.ca\/tennis-exterieurs\/conception\/amenagement\/\",\"url\":\"https:\/\/www.guides-sports-loisirs.ca\/tennis-exterieurs\/conception\/amenagement\/\",\"name\":\"Am\u00e9nagement - Cours de tennis ext\u00e9rieurs\",\"isPartOf\":{\"@id\":\"https:\/\/www.guides-sports-loisirs.ca\/tennis-exterieurs\/#website\"},\"datePublished\":\"2021-01-26T15:02:10+00:00\",\"dateModified\":\"2021-02-02T17:52:58+00:00\",\"breadcrumb\":{\"@id\":\"https:\/\/www.guides-sports-loisirs.ca\/tennis-exterieurs\/conception\/amenagement\/#breadcrumb\"},\"inLanguage\":\"fr-FR\",\"potentialAction\":[{\"@type\":\"ReadAction\",\"target\":[\"https:\/\/www.guides-sports-loisirs.ca\/tennis-exterieurs\/conception\/amenagement\/\"]}]},{\"@type\":\"BreadcrumbList\",\"@id\":\"https:\/\/www.guides-sports-loisirs.ca\/tennis-exterieurs\/conception\/amenagement\/#breadcrumb\",\"itemListElement\":[{\"@type\":\"ListItem\",\"position\":1,\"name\":\"Accueil\",\"item\":\"https:\/\/www.guides-sports-loisirs.ca\/tennis-exterieurs\/\"},{\"@type\":\"ListItem\",\"position\":2,\"name\":\"Conception\",\"item\":\"https:\/\/www.guides-sports-loisirs.ca\/tennis-exterieurs\/conception\/\"},{\"@type\":\"ListItem\",\"position\":3,\"name\":\"Am\u00e9nagement\"}]},{\"@type\":\"WebSite\",\"@id\":\"https:\/\/www.guides-sports-loisirs.ca\/tennis-exterieurs\/#website\",\"url\":\"https:\/\/www.guides-sports-loisirs.ca\/tennis-exterieurs\/\",\"name\":\"Cours de tennis ext\u00e9rieurs\",\"description\":\"Cours de tennis ext\u00e9rieurs\",\"potentialAction\":[{\"@type\":\"SearchAction\",\"target\":{\"@type\":\"EntryPoint\",\"urlTemplate\":\"https:\/\/www.guides-sports-loisirs.ca\/tennis-exterieurs\/?s={search_term_string}\"},\"query-input\":{\"@type\":\"PropertyValueSpecification\",\"valueRequired\":true,\"valueName\":\"search_term_string\"}}],\"inLanguage\":\"fr-FR\"}]}<\/script>\n<!-- \/ Yoast SEO plugin. -->","yoast_head_json":{"title":"Am\u00e9nagement - Cours de tennis ext\u00e9rieurs","robots":{"index":"index","follow":"follow","max-snippet":"max-snippet:-1","max-image-preview":"max-image-preview:large","max-video-preview":"max-video-preview:-1"},"canonical":"https:\/\/www.guides-sports-loisirs.ca\/tennis-exterieurs\/conception\/amenagement\/","og_locale":"fr_FR","og_type":"article","og_title":"Am\u00e9nagement - Cours de tennis ext\u00e9rieurs","og_description":"[vc_row][vc_column width=\u00a0\u00bb1\/1&Prime;][vc_column_text css=\u00a0\u00bb.vc_custom_1611942942636{margin-bottom: 0px !important;}\u00a0\u00bb] L\u2019am\u00e9nagement d\u2019un ou de plusieurs courts de tennis exige une analyse minutieuse afin de maximiser [&hellip;]","og_url":"https:\/\/www.guides-sports-loisirs.ca\/tennis-exterieurs\/conception\/amenagement\/","og_site_name":"Cours de tennis ext\u00e9rieurs","article_modified_time":"2021-02-02T17:52:58+00:00","twitter_card":"summary_large_image","twitter_misc":{"Dur\u00e9e de lecture estim\u00e9e":"5 minutes"},"schema":{"@context":"https:\/\/schema.org","@graph":[{"@type":"WebPage","@id":"https:\/\/www.guides-sports-loisirs.ca\/tennis-exterieurs\/conception\/amenagement\/","url":"https:\/\/www.guides-sports-loisirs.ca\/tennis-exterieurs\/conception\/amenagement\/","name":"Am\u00e9nagement - Cours de tennis ext\u00e9rieurs","isPartOf":{"@id":"https:\/\/www.guides-sports-loisirs.ca\/tennis-exterieurs\/#website"},"datePublished":"2021-01-26T15:02:10+00:00","dateModified":"2021-02-02T17:52:58+00:00","breadcrumb":{"@id":"https:\/\/www.guides-sports-loisirs.ca\/tennis-exterieurs\/conception\/amenagement\/#breadcrumb"},"inLanguage":"fr-FR","potentialAction":[{"@type":"ReadAction","target":["https:\/\/www.guides-sports-loisirs.ca\/tennis-exterieurs\/conception\/amenagement\/"]}]},{"@type":"BreadcrumbList","@id":"https:\/\/www.guides-sports-loisirs.ca\/tennis-exterieurs\/conception\/amenagement\/#breadcrumb","itemListElement":[{"@type":"ListItem","position":1,"name":"Accueil","item":"https:\/\/www.guides-sports-loisirs.ca\/tennis-exterieurs\/"},{"@type":"ListItem","position":2,"name":"Conception","item":"https:\/\/www.guides-sports-loisirs.ca\/tennis-exterieurs\/conception\/"},{"@type":"ListItem","position":3,"name":"Am\u00e9nagement"}]},{"@type":"WebSite","@id":"https:\/\/www.guides-sports-loisirs.ca\/tennis-exterieurs\/#website","url":"https:\/\/www.guides-sports-loisirs.ca\/tennis-exterieurs\/","name":"Cours de tennis ext\u00e9rieurs","description":"Cours de tennis ext\u00e9rieurs","potentialAction":[{"@type":"SearchAction","target":{"@type":"EntryPoint","urlTemplate":"https:\/\/www.guides-sports-loisirs.ca\/tennis-exterieurs\/?s={search_term_string}"},"query-input":{"@type":"PropertyValueSpecification","valueRequired":true,"valueName":"search_term_string"}}],"inLanguage":"fr-FR"}]}},"_links":{"self":[{"href":"https:\/\/www.guides-sports-loisirs.ca\/tennis-exterieurs\/wp-json\/wp\/v2\/pages\/3443","targetHints":{"allow":["GET"]}}],"collection":[{"href":"https:\/\/www.guides-sports-loisirs.ca\/tennis-exterieurs\/wp-json\/wp\/v2\/pages"}],"about":[{"href":"https:\/\/www.guides-sports-loisirs.ca\/tennis-exterieurs\/wp-json\/wp\/v2\/types\/page"}],"author":[{"embeddable":true,"href":"https:\/\/www.guides-sports-loisirs.ca\/tennis-exterieurs\/wp-json\/wp\/v2\/users\/11"}],"replies":[{"embeddable":true,"href":"https:\/\/www.guides-sports-loisirs.ca\/tennis-exterieurs\/wp-json\/wp\/v2\/comments?post=3443"}],"version-history":[{"count":12,"href":"https:\/\/www.guides-sports-loisirs.ca\/tennis-exterieurs\/wp-json\/wp\/v2\/pages\/3443\/revisions"}],"predecessor-version":[{"id":3771,"href":"https:\/\/www.guides-sports-loisirs.ca\/tennis-exterieurs\/wp-json\/wp\/v2\/pages\/3443\/revisions\/3771"}],"up":[{"embeddable":true,"href":"https:\/\/www.guides-sports-loisirs.ca\/tennis-exterieurs\/wp-json\/wp\/v2\/pages\/3382"}],"wp:attachment":[{"href":"https:\/\/www.guides-sports-loisirs.ca\/tennis-exterieurs\/wp-json\/wp\/v2\/media?parent=3443"}],"curies":[{"name":"wp","href":"https:\/\/api.w.org\/{rel}","templated":true}]}}