{"id":3336,"date":"2021-01-21T12:22:25","date_gmt":"2021-01-21T17:22:25","guid":{"rendered":"https:\/\/www.guides-sports-loisirs.ca\/tennis-exterieurs\/?page_id=3336"},"modified":"2021-02-02T12:55:24","modified_gmt":"2021-02-02T17:55:24","slug":"identification-des-besoins","status":"publish","type":"page","link":"https:\/\/www.guides-sports-loisirs.ca\/tennis-exterieurs\/planification\/identification-des-besoins\/","title":{"rendered":"Identification des besoins"},"content":{"rendered":"<div class=\"wpb-content-wrapper\"><p>[vc_row][vc_column width=\u00a0\u00bb1\/1&Prime;][vc_column_text css=\u00a0\u00bb.vc_custom_1611873257886{margin-bottom: 0px !important;}\u00a0\u00bb]<\/p>\n<h4>L\u2019identification des besoins est une condition pr\u00e9alable de toute bonne planification d\u2019am\u00e9nagement de courts de tennis. Il s\u2019agit d\u2019\u00e9valuer la pertinence de r\u00e9aliser une intervention, une r\u00e9fection ou une nouvelle construction en se posant d\u2019abord ces trois questions :<\/h4>\n<h4>Pour quoi? Pour qui? Comment?<\/h4>\n<p>[\/vc_column_text][\/vc_column][\/vc_row][vc_row][vc_column width=\u00a0\u00bb1\/1&Prime;][vc_accordion active_tab=\u00a0\u00bb0&Prime;][vc_accordion_tab title=\u00a0\u00bbPOUR QUOI?\u00a0\u00bb tab_id=\u00a0\u00bb1611596441-1-45&Prime;][vc_column_text]Il est imp\u00e9ratif de bien identifier les besoins de la client\u00e8le vis\u00e9e et les usages pr\u00e9vus. Il est \u00e0 noter que ces usages peuvent aller au-del\u00e0 de la stricte pratique du tennis, incluant d\u2019autres sports (comme le pickleball). Ces consid\u00e9rations ont une grande importance lors de la planification des am\u00e9nagements \u00e0 concevoir. La vari\u00e9t\u00e9 des usages a une incidence majeure sur les types d\u2019am\u00e9nagement et de surface requis.[\/vc_column_text][\/vc_accordion_tab][vc_accordion_tab title=\u00a0\u00bbPOUR QUI?\u00a0\u00bb tab_id=\u00a0\u00bb1611596441-2-81&Prime;][vc_column_text]<span style=\"color: #badc2a;\"><strong>Profil de la client\u00e8le<\/strong><\/span><\/p>\n<p>Il faut d\u2019abord \u00e9tablir le profil de la client\u00e8le selon sa provenance : locale? extramunicipale? r\u00e9gionale? Une liste des groupes d\u2019utilisateurs tels organismes, clubs, ligues et \u00e9coles permet d\u2019identifier la client\u00e8le et les cat\u00e9gories de jeu. Le profil de cette client\u00e8le permet ensuite de d\u00e9terminer, entre autres, les dimensions des courts, les surfaces et les \u00e9quipements requis. Il est \u00e9galement pertinent de bien d\u00e9finir le type de pratique (libre, r\u00e9cr\u00e9ative, comp\u00e9titive).<\/p>\n<p><span style=\"color: #badc2a;\"><strong>Accessibilit\u00e9 universelle<\/strong><\/span><\/p>\n<p>L\u2019accessibilit\u00e9 touche tous les aspects de la vie des personnes et s\u2019appuie sur le respect des droits de tous les citoyens. L\u2019accessibilit\u00e9 universelle est fond\u00e9e sur une approche d\u2019inclusion. Celle-ci permet \u00e0 toute personne, quelles que soient ses capacit\u00e9s, d\u2019utiliser un \u00e9quipement comme les autres usagers, de fa\u00e7on autonome et s\u00e9curitaire. Les limitations fonctionnelles suivantes doivent \u00eatre prises en compte lors de l\u2019am\u00e9nagement d\u2019un ou de plusieurs courts de tennis et de leurs abords : motrice, visuelle, auditive, intellectuelle et langagi\u00e8re. Une attention particuli\u00e8re aux besoins des joueurs et joueuses en fauteuil roulant est requise.<\/p>\n<p><span style=\"color: #badc2a;\"><strong>ADS+<\/strong><\/span><\/p>\n<p>L\u2019analyse diff\u00e9renci\u00e9e selon les sexes (ADS) est un processus d\u2019analyse favorisant l\u2019atteinte de l\u2019\u00e9galit\u00e9 entre les femmes et les hommes par l\u2019entremise des orientations et des actions des instances de la soci\u00e9t\u00e9 sur les plans local, r\u00e9gional et national.<\/p>\n<p>La finalit\u00e9 de l\u2019ADS+ est d\u2019atteindre une \u00e9galit\u00e9 de fait. L\u2019\u00e9galit\u00e9 repose sur la pr\u00e9misse que les femmes et les hommes disposent de conditions \u00e9gales pour exercer pleinement leurs droits, exploiter leur potentiel, et contribuer \u00e0 l\u2019\u00e9volution politique, \u00e9conomique, sociale et culturelle tout en profitant \u00e9galement de ces changements.<\/p>\n<p>Les sports dont les activit\u00e9s sont r\u00e9glement\u00e9es par des f\u00e9d\u00e9rations et des associations sportives exigent souvent une division des \u00e9quipes selon les sexes, mais les activit\u00e9s sportives parascolaires, elles, peuvent favoriser la participation de tous et de toutes en privil\u00e9giant les \u00e9quipes mixtes.[\/vc_column_text][\/vc_accordion_tab][vc_accordion_tab title=\u00a0\u00bbCOMMENT?\u00a0\u00bb tab_id=\u00a0\u00bb1611596586737-2-7&Prime;][vc_column_text css=\u00a0\u00bb.vc_custom_1611596822042{margin-bottom: 20px !important;}\u00a0\u00bb]Une analyse de la programmation envisag\u00e9e est primordiale afin d\u2019offrir des installations qui r\u00e9pondront \u00e0 la demande. Cette analyse prendra en compte les usages aussi bien non sportifs que sportifs, ces derniers incluant \u00e9ventuellement d\u2019autres sports que le tennis. Les niveaux et crit\u00e8res de performance peuvent parfois influencer les dimensions requises.[\/vc_column_text][vc_single_image media=\u00a0\u00bb3421&Prime; media_lightbox=\u00a0\u00bbyes\u00a0\u00bb media_width_percent=\u00a0\u00bb65&Prime; css_animation=\u00a0\u00bbzoom-in\u00a0\u00bb lbox_skin=\u00a0\u00bbwhite\u00a0\u00bb el_class=\u00a0\u00bbtable-image\u00a0\u00bb][\/vc_accordion_tab][vc_accordion_tab title=\u00a0\u00bbEXIGENCES MINIMALES\u00a0\u00bb tab_id=\u00a0\u00bb1611596849110-3-6&Prime;][vc_column_text css=\u00a0\u00bb.vc_custom_1611597437738{margin-bottom: 20px !important;}\u00a0\u00bb]Les contraintes budg\u00e9taires peuvent limiter l\u2019ampleur d\u2019un projet. Il est alors indispensable de r\u00e9pondre \u00e0 quelques exigences essentielles s\u2019appliquant \u00e0 tout court de tennis. Le tableau qui suit pr\u00e9sente les installations minimales pour, d\u2019une part, la pratique libre ou r\u00e9cr\u00e9ative et, d\u2019autre part, la pratique comp\u00e9titive.[\/vc_column_text][vc_single_image media=\u00a0\u00bb3426&Prime; media_lightbox=\u00a0\u00bbyes\u00a0\u00bb media_width_percent=\u00a0\u00bb65&Prime; css_animation=\u00a0\u00bbzoom-in\u00a0\u00bb lbox_skin=\u00a0\u00bbwhite\u00a0\u00bb el_class=\u00a0\u00bbtable-image\u00a0\u00bb][\/vc_accordion_tab][\/vc_accordion][\/vc_column][\/vc_row][vc_row][\/vc_row][vc_row row_height_percent=\u00a0\u00bb0&Prime; overlay_alpha=\u00a0\u00bb50&Prime; gutter_size=\u00a0\u00bb3&Prime; shift_y=\u00a0\u00bb0&Prime; css=\u00a0\u00bb.vc_custom_1569108843026{margin-bottom: 50px !important;}\u00a0\u00bb][vc_column width=\u00a0\u00bb1\/1&Prime;][vc_button button_color=\u00a0\u00bbaccent\u00a0\u00bb size=\u00a0\u00bbbtn-lg\u00a0\u00bb radius=\u00a0\u00bbbtn-circle\u00a0\u00bb border_width=\u00a0\u00bb0&Prime; link=\u00a0\u00bburl:https%3A%2F%2Fwww.guides-sports-loisirs.ca%2Ftennis-exterieurs%2Fwp-content%2Fuploads%2Fsites%2F14%2F2021%2F01%2F1.3_Planification_IdentificationBesoins.pdf||target:%20_blank|\u00a0\u00bb icon=\u00a0\u00bbfa fa-file-o\u00a0\u00bb el_class=\u00a0\u00bbbtn-pdf\u00a0\u00bb]Version PDF[\/vc_button][\/vc_column][\/vc_row]<\/p>\n<\/div>","protected":false},"excerpt":{"rendered":"<p>[vc_row][vc_column width=\u00a0\u00bb1\/1&Prime;][vc_column_text css=\u00a0\u00bb.vc_custom_1611873257886{margin-bottom: 0px !important;}\u00a0\u00bb] L\u2019identification des besoins est une condition pr\u00e9alable de toute bonne planification d\u2019am\u00e9nagement de courts de [&hellip;]<\/p>\n","protected":false},"author":11,"featured_media":0,"parent":1803,"menu_order":5,"comment_status":"closed","ping_status":"closed","template":"","meta":{"_acf_changed":false,"footnotes":""},"class_list":["post-3336","page","type-page","status-publish","hentry"],"acf":[],"yoast_head":"<!-- This site is optimized with the Yoast SEO plugin v27.4 - https:\/\/yoast.com\/product\/yoast-seo-wordpress\/ -->\n<title>Identification des besoins - Cours de tennis ext\u00e9rieurs<\/title>\n<meta name=\"robots\" content=\"index, follow, max-snippet:-1, max-image-preview:large, max-video-preview:-1\" \/>\n<link rel=\"canonical\" href=\"https:\/\/www.guides-sports-loisirs.ca\/tennis-exterieurs\/planification\/identification-des-besoins\/\" \/>\n<meta property=\"og:locale\" content=\"fr_FR\" \/>\n<meta property=\"og:type\" content=\"article\" \/>\n<meta property=\"og:title\" content=\"Identification des besoins - Cours de tennis ext\u00e9rieurs\" \/>\n<meta property=\"og:description\" content=\"[vc_row][vc_column width=\u00a0\u00bb1\/1&Prime;][vc_column_text css=\u00a0\u00bb.vc_custom_1611873257886{margin-bottom: 0px !important;}\u00a0\u00bb] L\u2019identification des besoins est une condition pr\u00e9alable de toute bonne planification d\u2019am\u00e9nagement de courts de [&hellip;]\" \/>\n<meta property=\"og:url\" content=\"https:\/\/www.guides-sports-loisirs.ca\/tennis-exterieurs\/planification\/identification-des-besoins\/\" \/>\n<meta property=\"og:site_name\" content=\"Cours de tennis ext\u00e9rieurs\" \/>\n<meta property=\"article:modified_time\" content=\"2021-02-02T17:55:24+00:00\" \/>\n<meta name=\"twitter:card\" content=\"summary_large_image\" \/>\n<meta name=\"twitter:label1\" content=\"Dur\u00e9e de lecture estim\u00e9e\" \/>\n\t<meta name=\"twitter:data1\" content=\"3 minutes\" \/>\n<script type=\"application\/ld+json\" class=\"yoast-schema-graph\">{\"@context\":\"https:\\\/\\\/schema.org\",\"@graph\":[{\"@type\":\"WebPage\",\"@id\":\"https:\\\/\\\/www.guides-sports-loisirs.ca\\\/tennis-exterieurs\\\/planification\\\/identification-des-besoins\\\/\",\"url\":\"https:\\\/\\\/www.guides-sports-loisirs.ca\\\/tennis-exterieurs\\\/planification\\\/identification-des-besoins\\\/\",\"name\":\"Identification des besoins - Cours de tennis ext\u00e9rieurs\",\"isPartOf\":{\"@id\":\"https:\\\/\\\/www.guides-sports-loisirs.ca\\\/tennis-exterieurs\\\/#website\"},\"datePublished\":\"2021-01-21T17:22:25+00:00\",\"dateModified\":\"2021-02-02T17:55:24+00:00\",\"breadcrumb\":{\"@id\":\"https:\\\/\\\/www.guides-sports-loisirs.ca\\\/tennis-exterieurs\\\/planification\\\/identification-des-besoins\\\/#breadcrumb\"},\"inLanguage\":\"fr-FR\",\"potentialAction\":[{\"@type\":\"ReadAction\",\"target\":[\"https:\\\/\\\/www.guides-sports-loisirs.ca\\\/tennis-exterieurs\\\/planification\\\/identification-des-besoins\\\/\"]}]},{\"@type\":\"BreadcrumbList\",\"@id\":\"https:\\\/\\\/www.guides-sports-loisirs.ca\\\/tennis-exterieurs\\\/planification\\\/identification-des-besoins\\\/#breadcrumb\",\"itemListElement\":[{\"@type\":\"ListItem\",\"position\":1,\"name\":\"Accueil\",\"item\":\"https:\\\/\\\/www.guides-sports-loisirs.ca\\\/tennis-exterieurs\\\/\"},{\"@type\":\"ListItem\",\"position\":2,\"name\":\"Planification\",\"item\":\"https:\\\/\\\/www.guides-sports-loisirs.ca\\\/tennis-exterieurs\\\/planification\\\/\"},{\"@type\":\"ListItem\",\"position\":3,\"name\":\"Identification des besoins\"}]},{\"@type\":\"WebSite\",\"@id\":\"https:\\\/\\\/www.guides-sports-loisirs.ca\\\/tennis-exterieurs\\\/#website\",\"url\":\"https:\\\/\\\/www.guides-sports-loisirs.ca\\\/tennis-exterieurs\\\/\",\"name\":\"Cours de tennis ext\u00e9rieurs\",\"description\":\"Cours de tennis ext\u00e9rieurs\",\"potentialAction\":[{\"@type\":\"SearchAction\",\"target\":{\"@type\":\"EntryPoint\",\"urlTemplate\":\"https:\\\/\\\/www.guides-sports-loisirs.ca\\\/tennis-exterieurs\\\/?s={search_term_string}\"},\"query-input\":{\"@type\":\"PropertyValueSpecification\",\"valueRequired\":true,\"valueName\":\"search_term_string\"}}],\"inLanguage\":\"fr-FR\"}]}<\/script>\n<!-- \/ Yoast SEO plugin. -->","yoast_head_json":{"title":"Identification des besoins - Cours de tennis ext\u00e9rieurs","robots":{"index":"index","follow":"follow","max-snippet":"max-snippet:-1","max-image-preview":"max-image-preview:large","max-video-preview":"max-video-preview:-1"},"canonical":"https:\/\/www.guides-sports-loisirs.ca\/tennis-exterieurs\/planification\/identification-des-besoins\/","og_locale":"fr_FR","og_type":"article","og_title":"Identification des besoins - Cours de tennis ext\u00e9rieurs","og_description":"[vc_row][vc_column width=\u00a0\u00bb1\/1&Prime;][vc_column_text css=\u00a0\u00bb.vc_custom_1611873257886{margin-bottom: 0px !important;}\u00a0\u00bb] L\u2019identification des besoins est une condition pr\u00e9alable de toute bonne planification d\u2019am\u00e9nagement de courts de [&hellip;]","og_url":"https:\/\/www.guides-sports-loisirs.ca\/tennis-exterieurs\/planification\/identification-des-besoins\/","og_site_name":"Cours de tennis ext\u00e9rieurs","article_modified_time":"2021-02-02T17:55:24+00:00","twitter_card":"summary_large_image","twitter_misc":{"Dur\u00e9e de lecture estim\u00e9e":"3 minutes"},"schema":{"@context":"https:\/\/schema.org","@graph":[{"@type":"WebPage","@id":"https:\/\/www.guides-sports-loisirs.ca\/tennis-exterieurs\/planification\/identification-des-besoins\/","url":"https:\/\/www.guides-sports-loisirs.ca\/tennis-exterieurs\/planification\/identification-des-besoins\/","name":"Identification des besoins - Cours de tennis ext\u00e9rieurs","isPartOf":{"@id":"https:\/\/www.guides-sports-loisirs.ca\/tennis-exterieurs\/#website"},"datePublished":"2021-01-21T17:22:25+00:00","dateModified":"2021-02-02T17:55:24+00:00","breadcrumb":{"@id":"https:\/\/www.guides-sports-loisirs.ca\/tennis-exterieurs\/planification\/identification-des-besoins\/#breadcrumb"},"inLanguage":"fr-FR","potentialAction":[{"@type":"ReadAction","target":["https:\/\/www.guides-sports-loisirs.ca\/tennis-exterieurs\/planification\/identification-des-besoins\/"]}]},{"@type":"BreadcrumbList","@id":"https:\/\/www.guides-sports-loisirs.ca\/tennis-exterieurs\/planification\/identification-des-besoins\/#breadcrumb","itemListElement":[{"@type":"ListItem","position":1,"name":"Accueil","item":"https:\/\/www.guides-sports-loisirs.ca\/tennis-exterieurs\/"},{"@type":"ListItem","position":2,"name":"Planification","item":"https:\/\/www.guides-sports-loisirs.ca\/tennis-exterieurs\/planification\/"},{"@type":"ListItem","position":3,"name":"Identification des besoins"}]},{"@type":"WebSite","@id":"https:\/\/www.guides-sports-loisirs.ca\/tennis-exterieurs\/#website","url":"https:\/\/www.guides-sports-loisirs.ca\/tennis-exterieurs\/","name":"Cours de tennis ext\u00e9rieurs","description":"Cours de tennis ext\u00e9rieurs","potentialAction":[{"@type":"SearchAction","target":{"@type":"EntryPoint","urlTemplate":"https:\/\/www.guides-sports-loisirs.ca\/tennis-exterieurs\/?s={search_term_string}"},"query-input":{"@type":"PropertyValueSpecification","valueRequired":true,"valueName":"search_term_string"}}],"inLanguage":"fr-FR"}]}},"_links":{"self":[{"href":"https:\/\/www.guides-sports-loisirs.ca\/tennis-exterieurs\/wp-json\/wp\/v2\/pages\/3336","targetHints":{"allow":["GET"]}}],"collection":[{"href":"https:\/\/www.guides-sports-loisirs.ca\/tennis-exterieurs\/wp-json\/wp\/v2\/pages"}],"about":[{"href":"https:\/\/www.guides-sports-loisirs.ca\/tennis-exterieurs\/wp-json\/wp\/v2\/types\/page"}],"author":[{"embeddable":true,"href":"https:\/\/www.guides-sports-loisirs.ca\/tennis-exterieurs\/wp-json\/wp\/v2\/users\/11"}],"replies":[{"embeddable":true,"href":"https:\/\/www.guides-sports-loisirs.ca\/tennis-exterieurs\/wp-json\/wp\/v2\/comments?post=3336"}],"version-history":[{"count":14,"href":"https:\/\/www.guides-sports-loisirs.ca\/tennis-exterieurs\/wp-json\/wp\/v2\/pages\/3336\/revisions"}],"predecessor-version":[{"id":3783,"href":"https:\/\/www.guides-sports-loisirs.ca\/tennis-exterieurs\/wp-json\/wp\/v2\/pages\/3336\/revisions\/3783"}],"up":[{"embeddable":true,"href":"https:\/\/www.guides-sports-loisirs.ca\/tennis-exterieurs\/wp-json\/wp\/v2\/pages\/1803"}],"wp:attachment":[{"href":"https:\/\/www.guides-sports-loisirs.ca\/tennis-exterieurs\/wp-json\/wp\/v2\/media?parent=3336"}],"curies":[{"name":"wp","href":"https:\/\/api.w.org\/{rel}","templated":true}]}}