{"id":3331,"date":"2021-01-21T12:13:30","date_gmt":"2021-01-21T17:13:30","guid":{"rendered":"https:\/\/www.guides-sports-loisirs.ca\/tennis-exterieurs\/?page_id=3331"},"modified":"2021-02-02T10:55:30","modified_gmt":"2021-02-02T15:55:30","slug":"contexte-municipal","status":"publish","type":"page","link":"https:\/\/www.guides-sports-loisirs.ca\/tennis-exterieurs\/planification\/contexte-municipal\/","title":{"rendered":"Contexte municipal"},"content":{"rendered":"<div class=\"wpb-content-wrapper\"><p>[vc_row][vc_column width=\u00a0\u00bb1\/1&Prime;][vc_column_text]<strong>L\u2019am\u00e9nagement de courts de tennis dans une municipalit\u00e9 doit concilier des enjeux d\u2019ordre politique, \u00e9conomique, social, technique, environnemental et l\u00e9gal. Ces enjeux constituent le contexte municipal.<\/strong>[\/vc_column_text][\/vc_column][\/vc_row][vc_row][vc_column width=\u00a0\u00bb1\/1&Prime;][vc_accordion active_tab=\u00a0\u00bb0&Prime;][vc_accordion_tab title=\u00a0\u00bbENJEUX POLITIQUES\u00a0\u00bb tab_id=\u00a0\u00bb1611594779-1-75&Prime;][vc_column_text]Tout projet doit \u00eatre coh\u00e9rent avec l\u2019ensemble des politiques et des plans directeurs adopt\u00e9s par la municipalit\u00e9. Ces derniers ont pour but de guider les diff\u00e9rents acteurs dans leurs prises de d\u00e9cisions et leurs interventions pour d\u00e9velopper une vision strat\u00e9gique. Les d\u00e9cisions doivent \u00eatre en ad\u00e9quation avec les orientations d\u00e9finies par l\u2019administration municipale dans les plans directeurs, les programmes, les m\u00e9canismes de concertation et les consultations publiques.[\/vc_column_text][\/vc_accordion_tab][vc_accordion_tab title=\u00a0\u00bbENJEUX \u00c9CONOMIQUES\u00a0\u00bb tab_id=\u00a0\u00bb1611594779-2-54&Prime;][vc_column_text]Les investissements initiaux (planification, conception et ex\u00e9cution) et les co\u00fbts d\u2019exploitation \u00e9ventuels (entretien, op\u00e9rations, etc.) doivent \u00eatre \u00e9valu\u00e9s globalement \u00e0 l\u2019\u00e9tape de la planification. Le budget d\u2019immobilisation et le budget de fonctionnement (entretien et op\u00e9rations) d\u00e9termineront la capacit\u00e9 financi\u00e8re de r\u00e9alisation. Des sources de financement ext\u00e9rieures telles que des subventions peuvent \u00eatre envisag\u00e9es pour assurer le r\u00e9alisme de ces budgets.[\/vc_column_text][\/vc_accordion_tab][vc_accordion_tab title=\u00a0\u00bbENJEUX SOCIAUX\u00a0\u00bb tab_id=\u00a0\u00bb1611594984624-2-8&Prime;][vc_column_text]La programmation doit \u00eatre pr\u00e9par\u00e9e selon l\u2019offre et la demande sur l\u2019ensemble du territoire. La d\u00e9finition de la client\u00e8le cible permet d\u2019\u00e9tablir les besoins. La planification de la programmation doit r\u00e9pondre aux questions : Pour qui (client\u00e8le)? Pour quoi (niveau ou type de pratique, sports connexes)? Quand (horaire)? Comment (disponibilit\u00e9 des installations)? Le nombre d\u2019heures d\u2019utilisation requis est un param\u00e8tre essentiel pour assurer une offre de service ad\u00e9quate. Il est \u00e9galement indispensable de prendre en consid\u00e9ration les int\u00e9r\u00eats de toutes les parties prenantes et de pr\u00e9coniser une approche consultative. Il importe d\u2019\u00e9tablir un dialogue avec les associations de r\u00e9sidents afin de tenir compte de leurs pr\u00e9occupations en mati\u00e8re d\u2019\u00e9clairage, de bruit et d\u2019achalandage accru.[\/vc_column_text][\/vc_accordion_tab][vc_accordion_tab title=\u00a0\u00bbENJEUX TECHNIQUES\u00a0\u00bb tab_id=\u00a0\u00bb1611595015073-3-3&Prime;][vc_column_text]Les exigences techniques doivent clairement s\u2019arrimer au type d\u2019usage et \u00e0 la fr\u00e9quence d\u2019utilisation pour permettre d\u2019identifier les facteurs de risque li\u00e9s \u00e0 la durabilit\u00e9, \u00e0 la s\u00e9curit\u00e9 et \u00e0 la performance. Une programmation intensive peut causer des dommages irr\u00e9versibles. Des exigences techniques inad\u00e9quates peuvent exiger des investissements impr\u00e9vus en cas de surutilisation des installations.[\/vc_column_text][\/vc_accordion_tab][vc_accordion_tab title=\u00a0\u00bbENJEUX ENVIRONNEMENTAUX\u00a0\u00bb tab_id=\u00a0\u00bb1611595040698-4-5&Prime;][vc_column_text]L\u2019analyse du cycle de vie d\u2019un am\u00e9nagement permet de d\u00e9finir globalement son impact environnemental. Les mat\u00e9riaux, la fabrication, la construction, l\u2019exploitation, l\u2019entretien et la fin de vie doivent \u00eatre \u00e9valu\u00e9s. Afin de bien conna\u00eetre les impacts potentiels, il importe de faire un bilan de la consommation des ressources et des \u00e9missions dans l\u2019air, l\u2019eau et le sol durant le cycle de vie.[\/vc_column_text][\/vc_accordion_tab][vc_accordion_tab title=\u00a0\u00bbENJEUX L\u00c9GAUX\u00a0\u00bb tab_id=\u00a0\u00bb1611595070933-5-5&Prime;][vc_column_text]Ces enjeux peuvent \u00eatre de nature l\u00e9gislative, r\u00e9glementaire ou normative. L\u2019am\u00e9nagement de courts de tennis est soumis \u00e0 des exigences r\u00e9glementaires et normatives particuli\u00e8res. Cet encadrement concerne entre autres l\u2019urbanisme (cadastre), l\u2019environnement, le sport et le patrimoine. Si l\u2019espace sur lequel un court est am\u00e9nag\u00e9 appartient \u00e0 un tiers (commission scolaire, c\u00e9gep, entreprise priv\u00e9e ou particulier), on peut conclure avec ce tiers une entente d\u2019usufruit ou d\u2019emphyt\u00e9ose, ou encore un bail \u00e0 long terme.[\/vc_column_text][\/vc_accordion_tab][\/vc_accordion][\/vc_column][\/vc_row][vc_row][\/vc_row][vc_row row_height_percent=\u00a0\u00bb0&Prime; overlay_alpha=\u00a0\u00bb50&Prime; gutter_size=\u00a0\u00bb3&Prime; shift_y=\u00a0\u00bb0&Prime; css=\u00a0\u00bb.vc_custom_1569108843026{margin-bottom: 50px !important;}\u00a0\u00bb][vc_column width=\u00a0\u00bb1\/1&Prime;][vc_button button_color=\u00a0\u00bbaccent\u00a0\u00bb size=\u00a0\u00bbbtn-lg\u00a0\u00bb radius=\u00a0\u00bbbtn-circle\u00a0\u00bb border_width=\u00a0\u00bb0&Prime; link=\u00a0\u00bburl:https%3A%2F%2Fwww.guides-sports-loisirs.ca%2Ftennis-exterieurs%2Fwp-content%2Fuploads%2Fsites%2F14%2F2021%2F01%2F1.2_Planification_ContexteMunicipal.pdf||target:%20_blank|\u00a0\u00bb icon=\u00a0\u00bbfa fa-file-o\u00a0\u00bb el_class=\u00a0\u00bbbtn-pdf\u00a0\u00bb]Version PDF[\/vc_button][\/vc_column][\/vc_row]<\/p>\n<\/div>","protected":false},"excerpt":{"rendered":"<p>[vc_row][vc_column width=\u00a0\u00bb1\/1&Prime;][vc_column_text]L\u2019am\u00e9nagement de courts de tennis dans une municipalit\u00e9 doit concilier des enjeux d\u2019ordre politique, \u00e9conomique, social, technique, environnemental et [&hellip;]<\/p>\n","protected":false},"author":11,"featured_media":0,"parent":1803,"menu_order":5,"comment_status":"closed","ping_status":"closed","template":"","meta":{"_acf_changed":false,"footnotes":""},"class_list":["post-3331","page","type-page","status-publish","hentry"],"acf":[],"yoast_head":"<!-- This site is optimized with the Yoast SEO plugin v27.4 - https:\/\/yoast.com\/product\/yoast-seo-wordpress\/ -->\n<title>Contexte municipal - Cours de tennis ext\u00e9rieurs<\/title>\n<meta name=\"robots\" content=\"index, follow, max-snippet:-1, max-image-preview:large, max-video-preview:-1\" \/>\n<link rel=\"canonical\" href=\"https:\/\/www.guides-sports-loisirs.ca\/tennis-exterieurs\/planification\/contexte-municipal\/\" \/>\n<meta property=\"og:locale\" content=\"fr_FR\" \/>\n<meta property=\"og:type\" content=\"article\" \/>\n<meta property=\"og:title\" content=\"Contexte municipal - Cours de tennis ext\u00e9rieurs\" \/>\n<meta property=\"og:description\" content=\"[vc_row][vc_column width=\u00a0\u00bb1\/1&Prime;][vc_column_text]L\u2019am\u00e9nagement de courts de tennis dans une municipalit\u00e9 doit concilier des enjeux d\u2019ordre politique, \u00e9conomique, social, technique, environnemental et [&hellip;]\" \/>\n<meta property=\"og:url\" content=\"https:\/\/www.guides-sports-loisirs.ca\/tennis-exterieurs\/planification\/contexte-municipal\/\" \/>\n<meta property=\"og:site_name\" content=\"Cours de tennis ext\u00e9rieurs\" \/>\n<meta property=\"article:modified_time\" content=\"2021-02-02T15:55:30+00:00\" \/>\n<meta name=\"twitter:card\" content=\"summary_large_image\" \/>\n<meta name=\"twitter:label1\" content=\"Dur\u00e9e de lecture estim\u00e9e\" \/>\n\t<meta name=\"twitter:data1\" content=\"3 minutes\" \/>\n<script type=\"application\/ld+json\" class=\"yoast-schema-graph\">{\"@context\":\"https:\\\/\\\/schema.org\",\"@graph\":[{\"@type\":\"WebPage\",\"@id\":\"https:\\\/\\\/www.guides-sports-loisirs.ca\\\/tennis-exterieurs\\\/planification\\\/contexte-municipal\\\/\",\"url\":\"https:\\\/\\\/www.guides-sports-loisirs.ca\\\/tennis-exterieurs\\\/planification\\\/contexte-municipal\\\/\",\"name\":\"Contexte municipal - Cours de tennis ext\u00e9rieurs\",\"isPartOf\":{\"@id\":\"https:\\\/\\\/www.guides-sports-loisirs.ca\\\/tennis-exterieurs\\\/#website\"},\"datePublished\":\"2021-01-21T17:13:30+00:00\",\"dateModified\":\"2021-02-02T15:55:30+00:00\",\"breadcrumb\":{\"@id\":\"https:\\\/\\\/www.guides-sports-loisirs.ca\\\/tennis-exterieurs\\\/planification\\\/contexte-municipal\\\/#breadcrumb\"},\"inLanguage\":\"fr-FR\",\"potentialAction\":[{\"@type\":\"ReadAction\",\"target\":[\"https:\\\/\\\/www.guides-sports-loisirs.ca\\\/tennis-exterieurs\\\/planification\\\/contexte-municipal\\\/\"]}]},{\"@type\":\"BreadcrumbList\",\"@id\":\"https:\\\/\\\/www.guides-sports-loisirs.ca\\\/tennis-exterieurs\\\/planification\\\/contexte-municipal\\\/#breadcrumb\",\"itemListElement\":[{\"@type\":\"ListItem\",\"position\":1,\"name\":\"Accueil\",\"item\":\"https:\\\/\\\/www.guides-sports-loisirs.ca\\\/tennis-exterieurs\\\/\"},{\"@type\":\"ListItem\",\"position\":2,\"name\":\"Planification\",\"item\":\"https:\\\/\\\/www.guides-sports-loisirs.ca\\\/tennis-exterieurs\\\/planification\\\/\"},{\"@type\":\"ListItem\",\"position\":3,\"name\":\"Contexte municipal\"}]},{\"@type\":\"WebSite\",\"@id\":\"https:\\\/\\\/www.guides-sports-loisirs.ca\\\/tennis-exterieurs\\\/#website\",\"url\":\"https:\\\/\\\/www.guides-sports-loisirs.ca\\\/tennis-exterieurs\\\/\",\"name\":\"Cours de tennis ext\u00e9rieurs\",\"description\":\"Cours de tennis ext\u00e9rieurs\",\"potentialAction\":[{\"@type\":\"SearchAction\",\"target\":{\"@type\":\"EntryPoint\",\"urlTemplate\":\"https:\\\/\\\/www.guides-sports-loisirs.ca\\\/tennis-exterieurs\\\/?s={search_term_string}\"},\"query-input\":{\"@type\":\"PropertyValueSpecification\",\"valueRequired\":true,\"valueName\":\"search_term_string\"}}],\"inLanguage\":\"fr-FR\"}]}<\/script>\n<!-- \/ Yoast SEO plugin. -->","yoast_head_json":{"title":"Contexte municipal - Cours de tennis ext\u00e9rieurs","robots":{"index":"index","follow":"follow","max-snippet":"max-snippet:-1","max-image-preview":"max-image-preview:large","max-video-preview":"max-video-preview:-1"},"canonical":"https:\/\/www.guides-sports-loisirs.ca\/tennis-exterieurs\/planification\/contexte-municipal\/","og_locale":"fr_FR","og_type":"article","og_title":"Contexte municipal - Cours de tennis ext\u00e9rieurs","og_description":"[vc_row][vc_column width=\u00a0\u00bb1\/1&Prime;][vc_column_text]L\u2019am\u00e9nagement de courts de tennis dans une municipalit\u00e9 doit concilier des enjeux d\u2019ordre politique, \u00e9conomique, social, technique, environnemental et [&hellip;]","og_url":"https:\/\/www.guides-sports-loisirs.ca\/tennis-exterieurs\/planification\/contexte-municipal\/","og_site_name":"Cours de tennis ext\u00e9rieurs","article_modified_time":"2021-02-02T15:55:30+00:00","twitter_card":"summary_large_image","twitter_misc":{"Dur\u00e9e de lecture estim\u00e9e":"3 minutes"},"schema":{"@context":"https:\/\/schema.org","@graph":[{"@type":"WebPage","@id":"https:\/\/www.guides-sports-loisirs.ca\/tennis-exterieurs\/planification\/contexte-municipal\/","url":"https:\/\/www.guides-sports-loisirs.ca\/tennis-exterieurs\/planification\/contexte-municipal\/","name":"Contexte municipal - Cours de tennis ext\u00e9rieurs","isPartOf":{"@id":"https:\/\/www.guides-sports-loisirs.ca\/tennis-exterieurs\/#website"},"datePublished":"2021-01-21T17:13:30+00:00","dateModified":"2021-02-02T15:55:30+00:00","breadcrumb":{"@id":"https:\/\/www.guides-sports-loisirs.ca\/tennis-exterieurs\/planification\/contexte-municipal\/#breadcrumb"},"inLanguage":"fr-FR","potentialAction":[{"@type":"ReadAction","target":["https:\/\/www.guides-sports-loisirs.ca\/tennis-exterieurs\/planification\/contexte-municipal\/"]}]},{"@type":"BreadcrumbList","@id":"https:\/\/www.guides-sports-loisirs.ca\/tennis-exterieurs\/planification\/contexte-municipal\/#breadcrumb","itemListElement":[{"@type":"ListItem","position":1,"name":"Accueil","item":"https:\/\/www.guides-sports-loisirs.ca\/tennis-exterieurs\/"},{"@type":"ListItem","position":2,"name":"Planification","item":"https:\/\/www.guides-sports-loisirs.ca\/tennis-exterieurs\/planification\/"},{"@type":"ListItem","position":3,"name":"Contexte municipal"}]},{"@type":"WebSite","@id":"https:\/\/www.guides-sports-loisirs.ca\/tennis-exterieurs\/#website","url":"https:\/\/www.guides-sports-loisirs.ca\/tennis-exterieurs\/","name":"Cours de tennis ext\u00e9rieurs","description":"Cours de tennis ext\u00e9rieurs","potentialAction":[{"@type":"SearchAction","target":{"@type":"EntryPoint","urlTemplate":"https:\/\/www.guides-sports-loisirs.ca\/tennis-exterieurs\/?s={search_term_string}"},"query-input":{"@type":"PropertyValueSpecification","valueRequired":true,"valueName":"search_term_string"}}],"inLanguage":"fr-FR"}]}},"_links":{"self":[{"href":"https:\/\/www.guides-sports-loisirs.ca\/tennis-exterieurs\/wp-json\/wp\/v2\/pages\/3331","targetHints":{"allow":["GET"]}}],"collection":[{"href":"https:\/\/www.guides-sports-loisirs.ca\/tennis-exterieurs\/wp-json\/wp\/v2\/pages"}],"about":[{"href":"https:\/\/www.guides-sports-loisirs.ca\/tennis-exterieurs\/wp-json\/wp\/v2\/types\/page"}],"author":[{"embeddable":true,"href":"https:\/\/www.guides-sports-loisirs.ca\/tennis-exterieurs\/wp-json\/wp\/v2\/users\/11"}],"replies":[{"embeddable":true,"href":"https:\/\/www.guides-sports-loisirs.ca\/tennis-exterieurs\/wp-json\/wp\/v2\/comments?post=3331"}],"version-history":[{"count":7,"href":"https:\/\/www.guides-sports-loisirs.ca\/tennis-exterieurs\/wp-json\/wp\/v2\/pages\/3331\/revisions"}],"predecessor-version":[{"id":3782,"href":"https:\/\/www.guides-sports-loisirs.ca\/tennis-exterieurs\/wp-json\/wp\/v2\/pages\/3331\/revisions\/3782"}],"up":[{"embeddable":true,"href":"https:\/\/www.guides-sports-loisirs.ca\/tennis-exterieurs\/wp-json\/wp\/v2\/pages\/1803"}],"wp:attachment":[{"href":"https:\/\/www.guides-sports-loisirs.ca\/tennis-exterieurs\/wp-json\/wp\/v2\/media?parent=3331"}],"curies":[{"name":"wp","href":"https:\/\/api.w.org\/{rel}","templated":true}]}}