{"id":3873,"date":"2022-06-15T11:43:31","date_gmt":"2022-06-15T15:43:31","guid":{"rendered":"https:\/\/www.guides-sports-loisirs.ca\/skateparcs\/?page_id=3873"},"modified":"2022-07-07T10:39:13","modified_gmt":"2022-07-07T14:39:13","slug":"amenagements-connexes","status":"publish","type":"page","link":"https:\/\/www.guides-sports-loisirs.ca\/skateparcs\/conception\/amenagements-connexes\/","title":{"rendered":"Am\u00e9nagements connexes"},"content":{"rendered":"<div class=\"wpb-content-wrapper\"><p>[vc_row][vc_column width=\u00a0\u00bb1\/1&Prime;][vc_column_text css=\u00a0\u00bb.vc_custom_1655307839342{margin-bottom: 20px !important;}\u00a0\u00bb]<strong>Un skateparc ne saurait se limiter \u00e0 un parcours ou un ensemble de parcours. Comme pour toute autre infrastructure de sport, il faut assurer des services aux usagers, veiller \u00e0 leur s\u00e9curit\u00e9, faciliter leurs d\u00e9placements et \u00ab planter le d\u00e9cor \u00bb de fa\u00e7on harmonieuse.<\/strong>[\/vc_column_text][vc_accordion][vc_accordion_tab title=\u00a0\u00bbZONE DE REPOS\u00a0\u00bb tab_id=\u00a0\u00bb1654975079-1-59&Prime;][vc_column_text]Il est in\u00e9vitable que les usagers s\u2019approprient les installations et y fassent autre chose que pratiquer leur sport. Une zone de repos est essentielle non seulement pour l\u2019attrait du site mais aussi pour sa fonctionnalit\u00e9. S\u2019il n\u2019y en a pas, il est in\u00e9vitable que les sportifs en pause se serviront des modules pour s\u2019asseoir et se regrouperont au sein du parcours plut\u00f4t qu\u2019en p\u00e9riph\u00e9rie.<\/p>\n<p>Pour concevoir une zone de repos appropri\u00e9e, il faut prendre en compte que les usagers ont besoin d\u2019espace pour d\u00e9poser leurs effets personnels avant de pratiquer leur sport. Ils ont besoin de si\u00e8ges pour se reposer et de poubelles pour leurs d\u00e9chets.<\/p>\n<p>Comme les skateparcs attirent une client\u00e8le adolescente abondante, il faut savoir qu\u2019elle y passera beaucoup de temps \u00e0 fl\u00e2ner. Plut\u00f4t qu\u2019interdire le fl\u00e2nage, il est conseill\u00e9 de pr\u00e9voir un certain encadrement en am\u00e9nageant la zone de repos en p\u00e9riph\u00e9rie, \u00e0 proximit\u00e9 du site, mais bien \u00e0 la vue des autres portions du parc et de la rue. Il faut \u00e9viter de cloisonner les jeunes dans une zone recluse o\u00f9 des d\u00e9bordements pourraient avoir lieu.<\/p>\n<p>Il est aussi important que cette zone ne soit pas trop pr\u00e8s des r\u00e9sidences avoisinantes, car les usagers peuvent y demeurer longtemps et s\u2019y regrouper parfois en tr\u00e8s grands groupes, ce qui pourrait \u00eatre per\u00e7u comme une menace ou une nuisance susceptible de troubler la paix publique.[\/vc_column_text][\/vc_accordion_tab][vc_accordion_tab title=\u00a0\u00bbAM\u00c9NAGEMENT PAYSAGER\u00a0\u00bb tab_id=\u00a0\u00bb1654975079-2-56&Prime;][vc_column_text]Il est pr\u00e9f\u00e9rable que le paysagement d\u2019un skateparc soit fait \u00e0 la fin des travaux afin de v\u00e9g\u00e9taliser l\u2019endroit et de rendre l\u2019installation plus attrayante. Le gazonnage au pourtour de la surface est une pratique fr\u00e9quente, mais certaines municipalit\u00e9s optent pour des surfaces synth\u00e9tiques, plus dispendieuses mais qui n\u00e9cessitent moins d\u2019entretien.<\/p>\n<p>Pour l\u2019engazonnement autour de l\u2019installation, on a le plus souvent recours aux deux m\u00e9thodes suivantes :<\/p>\n<ul>\n<li><strong>Gazon en plaques<\/strong> : de meilleure qualit\u00e9, mais plus dispendieux<\/li>\n<li><strong>Ensemencement hydraulique<\/strong> : gazon moins fourni, mais co\u00fbt r\u00e9duit pour les grandes surfaces<\/li>\n<\/ul>\n<p>L\u2019entretien initial du gazon est d\u2019une importance capitale pour sa survie. Il faut pr\u00e9voir au moins deux semaines d\u2019entretien quotidien par arrosage en \u00e9vitant au maximum le pi\u00e9tinement par les usagers. Il est conseill\u00e9 de garder en place les cl\u00f4tures de chantier et de ne pas ouvrir l\u2019installation tant que les travaux de gazonnage n\u2019auront pas \u00e9t\u00e9 termin\u00e9s, car la grande affluence risquerait d\u2019endommager le paysagement. Si la municipalit\u00e9 exige que le gazonnement soit effectu\u00e9 par un entrepreneur, il faut prendre en compte les co\u00fbts tr\u00e8s \u00e9lev\u00e9s de l\u2019entretien de la pelouse durant la p\u00e9riode de garantie.<\/p>\n<p>Pour la finition autour des plateaux de modules en hauteur, deux choix sont possibles :<\/p>\n<h3><span class=\"font-966981\" style=\"color: #eb4a6c\"><strong>Garde-corps autour des plateaux<\/strong><\/span><\/h3>\n<p>Option moins attrayante au coup d\u2019\u0153il, g\u00e9n\u00e9ralement privil\u00e9gi\u00e9e lorsque l\u2019espace est trop restreint pour accueillir des pentes gazonn\u00e9es[\/vc_column_text][vc_empty_space empty_h=\u00a0\u00bb2&Prime;][vc_single_image media=\u00a0\u00bb4126&Prime; media_lightbox=\u00a0\u00bbyes\u00a0\u00bb media_width_percent=\u00a0\u00bb65&Prime; lbox_skin=\u00a0\u00bbwhite\u00a0\u00bb][vc_empty_space empty_h=\u00a0\u00bb2&Prime;][vc_column_text]<\/p>\n<h3><span class=\"font-966981\" style=\"color: #eb4a6c\"><strong>Pente gazonn\u00e9e au pourtour de l&rsquo;\u00e9l\u00e9vation<\/strong><\/span><\/h3>\n<p>Id\u00e9alement avec une inclinaison maximale de 30 % (3 dans 1) pour faciliter l\u2019entretien[\/vc_column_text][vc_empty_space empty_h=\u00a0\u00bb2&Prime;][vc_single_image media=\u00a0\u00bb4128&Prime; media_lightbox=\u00a0\u00bbyes\u00a0\u00bb media_width_percent=\u00a0\u00bb65&Prime; lbox_skin=\u00a0\u00bbwhite\u00a0\u00bb][vc_empty_space empty_h=\u00a0\u00bb2&Prime;][vc_single_image media=\u00a0\u00bb4127&Prime; media_lightbox=\u00a0\u00bbyes\u00a0\u00bb media_width_percent=\u00a0\u00bb65&Prime; lbox_skin=\u00a0\u00bbwhite\u00a0\u00bb][vc_empty_space empty_h=\u00a0\u00bb2&Prime;][vc_column_text]Si le terrain est trop escarp\u00e9, des murs de sout\u00e8nement en b\u00e9ton ou en pierres naturelles peuvent \u00eatre install\u00e9s pour compenser les changements de hauteur.<\/p>\n<p>Dans un contexte urbain, les installations de b\u00e9ton compl\u00e9mentaires au sein des skateparcs peuvent \u00eatre vues d\u2019un mauvais \u0153il par les citoyens, car ils constituent des \u00eelots de chaleur. Il est conseill\u00e9 de r\u00e9duire ces \u00eelots de chaleur dus au b\u00e9tonnage en plantant ou installant beaucoup de v\u00e9g\u00e9taux autour des structures.[\/vc_column_text][\/vc_accordion_tab][vc_accordion_tab title=\u00a0\u00bb\u00c9V\u00c9NEMENTS\u00a0\u00bb tab_id=\u00a0\u00bb1655305508463-2-9&Prime;][vc_column_text]De nombreux \u00e9v\u00e9nements peuvent avoir lieu dans un skateparc. Il faut pr\u00e9voir cette \u00e9ventualit\u00e9 d\u00e8s la conception. Par exemple, des prises \u00e9lectriques seront indispensables pour les services \u00e9v\u00e9nementiels. Il faut aussi pr\u00e9voir des endroits o\u00f9 installer tentes, tables et zone des juges pour les comp\u00e9titions. Des estrades, temporaires ou permanentes, permettront d\u2019accueillir des spectateurs.[\/vc_column_text][\/vc_accordion_tab][\/vc_accordion][\/vc_column][\/vc_row][vc_row][\/vc_row][vc_row row_height_percent=\u00a0\u00bb0&Prime; overlay_alpha=\u00a0\u00bb50&Prime; gutter_size=\u00a0\u00bb3&Prime; shift_y=\u00a0\u00bb0&Prime; css=\u00a0\u00bb.vc_custom_1569108843026{margin-bottom: 50px !important;}\u00a0\u00bb][vc_column width=\u00a0\u00bb1\/1&Prime;][vc_button button_color=\u00a0\u00bbaccent\u00a0\u00bb size=\u00a0\u00bbbtn-lg\u00a0\u00bb radius=\u00a0\u00bbbtn-circle\u00a0\u00bb border_width=\u00a0\u00bb0&Prime; link=\u00a0\u00bburl:https%3A%2F%2Fwww.guides-sports-loisirs.ca%2Fskateparcs%2Fwp-content%2Fuploads%2Fsites%2F20%2F2022%2F06%2F3.8_Conception_AmenagementsConnexes.pdf||target:%20_blank|\u00a0\u00bb icon=\u00a0\u00bbfa fa-file-o\u00a0\u00bb el_class=\u00a0\u00bbbtn-pdf\u00a0\u00bb]Version PDF[\/vc_button][\/vc_column][\/vc_row]<\/p>\n<\/div>","protected":false},"excerpt":{"rendered":"<p>[vc_row][vc_column width=\u00a0\u00bb1\/1&Prime;][vc_column_text css=\u00a0\u00bb.vc_custom_1655307839342{margin-bottom: 20px !important;}\u00a0\u00bb]Un skateparc ne saurait se limiter \u00e0 un parcours ou un ensemble de parcours. Comme pour [&hellip;]<\/p>\n","protected":false},"author":11,"featured_media":0,"parent":2255,"menu_order":21,"comment_status":"closed","ping_status":"closed","template":"","meta":{"_acf_changed":false,"footnotes":""},"class_list":["post-3873","page","type-page","status-publish","hentry"],"acf":[],"yoast_head":"<!-- This site is optimized with the Yoast SEO plugin v27.4 - https:\/\/yoast.com\/product\/yoast-seo-wordpress\/ -->\n<title>Am\u00e9nagements connexes - Skateparcs<\/title>\n<meta name=\"robots\" content=\"index, follow, max-snippet:-1, max-image-preview:large, max-video-preview:-1\" \/>\n<link rel=\"canonical\" href=\"https:\/\/www.guides-sports-loisirs.ca\/skateparcs\/conception\/amenagements-connexes\/\" \/>\n<meta property=\"og:locale\" content=\"fr_FR\" \/>\n<meta property=\"og:type\" content=\"article\" \/>\n<meta property=\"og:title\" content=\"Am\u00e9nagements connexes - Skateparcs\" \/>\n<meta property=\"og:description\" content=\"[vc_row][vc_column width=\u00a0\u00bb1\/1&Prime;][vc_column_text css=\u00a0\u00bb.vc_custom_1655307839342{margin-bottom: 20px !important;}\u00a0\u00bb]Un skateparc ne saurait se limiter \u00e0 un parcours ou un ensemble de parcours. Comme pour [&hellip;]\" \/>\n<meta property=\"og:url\" content=\"https:\/\/www.guides-sports-loisirs.ca\/skateparcs\/conception\/amenagements-connexes\/\" \/>\n<meta property=\"og:site_name\" content=\"Skateparcs\" \/>\n<meta property=\"article:modified_time\" content=\"2022-07-07T14:39:13+00:00\" \/>\n<meta name=\"twitter:card\" content=\"summary_large_image\" \/>\n<meta name=\"twitter:label1\" content=\"Dur\u00e9e de lecture estim\u00e9e\" \/>\n\t<meta name=\"twitter:data1\" content=\"3 minutes\" \/>\n<script type=\"application\/ld+json\" class=\"yoast-schema-graph\">{\"@context\":\"https:\\\/\\\/schema.org\",\"@graph\":[{\"@type\":\"WebPage\",\"@id\":\"https:\\\/\\\/www.guides-sports-loisirs.ca\\\/skateparcs\\\/conception\\\/amenagements-connexes\\\/\",\"url\":\"https:\\\/\\\/www.guides-sports-loisirs.ca\\\/skateparcs\\\/conception\\\/amenagements-connexes\\\/\",\"name\":\"Am\u00e9nagements connexes - Skateparcs\",\"isPartOf\":{\"@id\":\"https:\\\/\\\/www.guides-sports-loisirs.ca\\\/skateparcs\\\/#website\"},\"datePublished\":\"2022-06-15T15:43:31+00:00\",\"dateModified\":\"2022-07-07T14:39:13+00:00\",\"breadcrumb\":{\"@id\":\"https:\\\/\\\/www.guides-sports-loisirs.ca\\\/skateparcs\\\/conception\\\/amenagements-connexes\\\/#breadcrumb\"},\"inLanguage\":\"fr-FR\",\"potentialAction\":[{\"@type\":\"ReadAction\",\"target\":[\"https:\\\/\\\/www.guides-sports-loisirs.ca\\\/skateparcs\\\/conception\\\/amenagements-connexes\\\/\"]}]},{\"@type\":\"BreadcrumbList\",\"@id\":\"https:\\\/\\\/www.guides-sports-loisirs.ca\\\/skateparcs\\\/conception\\\/amenagements-connexes\\\/#breadcrumb\",\"itemListElement\":[{\"@type\":\"ListItem\",\"position\":1,\"name\":\"Accueil\",\"item\":\"https:\\\/\\\/www.guides-sports-loisirs.ca\\\/skateparcs\\\/\"},{\"@type\":\"ListItem\",\"position\":2,\"name\":\"Conception\",\"item\":\"https:\\\/\\\/www.guides-sports-loisirs.ca\\\/skateparcs\\\/conception\\\/\"},{\"@type\":\"ListItem\",\"position\":3,\"name\":\"Am\u00e9nagements connexes\"}]},{\"@type\":\"WebSite\",\"@id\":\"https:\\\/\\\/www.guides-sports-loisirs.ca\\\/skateparcs\\\/#website\",\"url\":\"https:\\\/\\\/www.guides-sports-loisirs.ca\\\/skateparcs\\\/\",\"name\":\"Skateparcs\",\"description\":\"Skateparcs\",\"potentialAction\":[{\"@type\":\"SearchAction\",\"target\":{\"@type\":\"EntryPoint\",\"urlTemplate\":\"https:\\\/\\\/www.guides-sports-loisirs.ca\\\/skateparcs\\\/?s={search_term_string}\"},\"query-input\":{\"@type\":\"PropertyValueSpecification\",\"valueRequired\":true,\"valueName\":\"search_term_string\"}}],\"inLanguage\":\"fr-FR\"}]}<\/script>\n<!-- \/ Yoast SEO plugin. -->","yoast_head_json":{"title":"Am\u00e9nagements connexes - Skateparcs","robots":{"index":"index","follow":"follow","max-snippet":"max-snippet:-1","max-image-preview":"max-image-preview:large","max-video-preview":"max-video-preview:-1"},"canonical":"https:\/\/www.guides-sports-loisirs.ca\/skateparcs\/conception\/amenagements-connexes\/","og_locale":"fr_FR","og_type":"article","og_title":"Am\u00e9nagements connexes - Skateparcs","og_description":"[vc_row][vc_column width=\u00a0\u00bb1\/1&Prime;][vc_column_text css=\u00a0\u00bb.vc_custom_1655307839342{margin-bottom: 20px !important;}\u00a0\u00bb]Un skateparc ne saurait se limiter \u00e0 un parcours ou un ensemble de parcours. Comme pour [&hellip;]","og_url":"https:\/\/www.guides-sports-loisirs.ca\/skateparcs\/conception\/amenagements-connexes\/","og_site_name":"Skateparcs","article_modified_time":"2022-07-07T14:39:13+00:00","twitter_card":"summary_large_image","twitter_misc":{"Dur\u00e9e de lecture estim\u00e9e":"3 minutes"},"schema":{"@context":"https:\/\/schema.org","@graph":[{"@type":"WebPage","@id":"https:\/\/www.guides-sports-loisirs.ca\/skateparcs\/conception\/amenagements-connexes\/","url":"https:\/\/www.guides-sports-loisirs.ca\/skateparcs\/conception\/amenagements-connexes\/","name":"Am\u00e9nagements connexes - Skateparcs","isPartOf":{"@id":"https:\/\/www.guides-sports-loisirs.ca\/skateparcs\/#website"},"datePublished":"2022-06-15T15:43:31+00:00","dateModified":"2022-07-07T14:39:13+00:00","breadcrumb":{"@id":"https:\/\/www.guides-sports-loisirs.ca\/skateparcs\/conception\/amenagements-connexes\/#breadcrumb"},"inLanguage":"fr-FR","potentialAction":[{"@type":"ReadAction","target":["https:\/\/www.guides-sports-loisirs.ca\/skateparcs\/conception\/amenagements-connexes\/"]}]},{"@type":"BreadcrumbList","@id":"https:\/\/www.guides-sports-loisirs.ca\/skateparcs\/conception\/amenagements-connexes\/#breadcrumb","itemListElement":[{"@type":"ListItem","position":1,"name":"Accueil","item":"https:\/\/www.guides-sports-loisirs.ca\/skateparcs\/"},{"@type":"ListItem","position":2,"name":"Conception","item":"https:\/\/www.guides-sports-loisirs.ca\/skateparcs\/conception\/"},{"@type":"ListItem","position":3,"name":"Am\u00e9nagements connexes"}]},{"@type":"WebSite","@id":"https:\/\/www.guides-sports-loisirs.ca\/skateparcs\/#website","url":"https:\/\/www.guides-sports-loisirs.ca\/skateparcs\/","name":"Skateparcs","description":"Skateparcs","potentialAction":[{"@type":"SearchAction","target":{"@type":"EntryPoint","urlTemplate":"https:\/\/www.guides-sports-loisirs.ca\/skateparcs\/?s={search_term_string}"},"query-input":{"@type":"PropertyValueSpecification","valueRequired":true,"valueName":"search_term_string"}}],"inLanguage":"fr-FR"}]}},"_links":{"self":[{"href":"https:\/\/www.guides-sports-loisirs.ca\/skateparcs\/wp-json\/wp\/v2\/pages\/3873","targetHints":{"allow":["GET"]}}],"collection":[{"href":"https:\/\/www.guides-sports-loisirs.ca\/skateparcs\/wp-json\/wp\/v2\/pages"}],"about":[{"href":"https:\/\/www.guides-sports-loisirs.ca\/skateparcs\/wp-json\/wp\/v2\/types\/page"}],"author":[{"embeddable":true,"href":"https:\/\/www.guides-sports-loisirs.ca\/skateparcs\/wp-json\/wp\/v2\/users\/11"}],"replies":[{"embeddable":true,"href":"https:\/\/www.guides-sports-loisirs.ca\/skateparcs\/wp-json\/wp\/v2\/comments?post=3873"}],"version-history":[{"count":6,"href":"https:\/\/www.guides-sports-loisirs.ca\/skateparcs\/wp-json\/wp\/v2\/pages\/3873\/revisions"}],"predecessor-version":[{"id":4317,"href":"https:\/\/www.guides-sports-loisirs.ca\/skateparcs\/wp-json\/wp\/v2\/pages\/3873\/revisions\/4317"}],"up":[{"embeddable":true,"href":"https:\/\/www.guides-sports-loisirs.ca\/skateparcs\/wp-json\/wp\/v2\/pages\/2255"}],"wp:attachment":[{"href":"https:\/\/www.guides-sports-loisirs.ca\/skateparcs\/wp-json\/wp\/v2\/media?parent=3873"}],"curies":[{"name":"wp","href":"https:\/\/api.w.org\/{rel}","templated":true}]}}