{"id":3851,"date":"2022-06-13T13:41:49","date_gmt":"2022-06-13T17:41:49","guid":{"rendered":"https:\/\/www.guides-sports-loisirs.ca\/skateparcs\/?page_id=3851"},"modified":"2022-07-07T10:29:04","modified_gmt":"2022-07-07T14:29:04","slug":"dimensions","status":"publish","type":"page","link":"https:\/\/www.guides-sports-loisirs.ca\/skateparcs\/conception\/dimensions\/","title":{"rendered":"Dimensions"},"content":{"rendered":"<div class=\"wpb-content-wrapper\"><p>[vc_row][vc_column width=\u00a0\u00bb1\/1&Prime;][vc_accordion][vc_accordion_tab title=\u00a0\u00bbSUPERFICIE DU PARCOURS\u00a0\u00bb tab_id=\u00a0\u00bb1654975079-1-59&Prime;][vc_column_text]La superficie minimale d\u2019un skateparc devrait \u00eatre de 280 m\u00e8tres carr\u00e9s (3000 pi ca). Il n\u2019y a pas de maximum.<\/p>\n<p>La longueur minimale du parcours pour qu\u2019il soit agr\u00e9able est de 24 m (80 pi). La largeur minimale est de 6 m\u00e8tres (20 pi). Les usagers manqueront d\u2019espace pour pr\u00e9parer leurs sauts entre les modules si ces dimensions sont moindres.<\/p>\n<p>Pour les demi-lunes et les bols, la largeur minimale est de 4,87 m\u00e8tres (16 pi). La longueur varie selon les pr\u00e9f\u00e9rences, mais en g\u00e9n\u00e9ral, le minimum est de 7,31 m (24 pi).[\/vc_column_text][\/vc_accordion_tab][vc_accordion_tab title=\u00a0\u00bbESPACEMENT AVEC LES \u00c9L\u00c9MENTS EXT\u00c9RIEURS\u00a0\u00bb tab_id=\u00a0\u00bb1654975079-2-56&Prime;][vc_column_text]Nous recommandons les distances minimales suivantes avec les \u00e9l\u00e9ments ext\u00e9rieurs :<\/p>\n<p><strong>Habitation<\/strong> : au moins 30 m\u00e8tres (100 pi)<br \/>\n<strong>Stationnement<\/strong> : au moins 9 m\u00e8tres (30 pi)<br \/>\n<strong>Si\u00e8ges\/aires de repos<\/strong> : au moins 4,50 m\u00e8tres (15 pi)<br \/>\n<strong>Trottoirs\/pistes cyclables\/voie publique<\/strong> : au moins 15 m\u00e8tres (50 pi)[\/vc_column_text][\/vc_accordion_tab][vc_accordion_tab title=\u00a0\u00bbESPACEMENTS AU SEIN DU PARCOURS\u00a0\u00bb tab_id=\u00a0\u00bb1655142327535-2-2&Prime;][vc_column_text]Les espacements entre les modules diff\u00e8rent selon le type d\u2019obstacle et de parcours : un parcours plut\u00f4t destin\u00e9 aux d\u00e9butants priorisera un grand espacement entre les diff\u00e9rents obstacles afin que le pratiquant puisse reprendre son \u00e9quilibre avant de sauter, alors qu\u2019un parcours qui s\u2019adresse plut\u00f4t aux experts priorisera l\u2019encha\u00eenement rapide de diff\u00e9rentes man\u0153uvres sur des obstacles plus rapproch\u00e9s.<\/p>\n<p>Pour les obstacles dans la discipline \u00ab Street \u00bb, on recommande une distance minimale de 6,4 m\u00e8tres (21 pi) entre le lanceur (module con\u00e7u pour prendre un \u00e9lan) et l\u2019obstacle.[\/vc_column_text][vc_empty_space empty_h=\u00a0\u00bb2&Prime;][vc_single_image media=\u00a0\u00bb4106&Prime; media_lightbox=\u00a0\u00bbyes\u00a0\u00bb media_width_percent=\u00a0\u00bb65&Prime; lbox_skin=\u00a0\u00bbwhite\u00a0\u00bb][vc_empty_space empty_h=\u00a0\u00bb2&Prime;][vc_column_text]On recommande une distance plate entre les courbes d\u2019un minimum de 2,4 m\u00e8tres (8 pi) pour les demi-lunes basses et d\u2019un minimum de 3 m\u00e8tres (10 pi) pour les demi-lunes hautes. Pour les grandes rampes (1,80 m\/6 pi de haut et plus), l\u2019espacement plat minimal recommand\u00e9 est de 3,35 m\u00e8tres (11 pi).<\/p>\n<h3><span class=\"font-966981\" style=\"color: #414141\"><strong>Demi-lune de petite dimension<\/strong><\/span><\/h3>\n<p>[\/vc_column_text][vc_empty_space empty_h=\u00a0\u00bb2&Prime;][vc_single_image media=\u00a0\u00bb4109&Prime; media_lightbox=\u00a0\u00bbyes\u00a0\u00bb media_width_percent=\u00a0\u00bb65&Prime; lbox_skin=\u00a0\u00bbwhite\u00a0\u00bb][vc_empty_space empty_h=\u00a0\u00bb2&Prime;][vc_column_text]<\/p>\n<h3><span class=\"font-966981\"><strong>Demi-lune de moyenne dimension<\/strong><\/span><\/h3>\n<p>[\/vc_column_text][vc_empty_space empty_h=\u00a0\u00bb2&Prime;][vc_single_image media=\u00a0\u00bb4108&Prime; media_lightbox=\u00a0\u00bbyes\u00a0\u00bb media_width_percent=\u00a0\u00bb65&Prime; lbox_skin=\u00a0\u00bbwhite\u00a0\u00bb][vc_empty_space empty_h=\u00a0\u00bb2&Prime;][vc_column_text]<\/p>\n<h3><span class=\"font-966981\"><strong>Demi-lune de grande dimension<\/strong><\/span><\/h3>\n<p>[\/vc_column_text][vc_empty_space empty_h=\u00a0\u00bb2&Prime;][vc_single_image media=\u00a0\u00bb4107&Prime; media_lightbox=\u00a0\u00bbyes\u00a0\u00bb media_width_percent=\u00a0\u00bb65&Prime; lbox_skin=\u00a0\u00bbwhite\u00a0\u00bb][vc_empty_space empty_h=\u00a0\u00bb2&Prime;][vc_column_text]Pour ce qui est de l\u2019espacement en largeur, un minimum de 2,13 m\u00e8tres (7 pi) est recommand\u00e9 entre deux obstacles, de fa\u00e7on qu\u2019un pratiquant qui tombe ne puisse heurter l\u2019obstacle voisin.<\/p>\n<h3><span class=\"font-966981\"><strong>Espacement en largeur<\/strong><\/span><\/h3>\n<p>[\/vc_column_text][vc_empty_space empty_h=\u00a0\u00bb2&Prime;][vc_single_image media=\u00a0\u00bb4110&Prime; media_lightbox=\u00a0\u00bbyes\u00a0\u00bb media_width_percent=\u00a0\u00bb65&Prime; lbox_skin=\u00a0\u00bbwhite\u00a0\u00bb][vc_empty_space empty_h=\u00a0\u00bb2&Prime;][\/vc_accordion_tab][\/vc_accordion][\/vc_column][\/vc_row][vc_row][\/vc_row][vc_row row_height_percent=\u00a0\u00bb0&Prime; overlay_alpha=\u00a0\u00bb50&Prime; gutter_size=\u00a0\u00bb3&Prime; shift_y=\u00a0\u00bb0&Prime; css=\u00a0\u00bb.vc_custom_1569108843026{margin-bottom: 50px !important;}\u00a0\u00bb][vc_column width=\u00a0\u00bb1\/1&Prime;][vc_button button_color=\u00a0\u00bbaccent\u00a0\u00bb size=\u00a0\u00bbbtn-lg\u00a0\u00bb radius=\u00a0\u00bbbtn-circle\u00a0\u00bb border_width=\u00a0\u00bb0&Prime; link=\u00a0\u00bburl:https%3A%2F%2Fwww.guides-sports-loisirs.ca%2Fskateparcs%2Fwp-content%2Fuploads%2Fsites%2F20%2F2022%2F06%2F3.4_Conception_Dimensions.pdf||target:%20_blank|\u00a0\u00bb icon=\u00a0\u00bbfa fa-file-o\u00a0\u00bb el_class=\u00a0\u00bbbtn-pdf\u00a0\u00bb]Version PDF[\/vc_button][\/vc_column][\/vc_row]<\/p>\n<\/div>","protected":false},"excerpt":{"rendered":"<p>[vc_row][vc_column width=\u00a0\u00bb1\/1&Prime;][vc_accordion][vc_accordion_tab title=\u00a0\u00bbSUPERFICIE DU PARCOURS\u00a0\u00bb tab_id=\u00a0\u00bb1654975079-1-59&Prime;][vc_column_text]La superficie minimale d\u2019un skateparc devrait \u00eatre de 280 m\u00e8tres carr\u00e9s (3000 pi ca). Il [&hellip;]<\/p>\n","protected":false},"author":11,"featured_media":0,"parent":2255,"menu_order":21,"comment_status":"closed","ping_status":"closed","template":"","meta":{"_acf_changed":false,"footnotes":""},"class_list":["post-3851","page","type-page","status-publish","hentry"],"acf":[],"yoast_head":"<!-- This site is optimized with the Yoast SEO plugin v27.4 - https:\/\/yoast.com\/product\/yoast-seo-wordpress\/ -->\n<title>Dimensions - Skateparcs<\/title>\n<meta name=\"robots\" content=\"index, follow, max-snippet:-1, max-image-preview:large, max-video-preview:-1\" \/>\n<link rel=\"canonical\" href=\"https:\/\/www.guides-sports-loisirs.ca\/skateparcs\/conception\/dimensions\/\" \/>\n<meta property=\"og:locale\" content=\"fr_FR\" \/>\n<meta property=\"og:type\" content=\"article\" \/>\n<meta property=\"og:title\" content=\"Dimensions - Skateparcs\" \/>\n<meta property=\"og:description\" content=\"[vc_row][vc_column width=\u00a0\u00bb1\/1&Prime;][vc_accordion][vc_accordion_tab title=\u00a0\u00bbSUPERFICIE DU PARCOURS\u00a0\u00bb tab_id=\u00a0\u00bb1654975079-1-59&Prime;][vc_column_text]La superficie minimale d\u2019un skateparc devrait \u00eatre de 280 m\u00e8tres carr\u00e9s (3000 pi ca). Il [&hellip;]\" \/>\n<meta property=\"og:url\" content=\"https:\/\/www.guides-sports-loisirs.ca\/skateparcs\/conception\/dimensions\/\" \/>\n<meta property=\"og:site_name\" content=\"Skateparcs\" \/>\n<meta property=\"article:modified_time\" content=\"2022-07-07T14:29:04+00:00\" \/>\n<meta name=\"twitter:card\" content=\"summary_large_image\" \/>\n<meta name=\"twitter:label1\" content=\"Dur\u00e9e de lecture estim\u00e9e\" \/>\n\t<meta name=\"twitter:data1\" content=\"2 minutes\" \/>\n<script type=\"application\/ld+json\" class=\"yoast-schema-graph\">{\"@context\":\"https:\\\/\\\/schema.org\",\"@graph\":[{\"@type\":\"WebPage\",\"@id\":\"https:\\\/\\\/www.guides-sports-loisirs.ca\\\/skateparcs\\\/conception\\\/dimensions\\\/\",\"url\":\"https:\\\/\\\/www.guides-sports-loisirs.ca\\\/skateparcs\\\/conception\\\/dimensions\\\/\",\"name\":\"Dimensions - Skateparcs\",\"isPartOf\":{\"@id\":\"https:\\\/\\\/www.guides-sports-loisirs.ca\\\/skateparcs\\\/#website\"},\"datePublished\":\"2022-06-13T17:41:49+00:00\",\"dateModified\":\"2022-07-07T14:29:04+00:00\",\"breadcrumb\":{\"@id\":\"https:\\\/\\\/www.guides-sports-loisirs.ca\\\/skateparcs\\\/conception\\\/dimensions\\\/#breadcrumb\"},\"inLanguage\":\"fr-FR\",\"potentialAction\":[{\"@type\":\"ReadAction\",\"target\":[\"https:\\\/\\\/www.guides-sports-loisirs.ca\\\/skateparcs\\\/conception\\\/dimensions\\\/\"]}]},{\"@type\":\"BreadcrumbList\",\"@id\":\"https:\\\/\\\/www.guides-sports-loisirs.ca\\\/skateparcs\\\/conception\\\/dimensions\\\/#breadcrumb\",\"itemListElement\":[{\"@type\":\"ListItem\",\"position\":1,\"name\":\"Accueil\",\"item\":\"https:\\\/\\\/www.guides-sports-loisirs.ca\\\/skateparcs\\\/\"},{\"@type\":\"ListItem\",\"position\":2,\"name\":\"Conception\",\"item\":\"https:\\\/\\\/www.guides-sports-loisirs.ca\\\/skateparcs\\\/conception\\\/\"},{\"@type\":\"ListItem\",\"position\":3,\"name\":\"Dimensions\"}]},{\"@type\":\"WebSite\",\"@id\":\"https:\\\/\\\/www.guides-sports-loisirs.ca\\\/skateparcs\\\/#website\",\"url\":\"https:\\\/\\\/www.guides-sports-loisirs.ca\\\/skateparcs\\\/\",\"name\":\"Skateparcs\",\"description\":\"Skateparcs\",\"potentialAction\":[{\"@type\":\"SearchAction\",\"target\":{\"@type\":\"EntryPoint\",\"urlTemplate\":\"https:\\\/\\\/www.guides-sports-loisirs.ca\\\/skateparcs\\\/?s={search_term_string}\"},\"query-input\":{\"@type\":\"PropertyValueSpecification\",\"valueRequired\":true,\"valueName\":\"search_term_string\"}}],\"inLanguage\":\"fr-FR\"}]}<\/script>\n<!-- \/ Yoast SEO plugin. -->","yoast_head_json":{"title":"Dimensions - Skateparcs","robots":{"index":"index","follow":"follow","max-snippet":"max-snippet:-1","max-image-preview":"max-image-preview:large","max-video-preview":"max-video-preview:-1"},"canonical":"https:\/\/www.guides-sports-loisirs.ca\/skateparcs\/conception\/dimensions\/","og_locale":"fr_FR","og_type":"article","og_title":"Dimensions - Skateparcs","og_description":"[vc_row][vc_column width=\u00a0\u00bb1\/1&Prime;][vc_accordion][vc_accordion_tab title=\u00a0\u00bbSUPERFICIE DU PARCOURS\u00a0\u00bb tab_id=\u00a0\u00bb1654975079-1-59&Prime;][vc_column_text]La superficie minimale d\u2019un skateparc devrait \u00eatre de 280 m\u00e8tres carr\u00e9s (3000 pi ca). Il [&hellip;]","og_url":"https:\/\/www.guides-sports-loisirs.ca\/skateparcs\/conception\/dimensions\/","og_site_name":"Skateparcs","article_modified_time":"2022-07-07T14:29:04+00:00","twitter_card":"summary_large_image","twitter_misc":{"Dur\u00e9e de lecture estim\u00e9e":"2 minutes"},"schema":{"@context":"https:\/\/schema.org","@graph":[{"@type":"WebPage","@id":"https:\/\/www.guides-sports-loisirs.ca\/skateparcs\/conception\/dimensions\/","url":"https:\/\/www.guides-sports-loisirs.ca\/skateparcs\/conception\/dimensions\/","name":"Dimensions - Skateparcs","isPartOf":{"@id":"https:\/\/www.guides-sports-loisirs.ca\/skateparcs\/#website"},"datePublished":"2022-06-13T17:41:49+00:00","dateModified":"2022-07-07T14:29:04+00:00","breadcrumb":{"@id":"https:\/\/www.guides-sports-loisirs.ca\/skateparcs\/conception\/dimensions\/#breadcrumb"},"inLanguage":"fr-FR","potentialAction":[{"@type":"ReadAction","target":["https:\/\/www.guides-sports-loisirs.ca\/skateparcs\/conception\/dimensions\/"]}]},{"@type":"BreadcrumbList","@id":"https:\/\/www.guides-sports-loisirs.ca\/skateparcs\/conception\/dimensions\/#breadcrumb","itemListElement":[{"@type":"ListItem","position":1,"name":"Accueil","item":"https:\/\/www.guides-sports-loisirs.ca\/skateparcs\/"},{"@type":"ListItem","position":2,"name":"Conception","item":"https:\/\/www.guides-sports-loisirs.ca\/skateparcs\/conception\/"},{"@type":"ListItem","position":3,"name":"Dimensions"}]},{"@type":"WebSite","@id":"https:\/\/www.guides-sports-loisirs.ca\/skateparcs\/#website","url":"https:\/\/www.guides-sports-loisirs.ca\/skateparcs\/","name":"Skateparcs","description":"Skateparcs","potentialAction":[{"@type":"SearchAction","target":{"@type":"EntryPoint","urlTemplate":"https:\/\/www.guides-sports-loisirs.ca\/skateparcs\/?s={search_term_string}"},"query-input":{"@type":"PropertyValueSpecification","valueRequired":true,"valueName":"search_term_string"}}],"inLanguage":"fr-FR"}]}},"_links":{"self":[{"href":"https:\/\/www.guides-sports-loisirs.ca\/skateparcs\/wp-json\/wp\/v2\/pages\/3851","targetHints":{"allow":["GET"]}}],"collection":[{"href":"https:\/\/www.guides-sports-loisirs.ca\/skateparcs\/wp-json\/wp\/v2\/pages"}],"about":[{"href":"https:\/\/www.guides-sports-loisirs.ca\/skateparcs\/wp-json\/wp\/v2\/types\/page"}],"author":[{"embeddable":true,"href":"https:\/\/www.guides-sports-loisirs.ca\/skateparcs\/wp-json\/wp\/v2\/users\/11"}],"replies":[{"embeddable":true,"href":"https:\/\/www.guides-sports-loisirs.ca\/skateparcs\/wp-json\/wp\/v2\/comments?post=3851"}],"version-history":[{"count":7,"href":"https:\/\/www.guides-sports-loisirs.ca\/skateparcs\/wp-json\/wp\/v2\/pages\/3851\/revisions"}],"predecessor-version":[{"id":4315,"href":"https:\/\/www.guides-sports-loisirs.ca\/skateparcs\/wp-json\/wp\/v2\/pages\/3851\/revisions\/4315"}],"up":[{"embeddable":true,"href":"https:\/\/www.guides-sports-loisirs.ca\/skateparcs\/wp-json\/wp\/v2\/pages\/2255"}],"wp:attachment":[{"href":"https:\/\/www.guides-sports-loisirs.ca\/skateparcs\/wp-json\/wp\/v2\/media?parent=3851"}],"curies":[{"name":"wp","href":"https:\/\/api.w.org\/{rel}","templated":true}]}}