{"id":3793,"date":"2022-06-10T13:03:58","date_gmt":"2022-06-10T17:03:58","guid":{"rendered":"https:\/\/www.guides-sports-loisirs.ca\/skateparcs\/?page_id=3793"},"modified":"2022-07-04T11:47:07","modified_gmt":"2022-07-04T15:47:07","slug":"analyse-besoins","status":"publish","type":"page","link":"https:\/\/www.guides-sports-loisirs.ca\/skateparcs\/planification\/analyse-besoins\/","title":{"rendered":"Analyse des besoins"},"content":{"rendered":"<div class=\"wpb-content-wrapper\"><p>[vc_row][vc_column width=\u00a0\u00bb1\/1&Prime;][vc_column_text]<strong>Afin de bien r\u00e9pondre \u00e0 la demande des usagers d\u2019un skateparc, plusieurs facteurs sont \u00e0 prendre en compte.<\/strong><\/p>\n<p>Il est important de se doter de moyens pour bien conna\u00eetre et comprendre la client\u00e8le :<\/p>\n<ul>\n<li>\u00c2ge<\/li>\n<li>Sports pratiqu\u00e9s<\/li>\n<li>Niveaux d\u2019habilet\u00e9<\/li>\n<li>Disciplines pr\u00e9f\u00e9r\u00e9es<\/li>\n<\/ul>\n<p>La consultation des citoyens est importante pour \u00e9tablir ou consolider le lien de confiance, favoriser l\u2019engagement et s\u2019assurer que les installations r\u00e9pondront convenablement \u00e0 la demande.<\/p>\n<p>Plusieurs moyens permettent de recueillir les donn\u00e9es :<\/p>\n<ul>\n<li>Entrer en contact avec des personnes-ressources qui aideront \u00e0 mettre sur pied un comit\u00e9 de citoyens engag\u00e9s<\/li>\n<li>R\u00e9aliser un sondage<\/li>\n<li>Organiser des rencontres publiques o\u00f9 les usagers pourront faire conna\u00eetre leurs opinions<\/li>\n<li>Engager une firme sp\u00e9cialis\u00e9e pour se charger de cette approche<\/li>\n<li>Favoriser les processus cr\u00e9atifs en groupe<\/li>\n<\/ul>\n<p>[\/vc_column_text][vc_accordion][vc_accordion_tab title=\u00a0\u00bbBESOINS DE LA POPULATION\u00a0\u00bb tab_id=\u00a0\u00bb1654877396-1-57&Prime;][vc_column_text]Les besoins de la population \u00e0 l\u2019\u00e9gard des skateparcs peuvent varier beaucoup et influenceront divers param\u00e8tres.<\/p>\n<h3><span class=\"font-966981\" style=\"color: #eb4a6c\"><strong>Dimensions<\/strong><\/span><\/h3>\n<p>La superficie minimale d\u2019un skateparc est de 280 m\u00e8tres carr\u00e9s (3000 pi ca). Une aire plus petite ne r\u00e9pondrait pas convenablement aux besoins des utilisateurs. Une installation de 929 m\u00e8tres carr\u00e9s (10\u2009000 pi ca) peut accommoder 25\u2009000 habitants<sup>3<\/sup>.<\/p>\n<h3><span class=\"font-966981\" style=\"color: #eb4a6c\"><strong>Obstacles \u00e0 int\u00e9grer<\/strong><\/span><\/h3>\n<p>Les obstacles ou \u00ab modules \u00bb sont les structures que les adeptes utilisent afin d\u2019effectuer leurs prouesses.<\/p>\n<h3><span class=\"font-966981\" style=\"color: #eb4a6c\"><strong>Quantit\u00e9 de skateparcs<\/strong><\/span><\/h3>\n<p>Dans certains cas, il peut \u00eatre pr\u00e9f\u00e9rable de mettre en place plusieurs installations de plus petite taille desservant chacune un quartier ou un arrondissement plut\u00f4t qu\u2019une grande installation r\u00e9gionale. Ces installations \u00ab satellites \u00bb seront compl\u00e9mentaires \u00e0 une installation de plus grande envergure situ\u00e9e \u00e0 un endroit centralis\u00e9.<\/p>\n<p>Un plan global s\u2019impose pour \u00e9tablir un \u00e9quilibre entre petites, moyennes et grandes installations en fonction des besoins. Ce plan global devrait s\u2019inscrire dans le cadre d\u2019un plan triennal d\u2019immobilisation (PTI) qui pr\u00e9sente la vision actuelle et future du d\u00e9veloppement des infrastructures.<\/p>\n<h3><span class=\"font-966981\" style=\"color: #eb4a6c\"><strong>Niveaux d&rsquo;habilet\u00e9<\/strong><\/span><\/h3>\n<p>Il est important de conna\u00eetre le profil type des adeptes qui fr\u00e9quenteront le skateparc et leurs niveaux d\u2019habilet\u00e9 afin de bien r\u00e9pondre \u00e0 leurs besoins. Un endroit qui offre d\u00e9j\u00e0 des parcours pour d\u00e9butants \u00e0 proximit\u00e9 devra peut-\u00eatre s\u2019enrichir de nouvelles installations pour offrir des parcours de niveau plus avanc\u00e9.<\/p>\n<p>Les installations doivent \u00eatre compl\u00e9mentaires \u00e0 ce qui existe d\u00e9j\u00e0 localement. Les skateparcs avoisinants doivent donc \u00eatre pris en compte dans la prise de d\u00e9cision. Les niveaux d\u2019habilet\u00e9 risquent aussi de changer si par exemple les usagers ont eu acc\u00e8s \u00e0 plusieurs parcours diff\u00e9rents auparavant, ce qui n\u2019est pas le cas d\u2019une r\u00e9gion o\u00f9 il n\u2019y a jamais eu de skateparc.<\/p>\n<h3><span class=\"font-966981\" style=\"color: #eb4a6c\"><strong>Volume potentiel<\/strong><\/span><\/h3>\n<p>En sondant la population, il sera facile d\u2019\u00e9valuer si l\u2019installation projet\u00e9e r\u00e9pondra convenablement aux besoins ou si l\u2019aire pr\u00e9vue aura la taille appropri\u00e9e.<\/p>\n<p>Selon l\u2019\u00e9tude de l\u2019INSPQ mentionn\u00e9e dans l\u2019introduction<sup>4<\/sup>, 5,68 % de la population qu\u00e9b\u00e9coise affirmait en 2015 avoir pratiqu\u00e9 la planche \u00e0 roulettes durant l\u2019ann\u00e9e (ces donn\u00e9es excluent la trottinette, le patin et le BMX). Parmi cette population de 466\u2009000 personnes, 35,5 % affirmaient s\u2019y \u00eatre adonn\u00e9es sur une base r\u00e9guli\u00e8re au moins une fois par semaine. On pouvait donc estimer \u00e0 165\u2009430 le nombre d\u2019adeptes qu\u00e9b\u00e9cois de skateboard qui pratiquaient ce sport chaque semaine (1,9 % de la population).<\/p>\n<p>Une extrapolation peut donner une id\u00e9e du nombre d\u2019adeptes susceptibles de fr\u00e9quenter un skateparc au moins une fois par semaine. Pour une population de 10\u2009000 habitants par exemple, on aurait 190 pratiquants (1,9 %). Il faut cependant ajouter les adeptes de la trottinette, du patin \u00e0 roulettes et du BMX. On ne dispose d\u2019aucune statistique pour ces trois activit\u00e9s, mais on peut estimer que cette population repr\u00e9sente 50 % de celles des adeptes de skate. On obtient ainsi une proportion de 2,85 % de la population pouvant constituer la client\u00e8le d\u2019usagers hebdomadaires. C\u2019est cependant une estimation prudente pour \u00e9viter toute exag\u00e9ration.<\/p>\n<p>Le guide am\u00e9ricain <a href=\"https:\/\/publicskateparkguide.org\" target=\"_blank\" rel=\"noopener noreferrer\"><em>Public Skatepark Development Guide<\/em><\/a> calcule les heures de haute affluence d\u2019un skateparc en pr\u00e9sumant que le tiers des usagers hebdomadaires (33 %) peut s\u2019y retrouver \u00e0 ce moment. Pour savoir combien d\u2019adeptes utiliseront le skateparc aux moments les plus achaland\u00e9s, on peut recourir \u00e0 la formule suivante, appliqu\u00e9e \u00e0 l\u2019exemple d\u2019une municipalit\u00e9 de 10\u2009000 habitants :<\/p>\n<p style=\"text-align: center\">Population totale (10\u2009000) x 2,85 % = 285 usagers hebdomadaires<br \/>\n285 x 33 % = 94 usagers dans les p\u00e9riodes les plus achaland\u00e9es<\/p>\n<p>M\u00eame si cette formule a \u00e9t\u00e9 \u00e9prouv\u00e9e, ces chiffres ne sont qu\u2019une estimation pour \u00e9valuer la quantit\u00e9 maximale d\u2019usagers qu\u2019un skateparc peut accueillir en m\u00eame temps.<\/p>\n<h3><span class=\"font-966981\" style=\"color: #eb4a6c\"><strong>Cohabitation des diff\u00e9rentes disciplines<\/strong><\/span><\/h3>\n<p>Les usagers pratiquant des disciplines diff\u00e9rentes \u00e0 des niveaux variables, il est important qu\u2019ils puissent cohabiter de fa\u00e7on efficace et s\u00e9curitaire. Les trottinettes et les skateboards font ordinairement bon m\u00e9nage, mais il faudra probablement pr\u00e9voir des espaces \u00e0 l\u2019\u00e9cart et de plus grandes dimensions s\u2019il y a une quantit\u00e9 importante d\u2019adeptes de patin et de BMX, qui appr\u00e9cient g\u00e9n\u00e9ralement des obstacles plus imposants. Les adeptes de BMX ont cependant la possibilit\u00e9, dans bien des cas, de pratiquer leur sport ailleurs, sur des pistes de BMX sp\u00e9cialis\u00e9es.<\/p>\n<p>Il faut \u00e9galement \u00eatre capable de r\u00e9pondre aux besoins variables des pratiquants d\u2019un m\u00eame sport en partageant l\u2019espace de fa\u00e7on proportionnelle. Par exemple, si 30 % de la client\u00e8le de skaters pr\u00e9f\u00e8re la discipline du \u00ab bol \u00bb, il serait logique de ne leur allouer que 30 % des ressources et de l\u2019espace.<\/p>\n<hr \/>\n<p><strong>[3] <\/strong>INSPQ, Voir Public Skatepark Development Guide, <a href=\"https:\/\/publicskateparkguide.org\/vision\/skatepark-adoption-model\/\" target=\"_blank\" rel=\"noopener noreferrer\">\u00ab Skatepark Adoption Model \u00bb<\/a>.<br \/>\n<strong>[4] <\/strong>INSPQ, Bureau d\u2019information et d\u2019\u00e9tudes en sant\u00e9 de la population, <a href=\"https:\/\/www.inspq.qc.ca\/sites\/default\/files\/publications\/2525_blessures_activites_recreatives_sportives.pdf\" target=\"_blank\" rel=\"noopener noreferrer\">\u00c9tude des blessures subies au cours de la pratique d\u2019activit\u00e9s r\u00e9cr\u00e9atives et sportives au Qu\u00e9bec en 2015-2016.<\/a>[\/vc_column_text][\/vc_accordion_tab][\/vc_accordion][\/vc_column][\/vc_row][vc_row][\/vc_row][vc_row row_height_percent=\u00a0\u00bb0&Prime; overlay_alpha=\u00a0\u00bb50&Prime; gutter_size=\u00a0\u00bb3&Prime; shift_y=\u00a0\u00bb0&Prime; css=\u00a0\u00bb.vc_custom_1569108843026{margin-bottom: 50px !important;}\u00a0\u00bb][vc_column width=\u00a0\u00bb1\/1&Prime;][vc_button button_color=\u00a0\u00bbaccent\u00a0\u00bb size=\u00a0\u00bbbtn-lg\u00a0\u00bb radius=\u00a0\u00bbbtn-circle\u00a0\u00bb border_width=\u00a0\u00bb0&Prime; link=\u00a0\u00bburl:https%3A%2F%2Fwww.guides-sports-loisirs.ca%2Fskateparcs%2Fwp-content%2Fuploads%2Fsites%2F20%2F2022%2F06%2F2.3_Planification_AnalyseDesBesoins.pdf||target:%20_blank|\u00a0\u00bb icon=\u00a0\u00bbfa fa-file-o\u00a0\u00bb el_class=\u00a0\u00bbbtn-pdf\u00a0\u00bb]Version PDF[\/vc_button][\/vc_column][\/vc_row]<\/p>\n<\/div>","protected":false},"excerpt":{"rendered":"<p>[vc_row][vc_column width=\u00a0\u00bb1\/1&Prime;][vc_column_text]Afin de bien r\u00e9pondre \u00e0 la demande des usagers d\u2019un skateparc, plusieurs facteurs sont \u00e0 prendre en compte. Il [&hellip;]<\/p>\n","protected":false},"author":11,"featured_media":0,"parent":2016,"menu_order":10,"comment_status":"closed","ping_status":"closed","template":"","meta":{"_acf_changed":false,"footnotes":""},"class_list":["post-3793","page","type-page","status-publish","hentry"],"acf":[],"yoast_head":"<!-- This site is optimized with the Yoast SEO plugin v27.4 - https:\/\/yoast.com\/product\/yoast-seo-wordpress\/ -->\n<title>Analyse des besoins - Skateparcs<\/title>\n<meta name=\"robots\" content=\"index, follow, max-snippet:-1, max-image-preview:large, max-video-preview:-1\" \/>\n<link rel=\"canonical\" href=\"https:\/\/www.guides-sports-loisirs.ca\/skateparcs\/planification\/analyse-besoins\/\" \/>\n<meta property=\"og:locale\" content=\"fr_FR\" \/>\n<meta property=\"og:type\" content=\"article\" \/>\n<meta property=\"og:title\" content=\"Analyse des besoins - Skateparcs\" \/>\n<meta property=\"og:description\" content=\"[vc_row][vc_column width=\u00a0\u00bb1\/1&Prime;][vc_column_text]Afin de bien r\u00e9pondre \u00e0 la demande des usagers d\u2019un skateparc, plusieurs facteurs sont \u00e0 prendre en compte. Il [&hellip;]\" \/>\n<meta property=\"og:url\" content=\"https:\/\/www.guides-sports-loisirs.ca\/skateparcs\/planification\/analyse-besoins\/\" \/>\n<meta property=\"og:site_name\" content=\"Skateparcs\" \/>\n<meta property=\"article:modified_time\" content=\"2022-07-04T15:47:07+00:00\" \/>\n<meta name=\"twitter:card\" content=\"summary_large_image\" \/>\n<meta name=\"twitter:label1\" content=\"Dur\u00e9e de lecture estim\u00e9e\" \/>\n\t<meta name=\"twitter:data1\" content=\"5 minutes\" \/>\n<script type=\"application\/ld+json\" class=\"yoast-schema-graph\">{\"@context\":\"https:\\\/\\\/schema.org\",\"@graph\":[{\"@type\":\"WebPage\",\"@id\":\"https:\\\/\\\/www.guides-sports-loisirs.ca\\\/skateparcs\\\/planification\\\/analyse-besoins\\\/\",\"url\":\"https:\\\/\\\/www.guides-sports-loisirs.ca\\\/skateparcs\\\/planification\\\/analyse-besoins\\\/\",\"name\":\"Analyse des besoins - Skateparcs\",\"isPartOf\":{\"@id\":\"https:\\\/\\\/www.guides-sports-loisirs.ca\\\/skateparcs\\\/#website\"},\"datePublished\":\"2022-06-10T17:03:58+00:00\",\"dateModified\":\"2022-07-04T15:47:07+00:00\",\"breadcrumb\":{\"@id\":\"https:\\\/\\\/www.guides-sports-loisirs.ca\\\/skateparcs\\\/planification\\\/analyse-besoins\\\/#breadcrumb\"},\"inLanguage\":\"fr-FR\",\"potentialAction\":[{\"@type\":\"ReadAction\",\"target\":[\"https:\\\/\\\/www.guides-sports-loisirs.ca\\\/skateparcs\\\/planification\\\/analyse-besoins\\\/\"]}]},{\"@type\":\"BreadcrumbList\",\"@id\":\"https:\\\/\\\/www.guides-sports-loisirs.ca\\\/skateparcs\\\/planification\\\/analyse-besoins\\\/#breadcrumb\",\"itemListElement\":[{\"@type\":\"ListItem\",\"position\":1,\"name\":\"Accueil\",\"item\":\"https:\\\/\\\/www.guides-sports-loisirs.ca\\\/skateparcs\\\/\"},{\"@type\":\"ListItem\",\"position\":2,\"name\":\"Planification\",\"item\":\"https:\\\/\\\/www.guides-sports-loisirs.ca\\\/skateparcs\\\/planification\\\/\"},{\"@type\":\"ListItem\",\"position\":3,\"name\":\"Analyse des besoins\"}]},{\"@type\":\"WebSite\",\"@id\":\"https:\\\/\\\/www.guides-sports-loisirs.ca\\\/skateparcs\\\/#website\",\"url\":\"https:\\\/\\\/www.guides-sports-loisirs.ca\\\/skateparcs\\\/\",\"name\":\"Skateparcs\",\"description\":\"Skateparcs\",\"potentialAction\":[{\"@type\":\"SearchAction\",\"target\":{\"@type\":\"EntryPoint\",\"urlTemplate\":\"https:\\\/\\\/www.guides-sports-loisirs.ca\\\/skateparcs\\\/?s={search_term_string}\"},\"query-input\":{\"@type\":\"PropertyValueSpecification\",\"valueRequired\":true,\"valueName\":\"search_term_string\"}}],\"inLanguage\":\"fr-FR\"}]}<\/script>\n<!-- \/ Yoast SEO plugin. -->","yoast_head_json":{"title":"Analyse des besoins - Skateparcs","robots":{"index":"index","follow":"follow","max-snippet":"max-snippet:-1","max-image-preview":"max-image-preview:large","max-video-preview":"max-video-preview:-1"},"canonical":"https:\/\/www.guides-sports-loisirs.ca\/skateparcs\/planification\/analyse-besoins\/","og_locale":"fr_FR","og_type":"article","og_title":"Analyse des besoins - Skateparcs","og_description":"[vc_row][vc_column width=\u00a0\u00bb1\/1&Prime;][vc_column_text]Afin de bien r\u00e9pondre \u00e0 la demande des usagers d\u2019un skateparc, plusieurs facteurs sont \u00e0 prendre en compte. Il [&hellip;]","og_url":"https:\/\/www.guides-sports-loisirs.ca\/skateparcs\/planification\/analyse-besoins\/","og_site_name":"Skateparcs","article_modified_time":"2022-07-04T15:47:07+00:00","twitter_card":"summary_large_image","twitter_misc":{"Dur\u00e9e de lecture estim\u00e9e":"5 minutes"},"schema":{"@context":"https:\/\/schema.org","@graph":[{"@type":"WebPage","@id":"https:\/\/www.guides-sports-loisirs.ca\/skateparcs\/planification\/analyse-besoins\/","url":"https:\/\/www.guides-sports-loisirs.ca\/skateparcs\/planification\/analyse-besoins\/","name":"Analyse des besoins - Skateparcs","isPartOf":{"@id":"https:\/\/www.guides-sports-loisirs.ca\/skateparcs\/#website"},"datePublished":"2022-06-10T17:03:58+00:00","dateModified":"2022-07-04T15:47:07+00:00","breadcrumb":{"@id":"https:\/\/www.guides-sports-loisirs.ca\/skateparcs\/planification\/analyse-besoins\/#breadcrumb"},"inLanguage":"fr-FR","potentialAction":[{"@type":"ReadAction","target":["https:\/\/www.guides-sports-loisirs.ca\/skateparcs\/planification\/analyse-besoins\/"]}]},{"@type":"BreadcrumbList","@id":"https:\/\/www.guides-sports-loisirs.ca\/skateparcs\/planification\/analyse-besoins\/#breadcrumb","itemListElement":[{"@type":"ListItem","position":1,"name":"Accueil","item":"https:\/\/www.guides-sports-loisirs.ca\/skateparcs\/"},{"@type":"ListItem","position":2,"name":"Planification","item":"https:\/\/www.guides-sports-loisirs.ca\/skateparcs\/planification\/"},{"@type":"ListItem","position":3,"name":"Analyse des besoins"}]},{"@type":"WebSite","@id":"https:\/\/www.guides-sports-loisirs.ca\/skateparcs\/#website","url":"https:\/\/www.guides-sports-loisirs.ca\/skateparcs\/","name":"Skateparcs","description":"Skateparcs","potentialAction":[{"@type":"SearchAction","target":{"@type":"EntryPoint","urlTemplate":"https:\/\/www.guides-sports-loisirs.ca\/skateparcs\/?s={search_term_string}"},"query-input":{"@type":"PropertyValueSpecification","valueRequired":true,"valueName":"search_term_string"}}],"inLanguage":"fr-FR"}]}},"_links":{"self":[{"href":"https:\/\/www.guides-sports-loisirs.ca\/skateparcs\/wp-json\/wp\/v2\/pages\/3793","targetHints":{"allow":["GET"]}}],"collection":[{"href":"https:\/\/www.guides-sports-loisirs.ca\/skateparcs\/wp-json\/wp\/v2\/pages"}],"about":[{"href":"https:\/\/www.guides-sports-loisirs.ca\/skateparcs\/wp-json\/wp\/v2\/types\/page"}],"author":[{"embeddable":true,"href":"https:\/\/www.guides-sports-loisirs.ca\/skateparcs\/wp-json\/wp\/v2\/users\/11"}],"replies":[{"embeddable":true,"href":"https:\/\/www.guides-sports-loisirs.ca\/skateparcs\/wp-json\/wp\/v2\/comments?post=3793"}],"version-history":[{"count":9,"href":"https:\/\/www.guides-sports-loisirs.ca\/skateparcs\/wp-json\/wp\/v2\/pages\/3793\/revisions"}],"predecessor-version":[{"id":4206,"href":"https:\/\/www.guides-sports-loisirs.ca\/skateparcs\/wp-json\/wp\/v2\/pages\/3793\/revisions\/4206"}],"up":[{"embeddable":true,"href":"https:\/\/www.guides-sports-loisirs.ca\/skateparcs\/wp-json\/wp\/v2\/pages\/2016"}],"wp:attachment":[{"href":"https:\/\/www.guides-sports-loisirs.ca\/skateparcs\/wp-json\/wp\/v2\/media?parent=3793"}],"curies":[{"name":"wp","href":"https:\/\/api.w.org\/{rel}","templated":true}]}}