{"id":1858,"date":"2020-08-10T09:00:17","date_gmt":"2020-08-10T13:00:17","guid":{"rendered":"https:\/\/www.guides-sports-loisirs.ca\/skateparcs\/?page_id=1858"},"modified":"2022-07-07T10:00:22","modified_gmt":"2022-07-07T14:00:22","slug":"blessures-commotions-cerebrales","status":"publish","type":"page","link":"https:\/\/www.guides-sports-loisirs.ca\/skateparcs\/securite-integrite\/blessures-commotions-cerebrales\/","title":{"rendered":"Blessures et commotions c\u00e9r\u00e9brales"},"content":{"rendered":"<div class=\"wpb-content-wrapper\"><p>[vc_row][vc_column width=\u00a0\u00bb1\/1&Prime;][vc_column_text]<strong>Les blessures constat\u00e9es en skateboard sont nettement plus fr\u00e9quentes au niveau des membres inf\u00e9rieurs que pour toutes les autres parties du corps. 54,1 % des blessures d\u00e9nombr\u00e9es en 2015-2016<sup>10 <\/sup>se situaient au niveau des jambes.<\/strong>[\/vc_column_text][vc_accordion active_tab=\u00a0\u00bb1&Prime;][vc_accordion_tab title=\u00a0\u00bbBLESSURES\u00a0\u00bb tab_id=\u00a0\u00bbe15f587b-94e2-9&Prime;][vc_column_text]<span class=\"font-966981\"><strong>Extrait du tableau 19 : Proportion (%) des blessures s\u00e9v\u00e8res et des parties du corps atteintes parmi l\u2019ensemble des blessures, selon l\u2019activit\u00e9 pratiqu\u00e9e<sup>a<\/sup><\/strong><\/span>, Qu\u00e9bec, 2015-2016[\/vc_column_text][vc_single_image media=\u00a0\u00bb4186&Prime; media_lightbox=\u00a0\u00bbyes\u00a0\u00bb media_width_percent=\u00a0\u00bb65&Prime; lbox_skin=\u00a0\u00bbwhite\u00a0\u00bb][vc_column_text css=\u00a0\u00bb.vc_custom_1656947376083{margin-top: -5px !important;}\u00a0\u00bb]a Pour les activit\u00e9s \u00ab ski de fond, activit\u00e9s nautiques et raquette sur neige \u00bb, la faible proportion de participants ou de nombre de bless\u00e9s ne permet pas d\u2019avoir des estim\u00e9s fiables pour les proportions pr\u00e9sent\u00e9es dans ce tableau.<br \/>\n1 Comprend un transport par ambulance ou la pr\u00e9sence d\u2019un des types de blessures suivantes : les fractures, les dislocations, les commotions ou autres traumatismes c\u00e9r\u00e9braux, les l\u00e9sions aux organes internes et les blessures multiples, les d\u00e9chirures ligamentaires ou musculaires.<br \/>\n* Coefficient de variation compris entre 16,6 et 33,3 %; \u00e0 interpr\u00e9ter avec circonspection.<br \/>\nF : Estimations non nulles, mais jug\u00e9es impr\u00e9cises (coefficient de variation &gt; 33,3 %); elles ne sont pas pr\u00e9sent\u00e9es.<\/p>\n<hr \/>\n<p><strong>[10] <\/strong>INSPQ, Bureau d\u2019information et d\u2019\u00e9tudes en sant\u00e9 de la population, <em><a href=\"https:\/\/www.inspq.qc.ca\/sites\/default\/files\/publications\/2525_blessures_activites_recreatives_sportives.pdf\" target=\"_blank\" rel=\"noopener noreferrer\">\u00c9tude des blessures subies au cours de la pratique d\u2019activit\u00e9s r\u00e9cr\u00e9atives et sportives au Qu\u00e9bec en 2015-2016<\/a><\/em>, tableau 19.8.[\/vc_column_text][\/vc_accordion_tab][vc_accordion_tab title=\u00a0\u00bbCOMMOTIONS C\u00c9R\u00c9BRALES\u00a0\u00bb tab_id=\u00a0\u00bb1633615419731-1-10&Prime;][vc_column_text]Comme les commotions c\u00e9r\u00e9brales sont un enjeu majeur dans le sport de nos jours et que les pratiquants de sports d\u2019action ne sont pas \u00e0 l\u2019abri, on consultera avec profit le <a href=\"https:\/\/www.guides-sports-loisirs.ca\/commotions-cerebrales\/\" target=\"_blank\" rel=\"noopener noreferrer\"><em>Guide de gestion des commotions c\u00e9r\u00e9brales dans le cadre d\u2019activit\u00e9s r\u00e9cr\u00e9atives et sportives<\/em><\/a>, produit en 2017 par le minist\u00e8re de l\u2019\u00c9ducation. L\u2019\u00e9dition en ligne, qui a \u00e9t\u00e9 r\u00e9vis\u00e9e en 2019, d\u00e9finit ce qu\u2019est une commotion c\u00e9r\u00e9brale, traite de pr\u00e9vention, pr\u00e9cise les r\u00f4les et responsabilit\u00e9s de plusieurs acteurs susceptibles d\u2019\u00eatre impliqu\u00e9s dans cette probl\u00e9matique et pr\u00e9sente le Protocole de gestion des commotions c\u00e9r\u00e9brales. Il inclut aussi trois aide-m\u00e9moire et une s\u00e9rie de liens utiles.<\/p>\n<p><strong>DISTRIBUTION ANATOMIQUE DES BLESSURES EN PLANCHE \u00c0 ROULETTES<\/strong>[\/vc_column_text][vc_empty_space empty_h=\u00a0\u00bb2&Prime;][vc_single_image media=\u00a0\u00bb4185&Prime; media_lightbox=\u00a0\u00bbyes\u00a0\u00bb media_width_percent=\u00a0\u00bb65&Prime; lbox_skin=\u00a0\u00bbwhite\u00a0\u00bb][\/vc_accordion_tab][\/vc_accordion][\/vc_column][\/vc_row][vc_row][\/vc_row][vc_row row_height_percent=\u00a0\u00bb0&Prime; overlay_alpha=\u00a0\u00bb50&Prime; gutter_size=\u00a0\u00bb3&Prime; shift_y=\u00a0\u00bb0&Prime; css=\u00a0\u00bb.vc_custom_1569108843026{margin-bottom: 50px !important;}\u00a0\u00bb][vc_column width=\u00a0\u00bb1\/1&Prime;][vc_button button_color=\u00a0\u00bbaccent\u00a0\u00bb size=\u00a0\u00bbbtn-lg\u00a0\u00bb radius=\u00a0\u00bbbtn-circle\u00a0\u00bb border_width=\u00a0\u00bb0&Prime; link=\u00a0\u00bburl:https%3A%2F%2Fwww.guides-sports-loisirs.ca%2Fskateparcs%2Fwp-content%2Fuploads%2Fsites%2F20%2F2022%2F06%2F6.4_SecuriteIntegrite_BlessuresCommotions.pdf||target:%20_blank|\u00a0\u00bb icon=\u00a0\u00bbfa fa-file-o\u00a0\u00bb el_class=\u00a0\u00bbbtn-pdf\u00a0\u00bb]Version PDF[\/vc_button][\/vc_column][\/vc_row]<\/p>\n<\/div>","protected":false},"excerpt":{"rendered":"<p>[vc_row][vc_column width=\u00a0\u00bb1\/1&Prime;][vc_column_text]Les blessures constat\u00e9es en skateboard sont nettement plus fr\u00e9quentes au niveau des membres inf\u00e9rieurs que pour toutes les autres [&hellip;]<\/p>\n","protected":false},"author":11,"featured_media":0,"parent":1803,"menu_order":8,"comment_status":"closed","ping_status":"closed","template":"","meta":{"_acf_changed":false,"footnotes":""},"class_list":["post-1858","page","type-page","status-publish","hentry"],"acf":[],"yoast_head":"<!-- This site is optimized with the Yoast SEO plugin v27.4 - https:\/\/yoast.com\/product\/yoast-seo-wordpress\/ -->\n<title>Blessures et commotions c\u00e9r\u00e9brales - Skateparcs<\/title>\n<meta name=\"robots\" content=\"index, follow, max-snippet:-1, max-image-preview:large, max-video-preview:-1\" \/>\n<link rel=\"canonical\" href=\"https:\/\/www.guides-sports-loisirs.ca\/skateparcs\/securite-integrite\/blessures-commotions-cerebrales\/\" \/>\n<meta property=\"og:locale\" content=\"fr_FR\" \/>\n<meta property=\"og:type\" content=\"article\" \/>\n<meta property=\"og:title\" content=\"Blessures et commotions c\u00e9r\u00e9brales - Skateparcs\" \/>\n<meta property=\"og:description\" content=\"[vc_row][vc_column width=\u00a0\u00bb1\/1&Prime;][vc_column_text]Les blessures constat\u00e9es en skateboard sont nettement plus fr\u00e9quentes au niveau des membres inf\u00e9rieurs que pour toutes les autres [&hellip;]\" \/>\n<meta property=\"og:url\" content=\"https:\/\/www.guides-sports-loisirs.ca\/skateparcs\/securite-integrite\/blessures-commotions-cerebrales\/\" \/>\n<meta property=\"og:site_name\" content=\"Skateparcs\" \/>\n<meta property=\"article:modified_time\" content=\"2022-07-07T14:00:22+00:00\" \/>\n<meta name=\"twitter:card\" content=\"summary_large_image\" \/>\n<meta name=\"twitter:label1\" content=\"Dur\u00e9e de lecture estim\u00e9e\" \/>\n\t<meta name=\"twitter:data1\" content=\"2 minutes\" \/>\n<script type=\"application\/ld+json\" class=\"yoast-schema-graph\">{\"@context\":\"https:\\\/\\\/schema.org\",\"@graph\":[{\"@type\":\"WebPage\",\"@id\":\"https:\\\/\\\/www.guides-sports-loisirs.ca\\\/skateparcs\\\/securite-integrite\\\/blessures-commotions-cerebrales\\\/\",\"url\":\"https:\\\/\\\/www.guides-sports-loisirs.ca\\\/skateparcs\\\/securite-integrite\\\/blessures-commotions-cerebrales\\\/\",\"name\":\"Blessures et commotions c\u00e9r\u00e9brales - Skateparcs\",\"isPartOf\":{\"@id\":\"https:\\\/\\\/www.guides-sports-loisirs.ca\\\/skateparcs\\\/#website\"},\"datePublished\":\"2020-08-10T13:00:17+00:00\",\"dateModified\":\"2022-07-07T14:00:22+00:00\",\"breadcrumb\":{\"@id\":\"https:\\\/\\\/www.guides-sports-loisirs.ca\\\/skateparcs\\\/securite-integrite\\\/blessures-commotions-cerebrales\\\/#breadcrumb\"},\"inLanguage\":\"fr-FR\",\"potentialAction\":[{\"@type\":\"ReadAction\",\"target\":[\"https:\\\/\\\/www.guides-sports-loisirs.ca\\\/skateparcs\\\/securite-integrite\\\/blessures-commotions-cerebrales\\\/\"]}]},{\"@type\":\"BreadcrumbList\",\"@id\":\"https:\\\/\\\/www.guides-sports-loisirs.ca\\\/skateparcs\\\/securite-integrite\\\/blessures-commotions-cerebrales\\\/#breadcrumb\",\"itemListElement\":[{\"@type\":\"ListItem\",\"position\":1,\"name\":\"Accueil\",\"item\":\"https:\\\/\\\/www.guides-sports-loisirs.ca\\\/skateparcs\\\/\"},{\"@type\":\"ListItem\",\"position\":2,\"name\":\"S\u00e9curit\u00e9 et int\u00e9grit\u00e9\",\"item\":\"https:\\\/\\\/www.guides-sports-loisirs.ca\\\/skateparcs\\\/securite-integrite\\\/\"},{\"@type\":\"ListItem\",\"position\":3,\"name\":\"Blessures et commotions c\u00e9r\u00e9brales\"}]},{\"@type\":\"WebSite\",\"@id\":\"https:\\\/\\\/www.guides-sports-loisirs.ca\\\/skateparcs\\\/#website\",\"url\":\"https:\\\/\\\/www.guides-sports-loisirs.ca\\\/skateparcs\\\/\",\"name\":\"Skateparcs\",\"description\":\"Skateparcs\",\"potentialAction\":[{\"@type\":\"SearchAction\",\"target\":{\"@type\":\"EntryPoint\",\"urlTemplate\":\"https:\\\/\\\/www.guides-sports-loisirs.ca\\\/skateparcs\\\/?s={search_term_string}\"},\"query-input\":{\"@type\":\"PropertyValueSpecification\",\"valueRequired\":true,\"valueName\":\"search_term_string\"}}],\"inLanguage\":\"fr-FR\"}]}<\/script>\n<!-- \/ Yoast SEO plugin. -->","yoast_head_json":{"title":"Blessures et commotions c\u00e9r\u00e9brales - Skateparcs","robots":{"index":"index","follow":"follow","max-snippet":"max-snippet:-1","max-image-preview":"max-image-preview:large","max-video-preview":"max-video-preview:-1"},"canonical":"https:\/\/www.guides-sports-loisirs.ca\/skateparcs\/securite-integrite\/blessures-commotions-cerebrales\/","og_locale":"fr_FR","og_type":"article","og_title":"Blessures et commotions c\u00e9r\u00e9brales - Skateparcs","og_description":"[vc_row][vc_column width=\u00a0\u00bb1\/1&Prime;][vc_column_text]Les blessures constat\u00e9es en skateboard sont nettement plus fr\u00e9quentes au niveau des membres inf\u00e9rieurs que pour toutes les autres [&hellip;]","og_url":"https:\/\/www.guides-sports-loisirs.ca\/skateparcs\/securite-integrite\/blessures-commotions-cerebrales\/","og_site_name":"Skateparcs","article_modified_time":"2022-07-07T14:00:22+00:00","twitter_card":"summary_large_image","twitter_misc":{"Dur\u00e9e de lecture estim\u00e9e":"2 minutes"},"schema":{"@context":"https:\/\/schema.org","@graph":[{"@type":"WebPage","@id":"https:\/\/www.guides-sports-loisirs.ca\/skateparcs\/securite-integrite\/blessures-commotions-cerebrales\/","url":"https:\/\/www.guides-sports-loisirs.ca\/skateparcs\/securite-integrite\/blessures-commotions-cerebrales\/","name":"Blessures et commotions c\u00e9r\u00e9brales - Skateparcs","isPartOf":{"@id":"https:\/\/www.guides-sports-loisirs.ca\/skateparcs\/#website"},"datePublished":"2020-08-10T13:00:17+00:00","dateModified":"2022-07-07T14:00:22+00:00","breadcrumb":{"@id":"https:\/\/www.guides-sports-loisirs.ca\/skateparcs\/securite-integrite\/blessures-commotions-cerebrales\/#breadcrumb"},"inLanguage":"fr-FR","potentialAction":[{"@type":"ReadAction","target":["https:\/\/www.guides-sports-loisirs.ca\/skateparcs\/securite-integrite\/blessures-commotions-cerebrales\/"]}]},{"@type":"BreadcrumbList","@id":"https:\/\/www.guides-sports-loisirs.ca\/skateparcs\/securite-integrite\/blessures-commotions-cerebrales\/#breadcrumb","itemListElement":[{"@type":"ListItem","position":1,"name":"Accueil","item":"https:\/\/www.guides-sports-loisirs.ca\/skateparcs\/"},{"@type":"ListItem","position":2,"name":"S\u00e9curit\u00e9 et int\u00e9grit\u00e9","item":"https:\/\/www.guides-sports-loisirs.ca\/skateparcs\/securite-integrite\/"},{"@type":"ListItem","position":3,"name":"Blessures et commotions c\u00e9r\u00e9brales"}]},{"@type":"WebSite","@id":"https:\/\/www.guides-sports-loisirs.ca\/skateparcs\/#website","url":"https:\/\/www.guides-sports-loisirs.ca\/skateparcs\/","name":"Skateparcs","description":"Skateparcs","potentialAction":[{"@type":"SearchAction","target":{"@type":"EntryPoint","urlTemplate":"https:\/\/www.guides-sports-loisirs.ca\/skateparcs\/?s={search_term_string}"},"query-input":{"@type":"PropertyValueSpecification","valueRequired":true,"valueName":"search_term_string"}}],"inLanguage":"fr-FR"}]}},"_links":{"self":[{"href":"https:\/\/www.guides-sports-loisirs.ca\/skateparcs\/wp-json\/wp\/v2\/pages\/1858","targetHints":{"allow":["GET"]}}],"collection":[{"href":"https:\/\/www.guides-sports-loisirs.ca\/skateparcs\/wp-json\/wp\/v2\/pages"}],"about":[{"href":"https:\/\/www.guides-sports-loisirs.ca\/skateparcs\/wp-json\/wp\/v2\/types\/page"}],"author":[{"embeddable":true,"href":"https:\/\/www.guides-sports-loisirs.ca\/skateparcs\/wp-json\/wp\/v2\/users\/11"}],"replies":[{"embeddable":true,"href":"https:\/\/www.guides-sports-loisirs.ca\/skateparcs\/wp-json\/wp\/v2\/comments?post=1858"}],"version-history":[{"count":87,"href":"https:\/\/www.guides-sports-loisirs.ca\/skateparcs\/wp-json\/wp\/v2\/pages\/1858\/revisions"}],"predecessor-version":[{"id":4309,"href":"https:\/\/www.guides-sports-loisirs.ca\/skateparcs\/wp-json\/wp\/v2\/pages\/1858\/revisions\/4309"}],"up":[{"embeddable":true,"href":"https:\/\/www.guides-sports-loisirs.ca\/skateparcs\/wp-json\/wp\/v2\/pages\/1803"}],"wp:attachment":[{"href":"https:\/\/www.guides-sports-loisirs.ca\/skateparcs\/wp-json\/wp\/v2\/media?parent=1858"}],"curies":[{"name":"wp","href":"https:\/\/api.w.org\/{rel}","templated":true}]}}