{"id":297,"date":"2017-05-09T09:24:10","date_gmt":"2017-05-09T13:24:10","guid":{"rendered":"https:\/\/www.guides-sports-loisirs.ca\/projetespaces\/?page_id=297"},"modified":"2024-11-06T10:43:27","modified_gmt":"2024-11-06T15:43:27","slug":"vision","status":"publish","type":"page","link":"https:\/\/www.guides-sports-loisirs.ca\/projetespaces\/processus-gestion-parcs\/vision\/","title":{"rendered":"La vision"},"content":{"rendered":"<div class=\"wpb-content-wrapper\"><p>[vc_row row_height_percent=\u00a0\u00bb0&Prime; override_padding=\u00a0\u00bbyes\u00a0\u00bb h_padding=\u00a0\u00bb2&Prime; top_padding=\u00a0\u00bb3&Prime; bottom_padding=\u00a0\u00bb2&Prime; overlay_alpha=\u00a0\u00bb50&Prime; gutter_size=\u00a0\u00bb3&Prime; shift_y=\u00a0\u00bb0&Prime;][vc_column column_width_use_pixel=\u00a0\u00bbyes\u00a0\u00bb gutter_size=\u00a0\u00bb3&Prime; overlay_alpha=\u00a0\u00bb50&Prime; shift_x=\u00a0\u00bb0&Prime; shift_y=\u00a0\u00bb0&Prime; z_index=\u00a0\u00bb0&Prime; medium_width=\u00a0\u00bb0&Prime; width=\u00a0\u00bb1\/1&Prime; column_width_pixel=\u00a0\u00bb800&Prime;][vc_accordion][vc_accordion_tab title=\u00a0\u00bbEn r\u00e9sum\u00e9\u00a0\u00bb tab_id=\u00a0\u00bb13a305a9-fcfb-9&Prime;][vc_column_text]La vision est une projection dans l\u2019avenir, qui exprime essentiellement ce que l\u2019on souhaite. Elle proc\u00e8de d\u2019une observation fine de la r\u00e9alit\u00e9, le r\u00e9seau des parcs bien entendu, mais aussi l\u2019environnement plus large, incluant la population et les tendances d\u00e9mographiques. Il faut \u00e9galement regarder au-del\u00e0 de la municipalit\u00e9\u00a0: l\u2019offre de service en mati\u00e8re de loisir dans la r\u00e9gion et dans les autres municipalit\u00e9s.<\/p>\n<p>La vision peut s\u2019inscrire dans les orientations g\u00e9n\u00e9rales de la municipalit\u00e9, par exemple \u00e0 l\u2019occasion de l\u2019\u00e9laboration d\u2019un plan strat\u00e9gique \u00e0 long terme ou dans le cadre d\u2019un sch\u00e9ma d\u2019am\u00e9nagement et de d\u00e9veloppement (SAD), mais il importe qu\u2019elle fasse l\u2019objet d\u2019un \u00e9nonc\u00e9 sp\u00e9cifique en mati\u00e8re de parcs et d\u2019espaces de jeu.<\/p>\n<ul>\n<li>Quelles valeurs voulons-nous privil\u00e9gier?<\/li>\n<li>Quels grands objectifs visons-nous?<\/li>\n<li>Que voulons-nous vraiment offrir \u00e0 la population actuelle et aux g\u00e9n\u00e9rations futures?<\/li>\n<\/ul>\n<p>Enfin, la vision devrait susciter le questionnement suivant\u00a0: Faut-il repartir de z\u00e9ro? Faut-il refaire un plan d\u2019ensemble pour tous les parcs? Faut-il red\u00e9finir la vocation de chacun? Dans quelle mesure les parcs actuels prennent-ils en compte les valeurs d\u00e9finies \u00e0 la section\u00a02? Les conditions de succ\u00e8s sont-elles r\u00e9unies? Lesquelles sont d\u00e9ficientes ou absentes? Sur lesquelles faudrait-il travailler?<\/p>\n<p>La vision fera l\u2019objet d\u2019un \u00e9nonc\u00e9 qui peut tenir en quelques phrases.[\/vc_column_text][\/vc_accordion_tab][vc_accordion_tab title=\u00a0\u00bbRegard actuel et projection\u00a0\u00bb tab_id=\u00a0\u00bbb74d5b35-7ff3-9&Prime;][vc_column_text]La vision est \u00e0 la fois le regard vaste qu\u2019on peut poser sur un milieu et une projection dans l\u2019avenir. Elle proc\u00e8de d\u2019une observation fine de la r\u00e9alit\u00e9, le r\u00e9seau des parcs bien entendu, mais aussi l\u2019environnement plus large, incluant la population et les tendances d\u00e9mographiques. Il faut aussi regarder au-del\u00e0 de la municipalit\u00e9\u00a0: l\u2019offre de service en mati\u00e8re de loisir dans la r\u00e9gion et dans les autres municipalit\u00e9s.<\/p>\n<p>D\u00e9velopper cette vision aura pour objectifs de r\u00e9pondre aux trois questions suivantes\u00a0: O\u00f9 sommes-nous pr\u00e9sentement? O\u00f9 allons-nous? O\u00f9 voulons-nous aller? Les r\u00e9ponses permettront d\u2019enclencher la d\u00e9marche de planification (le \u00ab\u00a0comment\u00a0\u00bb atteindre la cible que nous aurons fix\u00e9e) et conditionneront toutes les op\u00e9rations de gestion qui s\u2019ensuivront.[\/vc_column_text][\/vc_accordion_tab][vc_accordion_tab title=\u00a0\u00bbUne vision int\u00e9gr\u00e9e\u00a0\u00bb tab_id=\u00a0\u00bb47fe984b-b7c6-7&Prime;][vc_column_text]D\u00e9velopper une vision d\u2019un r\u00e9seau de parcs publics peut varier selon que la municipalit\u00e9 a d\u00e9j\u00e0 un plan strat\u00e9gique qui repose sur une vision globale, qu\u2019elle a l\u2019intention d\u2019en \u00e9laborer un, qui peut \u00eatre un plan d\u2019urbanisme ou un sch\u00e9ma d\u2019am\u00e9nagement et de d\u00e9veloppement (SAD), ou qu\u2019elle n\u2019en a pas du tout. Dans les deux premiers cas, il va de soi que la vision des parcs doit s\u2019arrimer \u00e0 la vision d\u2019ensemble, au plan d\u2019urbanisme ou au SAD. Dans le troisi\u00e8me, il est possible de d\u00e9velopper une vision sp\u00e9cifique aux parcs, mais celle-ci devra \u00eatre coh\u00e9rente avec les orientations d\u2019ensemble et les politiques en vigueur ou en projet (politiques d\u2019urbanisme, d\u2019environnement, de la famille, de la vie communautaire, du d\u00e9veloppement \u00e9conomique, du transport, etc.). Quelle que soit la situation, la vision des parcs sera int\u00e9gr\u00e9e \u00e0 un ensemble plus vaste.[\/vc_column_text][\/vc_accordion_tab][vc_accordion_tab title=\u00a0\u00bbTrois questions\u00a0\u00bb tab_id=\u00a0\u00bb6b4f47eb-b6a3-10&Prime;][vc_column_text]<\/p>\n<h3>O\u00f9 sommes-nous pr\u00e9sentement?<\/h3>\n<p>C\u2019est la premi\u00e8re question \u00e0 se poser, \u00e0 laquelle une \u00e9valuation globale du r\u00e9seau des parcs r\u00e9pondra en partie (voir <a href=\"https:\/\/www.guides-sports-loisirs.ca\/projetespaces\/processus-gestion-parcs\/\">L\u2019\u00e9valuation<\/a>). Cette \u00e9valuation est toutefois insuffisante. Le regard doit embrasser plus large\u00a0:<\/p>\n<ul>\n<li>donn\u00e9es d\u00e9mographiques actuelles;<\/li>\n<li>situation \u00e9conomique;<\/li>\n<li>\u00e9tat de l\u2019environnement;<\/li>\n<li>ressources r\u00e9cr\u00e9atives en dehors des parcs (publiques et priv\u00e9es) sur le territoire;<\/li>\n<li>ressources r\u00e9cr\u00e9atives hors du territoire, mais \u00e0 proximit\u00e9.<\/li>\n<\/ul>\n<p>Le portrait d\u2019ensemble permet d\u2019\u00e9tablir un diagnostic et de d\u00e9gager des tendances.<\/p>\n<h3>O\u00f9 allons-nous?<\/h3>\n<p>Si les tendances se maintiennent et qu\u2019on ne modifie rien, qu\u2019est-ce qui va se passer?<\/p>\n<h3>O\u00f9 voulons-nous aller?<\/h3>\n<p>C\u2019est ici que va s\u2019articuler la vision. Et qu\u2019il faudra sans doute trouver un \u00e9quilibre entre la pr\u00e9servation des acquis qui r\u00e9pondent bien aux besoins actuels et le d\u00e9veloppement qui aura pour but de r\u00e9pondre aux besoins des g\u00e9n\u00e9rations futures ou de groupes de population diff\u00e9rents.<\/p>\n<p>C\u2019est ici aussi que l\u2019on doit prendre en compte une s\u00e9rie de valeurs \u00e0 privil\u00e9gier.[\/vc_column_text][\/vc_accordion_tab][vc_accordion_tab title=\u00a0\u00bb\u00c9l\u00e9ments de vision d\u2019un r\u00e9seau de parcs \u00ab durable \u00bb\u00a0\u00bb tab_id=\u00a0\u00bbb34efa12-cd63-1&Prime;][vc_column_text]La vision \u00e9tant un exercice de projection dans la dur\u00e9e (qui peut \u00eatre un horizon d\u2019une vingtaine d\u2019ann\u00e9es), la notion de d\u00e9veloppement durable prend alors une importance particuli\u00e8re.<\/p>\n<p>Certaines qualit\u00e9s associ\u00e9es \u00e0 la durabilit\u00e9 sur le plan municipal peuvent servir de valeurs de r\u00e9f\u00e9rence.<\/p>\n<p>Ainsi pourrait-on entrevoir les parcs publics, dans une perspective de d\u00e9veloppement durable (donc \u00e0 long terme), comme des lieux\u00a0:<\/p>\n<ul>\n<li>d\u2019\u00e9quilibrage ou de r\u00e9gulation environnementale, qui contribuent \u00e0 la neutralisation de l\u2019empreinte \u00e9cologique dans l\u2019ensemble de la communaut\u00e9 ou de la cit\u00e9;<\/li>\n<li>adaptables, qui peuvent \u00eatre modifi\u00e9s pour relever les d\u00e9fis du changement;<\/li>\n<li>connect\u00e9s, qui relient des territoires divers;<\/li>\n<li>conviviaux, qui favorisent la r\u00e9union, la communication, le partage;<\/li>\n<li>inclusifs, qui facilitent l\u2019int\u00e9gration sociale;<\/li>\n<\/ul>\n<p>identitaires, qui d\u00e9veloppent le sentiment d\u2019appartenance communautaire et cr\u00e9ent un patrimoine.[\/vc_column_text][\/vc_accordion_tab][vc_accordion_tab title=\u00a0\u00bbD\u00e9marche d\u2019organisation pour d\u00e9velopper la vision\u00a0\u00bb tab_id=\u00a0\u00bba380dc54-455c-2&Prime;][vc_column_text]L\u2019organisation d\u2019une d\u00e9marche pour d\u00e9velopper une vision des parcs peut s\u2019int\u00e9grer \u00e0 une d\u00e9marche plus g\u00e9n\u00e9rale de planification, qui mobilise la population par divers moyens. Cette d\u00e9marche peut aussi \u00eatre sp\u00e9cifique, mais la participation citoyenne sera tout aussi importante, au moins pour valider certains sc\u00e9narios et faciliter l\u2019adh\u00e9sion ult\u00e9rieure \u00e0 l\u2019\u00e9nonc\u00e9 de vision.<\/p>\n<p>Cela signifie tout un travail de pr\u00e9paration visant \u00e0 r\u00e9pondre aux trois questions mentionn\u00e9es pr\u00e9c\u00e9demment. Un comit\u00e9 restreint peut \u00eatre mandat\u00e9 \u00e0 cette fin, mais il est important qu\u2019il soit multidisciplinaire. Il est souhaitable que ce comit\u00e9 implique aussi un repr\u00e9sentant des \u00e9lus. Les \u00e9lus auront d\u2019ailleurs \u00e0 adopter la vision, puisqu\u2019elle engagera la municipalit\u00e9 pour longtemps.<\/p>\n<p>Un comit\u00e9 aviseur (ou comit\u00e9-conseil), plus large et repr\u00e9sentatif d\u2019une pluralit\u00e9 d\u2019int\u00e9r\u00eats, permettra de garder le cap sur des perspectives r\u00e9alistes m\u00eame si elles sont \u00e0 long terme.<\/p>\n<p>Il importe d\u2019associer la collectivit\u00e9 \u00e0 la d\u00e9marche \u00e0 l\u2019aide de divers moyens\u00a0: repr\u00e9sentation citoyenne au comit\u00e9 aviseur, forums citoyens, groupes t\u00e9moins, assembl\u00e9es publiques, etc.<\/p>\n<p>Voir <a href=\"https:\/\/www.guides-sports-loisirs.ca\/projetespaces\/conditions-succes\/participation-citoyenne\/\">La participation citoyenne<\/a>.[\/vc_column_text][\/vc_accordion_tab][vc_accordion_tab title=\u00a0\u00bbL\u2019\u00e9nonc\u00e9 de vision\u00a0\u00bb tab_id=\u00a0\u00bb9a5314ec-aa4a-1&Prime;][vc_column_text]Une vision se formule habituellement en quelques phrases o\u00f9 chaque mot a \u00e9t\u00e9 soigneusement choisi et soupes\u00e9. Un \u00e9nonc\u00e9 de vision doit \u00eatre clair, bref et inspirant.<\/p>\n<p>Un texte explicatif peut suivre l\u2019\u00e9nonc\u00e9, pr\u00e9sentant chaque mot cl\u00e9, faisant ressortir les valeurs qui le sous-tendent et pr\u00e9sentant les objectifs pour qu\u2019il se mat\u00e9rialise.<\/p>\n<p>On pourrait par exemple s\u2019inspirer de la Charte des droits des enfants montarvillois, int\u00e9gr\u00e9e au plan d\u2019action de la politique familiale de la Ville de Montarville, qui inclut les parcs. Elle contient neuf articles touchant plusieurs aspects de la vie des enfants, et a pour objectif de promouvoir et prot\u00e9ger les droits de tous les enfants montarvillois, ainsi que de favoriser leur bien-\u00eatre global. Elle a \u00e9t\u00e9 r\u00e9dig\u00e9e par des enfants dans le cadre du concours Maire et conseillers d\u2019un jour\u00a02013. On y trouve au moins trois valeurs sur lesquelles devrait reposer l\u2019am\u00e9nagement des parcs\u00a0:<\/p>\n<ul>\n<li>le droit de s\u2019amuser, qui se traduit par le jeu libre;<\/li>\n<li>l\u2019accessibilit\u00e9 au loisir dans ses dimensions physique, \u00e9conomique et sociale;<\/li>\n<li>la s\u00e9curit\u00e9 des enfants dans tous les lieux publics, ce qui signifie notamment un trajet s\u00e9curitaire pour se rendre au parc, ainsi que des espaces de jeu s\u00e9curitaires conformes aux normes et r\u00e8glements.<\/li>\n<\/ul>\n<p>Voici un exemple d\u2019\u00e9nonc\u00e9 de vision\u00a0:<\/p>\n<p><em>\u00ab\u00a0Un r\u00e9seau de parcs accessibles, s\u00e9curitaires et plaisants est essentiel dans la vie de nos citoyens. Le d\u00e9veloppement de nos enfants et le dynamisme de la vie familiale sont par ailleurs des valeurs fondamentales. Nos enfants doivent avoir acc\u00e8s dans nos parcs \u00e0 des espaces de jeu libre appropri\u00e9s \u00e0 leur d\u00e9veloppement. Le parc est le premier lieu public fr\u00e9quent\u00e9 par les plus jeunes enfants et il est un endroit essentiel pour la qualit\u00e9 de vie de nos citoyens. Nos parcs devraient \u00eatre reli\u00e9s entre eux et avec les services essentiels, compl\u00e9mentaires les uns avec les autres et adapt\u00e9s aux besoins de toute la population avec une attention particuli\u00e8re \u00e0 ceux des enfants.\u00a0\u00bb<\/em>[\/vc_column_text][\/vc_accordion_tab][\/vc_accordion][vc_empty_space empty_h=\u00a0\u00bb2&Prime;][vc_column_text]Novembre 2018[\/vc_column_text][\/vc_column][\/vc_row][vc_row row_height_percent=\u00a0\u00bb0&Prime; override_padding=\u00a0\u00bbyes\u00a0\u00bb h_padding=\u00a0\u00bb2&Prime; top_padding=\u00a0\u00bb2&Prime; bottom_padding=\u00a0\u00bb2&Prime; overlay_alpha=\u00a0\u00bb50&Prime; gutter_size=\u00a0\u00bb3&Prime; shift_y=\u00a0\u00bb0&Prime;][vc_column column_width_use_pixel=\u00a0\u00bbyes\u00a0\u00bb gutter_size=\u00a0\u00bb2&Prime; overlay_alpha=\u00a0\u00bb50&Prime; shift_x=\u00a0\u00bb0&Prime; shift_y=\u00a0\u00bb0&Prime; z_index=\u00a0\u00bb0&Prime; medium_width=\u00a0\u00bb0&Prime; width=\u00a0\u00bb1\/1&Prime; column_width_pixel=\u00a0\u00bb800&Prime;][vc_button button_color=\u00a0\u00bbaccent\u00a0\u00bb size=\u00a0\u00bbbtn-lg\u00a0\u00bb radius=\u00a0\u00bbbtn-circle\u00a0\u00bb border_width=\u00a0\u00bb0&Prime; icon_position=\u00a0\u00bbright\u00a0\u00bb link=\u00a0\u00bburl:https%3A%2F%2Fwww.guides-sports-loisirs.ca%2Fprojetespaces%2Fwp-content%2Fuploads%2Fsites%2F8%2F2024%2F11%2F5.3_ProGestion_Vision.pdf||target:%20_blank|\u00a0\u00bb icon=\u00a0\u00bbfa fa-file-o\u00a0\u00bb]Version PDF[\/vc_button][\/vc_column][\/vc_row]<\/p>\n<\/div>","protected":false},"excerpt":{"rendered":"<p>[vc_row row_height_percent=\u00a0\u00bb0&Prime; override_padding=\u00a0\u00bbyes\u00a0\u00bb h_padding=\u00a0\u00bb2&Prime; top_padding=\u00a0\u00bb3&Prime; bottom_padding=\u00a0\u00bb2&Prime; overlay_alpha=\u00a0\u00bb50&Prime; gutter_size=\u00a0\u00bb3&Prime; shift_y=\u00a0\u00bb0&Prime;][vc_column column_width_use_pixel=\u00a0\u00bbyes\u00a0\u00bb gutter_size=\u00a0\u00bb3&Prime; overlay_alpha=\u00a0\u00bb50&Prime; shift_x=\u00a0\u00bb0&Prime; shift_y=\u00a0\u00bb0&Prime; z_index=\u00a0\u00bb0&Prime; medium_width=\u00a0\u00bb0&Prime; width=\u00a0\u00bb1\/1&Prime; column_width_pixel=\u00a0\u00bb800&Prime;][vc_accordion][vc_accordion_tab title=\u00a0\u00bbEn r\u00e9sum\u00e9\u00a0\u00bb [&hellip;]<\/p>\n","protected":false},"author":11,"featured_media":0,"parent":286,"menu_order":0,"comment_status":"closed","ping_status":"closed","template":"","meta":{"_acf_changed":false,"footnotes":""},"class_list":["post-297","page","type-page","status-publish","hentry"],"acf":[],"yoast_head":"<!-- This site is optimized with the Yoast SEO plugin v27.4 - https:\/\/yoast.com\/product\/yoast-seo-wordpress\/ -->\n<title>La vision - Projet Espaces<\/title>\n<meta name=\"robots\" content=\"index, follow, max-snippet:-1, max-image-preview:large, max-video-preview:-1\" \/>\n<link rel=\"canonical\" href=\"https:\/\/www.guides-sports-loisirs.ca\/projetespaces\/processus-gestion-parcs\/vision\/\" \/>\n<meta property=\"og:locale\" content=\"fr_FR\" \/>\n<meta property=\"og:type\" content=\"article\" \/>\n<meta property=\"og:title\" content=\"La vision - Projet Espaces\" \/>\n<meta property=\"og:description\" content=\"[vc_row row_height_percent=\u00a0\u00bb0&Prime; override_padding=\u00a0\u00bbyes\u00a0\u00bb h_padding=\u00a0\u00bb2&Prime; top_padding=\u00a0\u00bb3&Prime; bottom_padding=\u00a0\u00bb2&Prime; overlay_alpha=\u00a0\u00bb50&Prime; gutter_size=\u00a0\u00bb3&Prime; shift_y=\u00a0\u00bb0&Prime;][vc_column column_width_use_pixel=\u00a0\u00bbyes\u00a0\u00bb gutter_size=\u00a0\u00bb3&Prime; overlay_alpha=\u00a0\u00bb50&Prime; shift_x=\u00a0\u00bb0&Prime; shift_y=\u00a0\u00bb0&Prime; z_index=\u00a0\u00bb0&Prime; medium_width=\u00a0\u00bb0&Prime; width=\u00a0\u00bb1\/1&Prime; column_width_pixel=\u00a0\u00bb800&Prime;][vc_accordion][vc_accordion_tab title=\u00a0\u00bbEn r\u00e9sum\u00e9\u00a0\u00bb [&hellip;]\" \/>\n<meta property=\"og:url\" content=\"https:\/\/www.guides-sports-loisirs.ca\/projetespaces\/processus-gestion-parcs\/vision\/\" \/>\n<meta property=\"og:site_name\" content=\"Projet Espaces\" \/>\n<meta property=\"article:modified_time\" content=\"2024-11-06T15:43:27+00:00\" \/>\n<meta name=\"twitter:card\" content=\"summary_large_image\" \/>\n<meta name=\"twitter:label1\" content=\"Dur\u00e9e de lecture estim\u00e9e\" \/>\n\t<meta name=\"twitter:data1\" content=\"7 minutes\" \/>\n<script type=\"application\/ld+json\" class=\"yoast-schema-graph\">{\"@context\":\"https:\\\/\\\/schema.org\",\"@graph\":[{\"@type\":\"WebPage\",\"@id\":\"https:\\\/\\\/www.guides-sports-loisirs.ca\\\/projetespaces\\\/processus-gestion-parcs\\\/vision\\\/\",\"url\":\"https:\\\/\\\/www.guides-sports-loisirs.ca\\\/projetespaces\\\/processus-gestion-parcs\\\/vision\\\/\",\"name\":\"La vision - Projet Espaces\",\"isPartOf\":{\"@id\":\"https:\\\/\\\/www.guides-sports-loisirs.ca\\\/projetespaces\\\/#website\"},\"datePublished\":\"2017-05-09T13:24:10+00:00\",\"dateModified\":\"2024-11-06T15:43:27+00:00\",\"breadcrumb\":{\"@id\":\"https:\\\/\\\/www.guides-sports-loisirs.ca\\\/projetespaces\\\/processus-gestion-parcs\\\/vision\\\/#breadcrumb\"},\"inLanguage\":\"fr-FR\",\"potentialAction\":[{\"@type\":\"ReadAction\",\"target\":[\"https:\\\/\\\/www.guides-sports-loisirs.ca\\\/projetespaces\\\/processus-gestion-parcs\\\/vision\\\/\"]}]},{\"@type\":\"BreadcrumbList\",\"@id\":\"https:\\\/\\\/www.guides-sports-loisirs.ca\\\/projetespaces\\\/processus-gestion-parcs\\\/vision\\\/#breadcrumb\",\"itemListElement\":[{\"@type\":\"ListItem\",\"position\":1,\"name\":\"Accueil\",\"item\":\"https:\\\/\\\/www.guides-sports-loisirs.ca\\\/projetespaces\\\/\"},{\"@type\":\"ListItem\",\"position\":2,\"name\":\"Processus de gestion des parcs\",\"item\":\"https:\\\/\\\/www.guides-sports-loisirs.ca\\\/projetespaces\\\/processus-gestion-parcs\\\/\"},{\"@type\":\"ListItem\",\"position\":3,\"name\":\"La vision\"}]},{\"@type\":\"WebSite\",\"@id\":\"https:\\\/\\\/www.guides-sports-loisirs.ca\\\/projetespaces\\\/#website\",\"url\":\"https:\\\/\\\/www.guides-sports-loisirs.ca\\\/projetespaces\\\/\",\"name\":\"Projet Espaces\",\"description\":\"\",\"potentialAction\":[{\"@type\":\"SearchAction\",\"target\":{\"@type\":\"EntryPoint\",\"urlTemplate\":\"https:\\\/\\\/www.guides-sports-loisirs.ca\\\/projetespaces\\\/?s={search_term_string}\"},\"query-input\":{\"@type\":\"PropertyValueSpecification\",\"valueRequired\":true,\"valueName\":\"search_term_string\"}}],\"inLanguage\":\"fr-FR\"}]}<\/script>\n<!-- \/ Yoast SEO plugin. -->","yoast_head_json":{"title":"La vision - Projet Espaces","robots":{"index":"index","follow":"follow","max-snippet":"max-snippet:-1","max-image-preview":"max-image-preview:large","max-video-preview":"max-video-preview:-1"},"canonical":"https:\/\/www.guides-sports-loisirs.ca\/projetespaces\/processus-gestion-parcs\/vision\/","og_locale":"fr_FR","og_type":"article","og_title":"La vision - Projet Espaces","og_description":"[vc_row row_height_percent=\u00a0\u00bb0&Prime; override_padding=\u00a0\u00bbyes\u00a0\u00bb h_padding=\u00a0\u00bb2&Prime; top_padding=\u00a0\u00bb3&Prime; bottom_padding=\u00a0\u00bb2&Prime; overlay_alpha=\u00a0\u00bb50&Prime; gutter_size=\u00a0\u00bb3&Prime; shift_y=\u00a0\u00bb0&Prime;][vc_column column_width_use_pixel=\u00a0\u00bbyes\u00a0\u00bb gutter_size=\u00a0\u00bb3&Prime; overlay_alpha=\u00a0\u00bb50&Prime; shift_x=\u00a0\u00bb0&Prime; shift_y=\u00a0\u00bb0&Prime; z_index=\u00a0\u00bb0&Prime; medium_width=\u00a0\u00bb0&Prime; width=\u00a0\u00bb1\/1&Prime; column_width_pixel=\u00a0\u00bb800&Prime;][vc_accordion][vc_accordion_tab title=\u00a0\u00bbEn r\u00e9sum\u00e9\u00a0\u00bb [&hellip;]","og_url":"https:\/\/www.guides-sports-loisirs.ca\/projetespaces\/processus-gestion-parcs\/vision\/","og_site_name":"Projet Espaces","article_modified_time":"2024-11-06T15:43:27+00:00","twitter_card":"summary_large_image","twitter_misc":{"Dur\u00e9e de lecture estim\u00e9e":"7 minutes"},"schema":{"@context":"https:\/\/schema.org","@graph":[{"@type":"WebPage","@id":"https:\/\/www.guides-sports-loisirs.ca\/projetespaces\/processus-gestion-parcs\/vision\/","url":"https:\/\/www.guides-sports-loisirs.ca\/projetespaces\/processus-gestion-parcs\/vision\/","name":"La vision - Projet Espaces","isPartOf":{"@id":"https:\/\/www.guides-sports-loisirs.ca\/projetespaces\/#website"},"datePublished":"2017-05-09T13:24:10+00:00","dateModified":"2024-11-06T15:43:27+00:00","breadcrumb":{"@id":"https:\/\/www.guides-sports-loisirs.ca\/projetespaces\/processus-gestion-parcs\/vision\/#breadcrumb"},"inLanguage":"fr-FR","potentialAction":[{"@type":"ReadAction","target":["https:\/\/www.guides-sports-loisirs.ca\/projetespaces\/processus-gestion-parcs\/vision\/"]}]},{"@type":"BreadcrumbList","@id":"https:\/\/www.guides-sports-loisirs.ca\/projetespaces\/processus-gestion-parcs\/vision\/#breadcrumb","itemListElement":[{"@type":"ListItem","position":1,"name":"Accueil","item":"https:\/\/www.guides-sports-loisirs.ca\/projetespaces\/"},{"@type":"ListItem","position":2,"name":"Processus de gestion des parcs","item":"https:\/\/www.guides-sports-loisirs.ca\/projetespaces\/processus-gestion-parcs\/"},{"@type":"ListItem","position":3,"name":"La vision"}]},{"@type":"WebSite","@id":"https:\/\/www.guides-sports-loisirs.ca\/projetespaces\/#website","url":"https:\/\/www.guides-sports-loisirs.ca\/projetespaces\/","name":"Projet Espaces","description":"","potentialAction":[{"@type":"SearchAction","target":{"@type":"EntryPoint","urlTemplate":"https:\/\/www.guides-sports-loisirs.ca\/projetespaces\/?s={search_term_string}"},"query-input":{"@type":"PropertyValueSpecification","valueRequired":true,"valueName":"search_term_string"}}],"inLanguage":"fr-FR"}]}},"_links":{"self":[{"href":"https:\/\/www.guides-sports-loisirs.ca\/projetespaces\/wp-json\/wp\/v2\/pages\/297","targetHints":{"allow":["GET"]}}],"collection":[{"href":"https:\/\/www.guides-sports-loisirs.ca\/projetespaces\/wp-json\/wp\/v2\/pages"}],"about":[{"href":"https:\/\/www.guides-sports-loisirs.ca\/projetespaces\/wp-json\/wp\/v2\/types\/page"}],"author":[{"embeddable":true,"href":"https:\/\/www.guides-sports-loisirs.ca\/projetespaces\/wp-json\/wp\/v2\/users\/11"}],"replies":[{"embeddable":true,"href":"https:\/\/www.guides-sports-loisirs.ca\/projetespaces\/wp-json\/wp\/v2\/comments?post=297"}],"version-history":[{"count":30,"href":"https:\/\/www.guides-sports-loisirs.ca\/projetespaces\/wp-json\/wp\/v2\/pages\/297\/revisions"}],"predecessor-version":[{"id":2307,"href":"https:\/\/www.guides-sports-loisirs.ca\/projetespaces\/wp-json\/wp\/v2\/pages\/297\/revisions\/2307"}],"up":[{"embeddable":true,"href":"https:\/\/www.guides-sports-loisirs.ca\/projetespaces\/wp-json\/wp\/v2\/pages\/286"}],"wp:attachment":[{"href":"https:\/\/www.guides-sports-loisirs.ca\/projetespaces\/wp-json\/wp\/v2\/media?parent=297"}],"curies":[{"name":"wp","href":"https:\/\/api.w.org\/{rel}","templated":true}]}}