{"id":245,"date":"2017-05-08T14:54:05","date_gmt":"2017-05-08T18:54:05","guid":{"rendered":"https:\/\/www.guides-sports-loisirs.ca\/projetespaces\/?page_id=245"},"modified":"2024-11-06T11:26:07","modified_gmt":"2024-11-06T16:26:07","slug":"la-securite","status":"publish","type":"page","link":"https:\/\/www.guides-sports-loisirs.ca\/projetespaces\/conditions-succes\/la-securite\/","title":{"rendered":"La s\u00e9curit\u00e9"},"content":{"rendered":"<div class=\"wpb-content-wrapper\"><p>[vc_row row_height_percent=\u00a0\u00bb0&Prime; override_padding=\u00a0\u00bbyes\u00a0\u00bb h_padding=\u00a0\u00bb2&Prime; top_padding=\u00a0\u00bb3&Prime; bottom_padding=\u00a0\u00bb2&Prime; overlay_alpha=\u00a0\u00bb50&Prime; gutter_size=\u00a0\u00bb3&Prime; shift_y=\u00a0\u00bb0&Prime;][vc_column column_width_use_pixel=\u00a0\u00bbyes\u00a0\u00bb gutter_size=\u00a0\u00bb3&Prime; overlay_alpha=\u00a0\u00bb50&Prime; shift_x=\u00a0\u00bb0&Prime; shift_y=\u00a0\u00bb0&Prime; z_index=\u00a0\u00bb0&Prime; medium_width=\u00a0\u00bb0&Prime; width=\u00a0\u00bb1\/1&Prime; column_width_pixel=\u00a0\u00bb800&Prime;][vc_column_text]La s\u00e9curit\u00e9 est une pr\u00e9occupation majeure des corps publics, des collectivit\u00e9s et des parents. Elle rev\u00eat plusieurs aspects, en commen\u00e7ant par la pr\u00e9vention et la r\u00e9duction des dangers, mais c\u2019est aussi la capacit\u00e9 d\u2019intervention et l\u2019\u00e9ducation \u00e0 la s\u00e9curit\u00e9.<\/p>\n<p>Et il importe de ne pas n\u00e9gliger le sentiment de s\u00e9curit\u00e9 du public, fondamental pour assurer la fr\u00e9quentation des parcs et autres lieux publics, et pour que les gens puissent y pratiquer leurs activit\u00e9s en toute confiance et avec un maximum de plaisir. En effet, m\u00eame quand on a pris toutes les mesures requises pour offrir un environnement s\u00e9curitaire, il est possible que le sentiment de s\u00e9curit\u00e9 ne soit pas \u00e0 la hauteur, car il est ici question de perception. Les personnes \u00e2g\u00e9es sont particuli\u00e8rement soucieuses de s\u00e9curit\u00e9; chez elles, le sentiment de s\u00e9curit\u00e9 est primordial.<\/p>\n<p>La principale difficult\u00e9 pour les autorit\u00e9s publiques et les gestionnaires d\u2019\u00e9quipements de jeu ou de loisir, c\u2019est de trouver le juste \u00e9quilibre entre les restrictions n\u00e9cessaires (ou m\u00eame les interdictions) et la libert\u00e9 des pratiquants. Chez les enfants en particulier, la surprotection peut les priver de leur autonomie ou la r\u00e9duire exag\u00e9r\u00e9ment, ce qui les emp\u00eache de se d\u00e9velopper de fa\u00e7on optimale. Oui, les enfants devraient pouvoir prendre des risques pour faire des d\u00e9couvertes et \u00e9prouver leurs limites.<\/p>\n<p>Pour s\u00e9curiser les espaces de jeu dans les parcs publics, trois lignes de conduite s\u2019imposent\u00a0:<\/p>\n<ul>\n<li>Offrir un environnement physique et des \u00e9quipements de qualit\u00e9<\/li>\n<li>Offrir un encadrement de qualit\u00e9<\/li>\n<li>Favoriser les bons comportements et les bonnes attitudes<\/li>\n<\/ul>\n<p>Enfin, tous les concepteurs et gestionnaires de parcs publics savent qu\u2019il y a une multiplicit\u00e9 de normes \u00e0 respecter quand on pr\u00e9voit am\u00e9nager ou r\u00e9am\u00e9nager des espaces de jeu. La r\u00e9f\u00e9rence la plus courante en ce qui a trait aux aires et \u00e9quipements de jeu dans les parcs est la <a href=\"https:\/\/www.education.gouv.qc.ca\/municipalites\/installations-municipales\/aires-de-jeu-pour-enfants\/normes-et-procedures\" target=\"_blank\" rel=\"noopener\">norme\u00a0CSA-Z614<\/a> de l\u2019Association canadienne de normalisation.<\/p>\n<p>Cette norme touche a\u0300 la fois aux exigences techniques et aux principes qui entourent la conception, la construction, l\u2019installation, l\u2019entretien et la v\u00e9rification des aires et des e\u0301quipements de jeu destin\u00e9s aux enfants. Elle s\u2019applique aux aires ext\u00e9rieures de jeu et aux e\u0301quipements de jeu qui s\u2019y trouvent et sont accessibles au public.[\/vc_column_text][vc_accordion][vc_accordion_tab title=\u00a0\u00bbLes aspects sp\u00e9cifiques de la s\u00e9curit\u00e9 dans les parcs\u00a0\u00bb tab_id=\u00a0\u00bb8b257a5f-4aba-5&Prime;][vc_column_text]La s\u00e9curit\u00e9 dans les parcs s\u2019inscrit dans le cadre plus g\u00e9n\u00e9ral de la s\u00e9curit\u00e9 publique, mais elle comporte des aspects sp\u00e9cifiques en raison des groupes de population qui les fr\u00e9quentent et, aussi, des risques que repr\u00e9sente un lieu public o\u00f9 peuvent se manifester des comportements socialement ind\u00e9sirables ou se commettre des actes ill\u00e9gaux.<\/p>\n<p>\u00ab\u00a0La s\u00e9curit\u00e9 est un \u00e9tat o\u00f9 les dangers et les conditions pouvant provoquer des dommages d\u2019ordre physique, psychologique ou mat\u00e9riel sont contr\u00f4l\u00e9s de mani\u00e8re \u00e0 pr\u00e9server la sant\u00e9 et le bien-\u00eatre des individus et de la communaut\u00e9. C\u2019est une ressource indispensable \u00e0 la vie quotidienne qui permet \u00e0 l\u2019individu et \u00e0 la communaut\u00e9 de r\u00e9aliser ses aspirations.\u00a0\u00bb<\/p>\n<p>\u00ab\u00a0La s\u00e9curit\u00e9 comporte deux dimensions\u00a0: une dimension objective appr\u00e9ci\u00e9e en fonction de param\u00e8tres comportementaux et environnementaux et une dimension subjective appr\u00e9ci\u00e9e en fonction du sentiment de s\u00e9curit\u00e9 ou d\u2019ins\u00e9curit\u00e9 de la population.\u00a0\u00bb[\/vc_column_text][\/vc_accordion_tab][vc_accordion_tab title=\u00a0\u00bbLe sentiment de s\u00e9curit\u00e9\u00a0\u00bb tab_id=\u00a0\u00bbe774e04f-403b-4&Prime;][vc_column_text]Le sentiment de s\u00e9curit\u00e9 est fondamental pour assurer la fr\u00e9quentation des parcs et autres lieux publics, et pour que les gens puissent y pratiquer leurs activit\u00e9s en toute confiance et avec un maximum de plaisir. Mais m\u00eame quand on a pris toutes les mesures requises pour offrir un environnement s\u00e9curitaire, il est possible que le sentiment de s\u00e9curit\u00e9 ne soit pas \u00e0 la hauteur, car il est surtout affaire de perception.<\/p>\n<p>Le <em>Guide des meilleures pratiques pour un am\u00e9nagement s\u00e9curitaire<\/em> \u00e0 l\u2019intention des municipalit\u00e9s et de leurs partenaires que l\u2019Union des municipalit\u00e9s du Qu\u00e9bec a publi\u00e9 en 2009 signale que le sentiment de s\u00e9curit\u00e9 varie, pr\u00e9sentant notamment des diff\u00e9rences chez les hommes et chez les femmes. On pourrait ajouter que les personnes \u00e2g\u00e9es, les enfants et les personnes ayant un handicap peuvent se sentir moins en s\u00e9curit\u00e9 que la plupart des gens dans un environnement pourtant semblable.<\/p>\n<p>La visibilit\u00e9, l\u2019achalandage et la surveillance sont des facteurs qui augmentent le sentiment de s\u00e9curit\u00e9. L\u2019assurance aussi que, s\u2019il se produit un incident, on pourra obtenir de l\u2019aide rapidement. Il importe \u00e9galement de rassurer les accompagnateurs d\u2019enfants dans les espaces de jeu en les informant que les \u00e9quipements sont conformes aux normes et sans danger.[\/vc_column_text][\/vc_accordion_tab][vc_accordion_tab title=\u00a0\u00bbPrincipes d\u2019am\u00e9nagement s\u00e9curitaire\u00a0\u00bb tab_id=\u00a0\u00bb5cc35df5-6d70-3&Prime;][vc_column_text]C\u2019est dans une perspective de pr\u00e9vention que l\u2019Union des municipalit\u00e9s du Qu\u00e9bec a publi\u00e9 en 2009 le Guide des meilleures pratiques pour un am\u00e9nagement s\u00e9curitaire \u00e0 l\u2019intention des municipalit\u00e9s et de leurs partenaires. Ce guide fait reposer la s\u00e9curit\u00e9 sur six principes\u00a0: 1) la signalisation, 2) la visibilit\u00e9, 3) l\u2019achalandage, 4) la surveillance formelle et l\u2019acc\u00e8s \u00e0 l\u2019aide, 5) l\u2019am\u00e9nagement d\u2019un lieu et son entretien, 6) la concertation municipale et la participation municipale.<\/p>\n<ol>\n<li>La signalisation\u00a0: elle a pour but de savoir o\u00f9 l\u2019on est et o\u00f9 l\u2019on va. Elle facilite l\u2019orientation pour trouver son chemin ou obtenir de l\u2019aide s\u2019il y a un probl\u00e8me. Elle peut prendre diff\u00e9rentes formes\u00a0: panneaux, marquage au sol ou par code de couleur, etc. La signal\u00e9tique doit \u00eatre pr\u00e9cise, facile \u00e0 comprendre et plac\u00e9e \u00e0 des endroits strat\u00e9giques.<\/li>\n<li>La visibilit\u00e9\u00a0: elle permet \u00e0 la fois de voir et d\u2019\u00eatre visible. L\u2019\u00e9clairage en est l\u2019\u00e9l\u00e9ment d\u00e9terminant. Il doit \u00eatre d\u2019une intensit\u00e9 suffisante, permettant de voir une personne \u00e0 environ 25 m\u00e8tres de distance. Les lieux o\u00f9 la visibilit\u00e9 est bonne sont habituellement bien fr\u00e9quent\u00e9s par la population.<\/li>\n<li>L\u2019achalandage\u00a0: l\u2019animation spontan\u00e9e cr\u00e9\u00e9e par la fr\u00e9quentation appropri\u00e9e d\u2019un lieu public peut contribuer \u00e0 la s\u00e9curit\u00e9. En effet, l\u2019achalandage peut dissuader certaines personnes de commettre des actes criminels ou incivils. De plus, la pr\u00e9sence d\u2019une foule augmente la possibilit\u00e9 d\u2019obtenir de l\u2019aide.<\/li>\n<li>La surveillance formelle et l\u2019acc\u00e8s \u00e0 l\u2019aide\u00a0: la surveillance dans les lieux publics municipaux s\u2019effectue principalement par des patrouilles r\u00e9guli\u00e8res et par les cam\u00e9ras de vid\u00e9osurveillance. Les t\u00e9l\u00e9phones publics, les sonnettes d\u2019alarme, le contr\u00f4le des acc\u00e8s et les points d\u2019aide s\u2019ajoutent \u00e0 cette strat\u00e9gie.<\/li>\n<li>L\u2019am\u00e9nagement d\u2019un lieu et son entretien\u00a0: un des objectifs de l\u2019am\u00e9nagement s\u00e9curitaire est de produire un lieu accueillant qui sera fr\u00e9quent\u00e9, envers lequel la population aura d\u00e9velopp\u00e9 un sentiment d\u2019appartenance et qu\u2019elle prendra soin de ne pas d\u00e9grader.<\/li>\n<li>La concertation municipale et la participation municipale\u00a0: faire participer la communaut\u00e9 \u00e0 la surveillance priv\u00e9e et favoriser l\u2019engagement citoyen local contribuent \u00e0 la s\u00e9curit\u00e9 du voisinage.<\/li>\n<\/ol>\n<p>Ajoutons que des \u00e9quipements en bon \u00e9tat de fonctionnement, conformes aux normes, constituent un imp\u00e9ratif en mati\u00e8re de pr\u00e9vention dans les parcs. De plus, l\u2019utilisation de mat\u00e9riaux r\u00e9sistants au feu et au vandalisme aussi bien pour le mobilier urbain que pour des infrastructures et des \u00e9quipements de jeu est fortement recommand\u00e9e.[\/vc_column_text][\/vc_accordion_tab][vc_accordion_tab title=\u00a0\u00bbLa capacit\u00e9 d\u2019intervention en cas d\u2019urgence\u00a0\u00bb tab_id=\u00a0\u00bb91f22320-9abf-2&Prime;][vc_column_text]La s\u00e9curit\u00e9, c\u2019est aussi la capacit\u00e9 d\u2019intervention en cas d\u2019urgence. Bien s\u00fbr, les services d\u2019urgence (police et pompiers) sont l\u00e0 pour r\u00e9pondre aux appels rapidement, mais que faire en attendant? Les employ\u00e9s de la Ville qui sont en contact avec le public dans les parcs ont-ils une formation pour savoir quoi faire si un accident survient, s\u2019ils sont t\u00e9moins d\u2019un comportement incivil ou d\u2019un acte criminel, si une personne se sent mal ou si un enfant a besoin d\u2019aide ou de protection? Y a-t-il des proc\u00e9dures \u00e0 suivre dans ces cas?<\/p>\n<p>Cette capacit\u00e9 d\u2019intervention repose aussi sur les \u00e9paules des groupes, des organisations ou des institutions qui utilisent les parcs. Dans les ententes avec ceux-ci, y a-t-il des dispositions concernant leur capacit\u00e9 d\u2019intervention en cas d\u2019urgence? La Ville devrait-elle exiger que des accompagnateurs aient une formation en premiers soins?[\/vc_column_text][\/vc_accordion_tab][vc_accordion_tab title=\u00a0\u00bbL\u2019\u00e9ducation \u00e0 la s\u00e9curit\u00e9\u00a0\u00bb tab_id=\u00a0\u00bb9ce73998-a192-9&Prime;][vc_column_text]Les \u00e9coles, les CPE et plusieurs organisations de jeunes peuvent initier les enfants \u00e0 certains aspects plus sp\u00e9cifiques de la s\u00e9curit\u00e9 dans les parcs o\u00f9 ils jouent. On peut installer des dispositifs d\u2019animation \u00e0 cet effet, o\u00f9 l\u2019on pr\u00e9sente de fa\u00e7on amusante les principales consignes de s\u00e9curit\u00e9, ou encore profiter de programmes municipaux comme les camps de jour pour inciter les enfants \u00e0 se responsabiliser \u00e0 l\u2019\u00e9gard de leur propre s\u00e9curit\u00e9.<\/p>\n<p>R\u00e9f\u00e9rence\u00a0: Union des municipalit\u00e9s du Qu\u00e9bec, <a href=\"https:\/\/www.researchgate.net\/publication\/319276902_Guide_des_meilleures_pratiques_pour_un_amenagement_securitaire_dans_les_municipalites\" target=\"_blank\" rel=\"noopener\"><em>Ma ville en toute confiance \u2013 Guide des meilleures pratiques pour un am\u00e9nagement s\u00e9curitaire destin\u00e9 aux municipalit\u00e9s et \u00e0 leurs partenaires<\/em><\/a>, 2009, 28 pages[\/vc_column_text][\/vc_accordion_tab][\/vc_accordion][vc_empty_space empty_h=\u00a0\u00bb2&Prime;][vc_column_text]Novembre 2024[\/vc_column_text][\/vc_column][\/vc_row][vc_row row_height_percent=\u00a0\u00bb0&Prime; override_padding=\u00a0\u00bbyes\u00a0\u00bb h_padding=\u00a0\u00bb2&Prime; top_padding=\u00a0\u00bb2&Prime; bottom_padding=\u00a0\u00bb2&Prime; overlay_alpha=\u00a0\u00bb50&Prime; gutter_size=\u00a0\u00bb3&Prime; shift_y=\u00a0\u00bb0&Prime;][vc_column column_width_use_pixel=\u00a0\u00bbyes\u00a0\u00bb gutter_size=\u00a0\u00bb2&Prime; overlay_alpha=\u00a0\u00bb50&Prime; shift_x=\u00a0\u00bb0&Prime; shift_y=\u00a0\u00bb0&Prime; z_index=\u00a0\u00bb0&Prime; medium_width=\u00a0\u00bb0&Prime; width=\u00a0\u00bb1\/1&Prime; column_width_pixel=\u00a0\u00bb800&Prime;][vc_button button_color=\u00a0\u00bbaccent\u00a0\u00bb size=\u00a0\u00bbbtn-lg\u00a0\u00bb radius=\u00a0\u00bbbtn-circle\u00a0\u00bb border_width=\u00a0\u00bb0&Prime; icon_position=\u00a0\u00bbright\u00a0\u00bb link=\u00a0\u00bburl:https%3A%2F%2Fwww.guides-sports-loisirs.ca%2Fprojetespaces%2Fwp-content%2Fuploads%2Fsites%2F8%2F2024%2F11%2F3.3_CondSucces_Securite.pdf||target:%20_blank|\u00a0\u00bb icon=\u00a0\u00bbfa fa-file-o\u00a0\u00bb]Version PDF[\/vc_button][\/vc_column][\/vc_row]<\/p>\n<\/div>","protected":false},"excerpt":{"rendered":"<p>[vc_row row_height_percent=\u00a0\u00bb0&Prime; override_padding=\u00a0\u00bbyes\u00a0\u00bb h_padding=\u00a0\u00bb2&Prime; top_padding=\u00a0\u00bb3&Prime; bottom_padding=\u00a0\u00bb2&Prime; overlay_alpha=\u00a0\u00bb50&Prime; gutter_size=\u00a0\u00bb3&Prime; shift_y=\u00a0\u00bb0&Prime;][vc_column column_width_use_pixel=\u00a0\u00bbyes\u00a0\u00bb gutter_size=\u00a0\u00bb3&Prime; overlay_alpha=\u00a0\u00bb50&Prime; shift_x=\u00a0\u00bb0&Prime; shift_y=\u00a0\u00bb0&Prime; z_index=\u00a0\u00bb0&Prime; medium_width=\u00a0\u00bb0&Prime; width=\u00a0\u00bb1\/1&Prime; column_width_pixel=\u00a0\u00bb800&Prime;][vc_column_text]La s\u00e9curit\u00e9 est [&hellip;]<\/p>\n","protected":false},"author":11,"featured_media":0,"parent":205,"menu_order":0,"comment_status":"closed","ping_status":"closed","template":"","meta":{"_acf_changed":false,"footnotes":""},"class_list":["post-245","page","type-page","status-publish","hentry"],"acf":[],"yoast_head":"<!-- This site is optimized with the Yoast SEO plugin v27.4 - https:\/\/yoast.com\/product\/yoast-seo-wordpress\/ -->\n<title>La s\u00e9curit\u00e9 - Projet Espaces<\/title>\n<meta name=\"robots\" content=\"index, follow, max-snippet:-1, max-image-preview:large, max-video-preview:-1\" \/>\n<link rel=\"canonical\" href=\"https:\/\/www.guides-sports-loisirs.ca\/projetespaces\/conditions-succes\/la-securite\/\" \/>\n<meta property=\"og:locale\" content=\"fr_FR\" \/>\n<meta property=\"og:type\" content=\"article\" \/>\n<meta property=\"og:title\" content=\"La s\u00e9curit\u00e9 - Projet Espaces\" \/>\n<meta property=\"og:description\" content=\"[vc_row row_height_percent=\u00a0\u00bb0&Prime; override_padding=\u00a0\u00bbyes\u00a0\u00bb h_padding=\u00a0\u00bb2&Prime; top_padding=\u00a0\u00bb3&Prime; bottom_padding=\u00a0\u00bb2&Prime; overlay_alpha=\u00a0\u00bb50&Prime; gutter_size=\u00a0\u00bb3&Prime; shift_y=\u00a0\u00bb0&Prime;][vc_column column_width_use_pixel=\u00a0\u00bbyes\u00a0\u00bb gutter_size=\u00a0\u00bb3&Prime; overlay_alpha=\u00a0\u00bb50&Prime; shift_x=\u00a0\u00bb0&Prime; shift_y=\u00a0\u00bb0&Prime; z_index=\u00a0\u00bb0&Prime; medium_width=\u00a0\u00bb0&Prime; width=\u00a0\u00bb1\/1&Prime; column_width_pixel=\u00a0\u00bb800&Prime;][vc_column_text]La s\u00e9curit\u00e9 est [&hellip;]\" \/>\n<meta property=\"og:url\" content=\"https:\/\/www.guides-sports-loisirs.ca\/projetespaces\/conditions-succes\/la-securite\/\" \/>\n<meta property=\"og:site_name\" content=\"Projet Espaces\" \/>\n<meta property=\"article:modified_time\" content=\"2024-11-06T16:26:07+00:00\" \/>\n<meta name=\"twitter:card\" content=\"summary_large_image\" \/>\n<meta name=\"twitter:label1\" content=\"Dur\u00e9e de lecture estim\u00e9e\" \/>\n\t<meta name=\"twitter:data1\" content=\"8 minutes\" \/>\n<script type=\"application\/ld+json\" class=\"yoast-schema-graph\">{\"@context\":\"https:\\\/\\\/schema.org\",\"@graph\":[{\"@type\":\"WebPage\",\"@id\":\"https:\\\/\\\/www.guides-sports-loisirs.ca\\\/projetespaces\\\/conditions-succes\\\/la-securite\\\/\",\"url\":\"https:\\\/\\\/www.guides-sports-loisirs.ca\\\/projetespaces\\\/conditions-succes\\\/la-securite\\\/\",\"name\":\"La s\u00e9curit\u00e9 - Projet Espaces\",\"isPartOf\":{\"@id\":\"https:\\\/\\\/www.guides-sports-loisirs.ca\\\/projetespaces\\\/#website\"},\"datePublished\":\"2017-05-08T18:54:05+00:00\",\"dateModified\":\"2024-11-06T16:26:07+00:00\",\"breadcrumb\":{\"@id\":\"https:\\\/\\\/www.guides-sports-loisirs.ca\\\/projetespaces\\\/conditions-succes\\\/la-securite\\\/#breadcrumb\"},\"inLanguage\":\"fr-FR\",\"potentialAction\":[{\"@type\":\"ReadAction\",\"target\":[\"https:\\\/\\\/www.guides-sports-loisirs.ca\\\/projetespaces\\\/conditions-succes\\\/la-securite\\\/\"]}]},{\"@type\":\"BreadcrumbList\",\"@id\":\"https:\\\/\\\/www.guides-sports-loisirs.ca\\\/projetespaces\\\/conditions-succes\\\/la-securite\\\/#breadcrumb\",\"itemListElement\":[{\"@type\":\"ListItem\",\"position\":1,\"name\":\"Accueil\",\"item\":\"https:\\\/\\\/www.guides-sports-loisirs.ca\\\/projetespaces\\\/\"},{\"@type\":\"ListItem\",\"position\":2,\"name\":\"Conditions de succ\u00e8s\",\"item\":\"https:\\\/\\\/www.guides-sports-loisirs.ca\\\/projetespaces\\\/conditions-succes\\\/\"},{\"@type\":\"ListItem\",\"position\":3,\"name\":\"La s\u00e9curit\u00e9\"}]},{\"@type\":\"WebSite\",\"@id\":\"https:\\\/\\\/www.guides-sports-loisirs.ca\\\/projetespaces\\\/#website\",\"url\":\"https:\\\/\\\/www.guides-sports-loisirs.ca\\\/projetespaces\\\/\",\"name\":\"Projet Espaces\",\"description\":\"\",\"potentialAction\":[{\"@type\":\"SearchAction\",\"target\":{\"@type\":\"EntryPoint\",\"urlTemplate\":\"https:\\\/\\\/www.guides-sports-loisirs.ca\\\/projetespaces\\\/?s={search_term_string}\"},\"query-input\":{\"@type\":\"PropertyValueSpecification\",\"valueRequired\":true,\"valueName\":\"search_term_string\"}}],\"inLanguage\":\"fr-FR\"}]}<\/script>\n<!-- \/ Yoast SEO plugin. -->","yoast_head_json":{"title":"La s\u00e9curit\u00e9 - Projet Espaces","robots":{"index":"index","follow":"follow","max-snippet":"max-snippet:-1","max-image-preview":"max-image-preview:large","max-video-preview":"max-video-preview:-1"},"canonical":"https:\/\/www.guides-sports-loisirs.ca\/projetespaces\/conditions-succes\/la-securite\/","og_locale":"fr_FR","og_type":"article","og_title":"La s\u00e9curit\u00e9 - Projet Espaces","og_description":"[vc_row row_height_percent=\u00a0\u00bb0&Prime; override_padding=\u00a0\u00bbyes\u00a0\u00bb h_padding=\u00a0\u00bb2&Prime; top_padding=\u00a0\u00bb3&Prime; bottom_padding=\u00a0\u00bb2&Prime; overlay_alpha=\u00a0\u00bb50&Prime; gutter_size=\u00a0\u00bb3&Prime; shift_y=\u00a0\u00bb0&Prime;][vc_column column_width_use_pixel=\u00a0\u00bbyes\u00a0\u00bb gutter_size=\u00a0\u00bb3&Prime; overlay_alpha=\u00a0\u00bb50&Prime; shift_x=\u00a0\u00bb0&Prime; shift_y=\u00a0\u00bb0&Prime; z_index=\u00a0\u00bb0&Prime; medium_width=\u00a0\u00bb0&Prime; width=\u00a0\u00bb1\/1&Prime; column_width_pixel=\u00a0\u00bb800&Prime;][vc_column_text]La s\u00e9curit\u00e9 est [&hellip;]","og_url":"https:\/\/www.guides-sports-loisirs.ca\/projetespaces\/conditions-succes\/la-securite\/","og_site_name":"Projet Espaces","article_modified_time":"2024-11-06T16:26:07+00:00","twitter_card":"summary_large_image","twitter_misc":{"Dur\u00e9e de lecture estim\u00e9e":"8 minutes"},"schema":{"@context":"https:\/\/schema.org","@graph":[{"@type":"WebPage","@id":"https:\/\/www.guides-sports-loisirs.ca\/projetespaces\/conditions-succes\/la-securite\/","url":"https:\/\/www.guides-sports-loisirs.ca\/projetespaces\/conditions-succes\/la-securite\/","name":"La s\u00e9curit\u00e9 - Projet Espaces","isPartOf":{"@id":"https:\/\/www.guides-sports-loisirs.ca\/projetespaces\/#website"},"datePublished":"2017-05-08T18:54:05+00:00","dateModified":"2024-11-06T16:26:07+00:00","breadcrumb":{"@id":"https:\/\/www.guides-sports-loisirs.ca\/projetespaces\/conditions-succes\/la-securite\/#breadcrumb"},"inLanguage":"fr-FR","potentialAction":[{"@type":"ReadAction","target":["https:\/\/www.guides-sports-loisirs.ca\/projetespaces\/conditions-succes\/la-securite\/"]}]},{"@type":"BreadcrumbList","@id":"https:\/\/www.guides-sports-loisirs.ca\/projetespaces\/conditions-succes\/la-securite\/#breadcrumb","itemListElement":[{"@type":"ListItem","position":1,"name":"Accueil","item":"https:\/\/www.guides-sports-loisirs.ca\/projetespaces\/"},{"@type":"ListItem","position":2,"name":"Conditions de succ\u00e8s","item":"https:\/\/www.guides-sports-loisirs.ca\/projetespaces\/conditions-succes\/"},{"@type":"ListItem","position":3,"name":"La s\u00e9curit\u00e9"}]},{"@type":"WebSite","@id":"https:\/\/www.guides-sports-loisirs.ca\/projetespaces\/#website","url":"https:\/\/www.guides-sports-loisirs.ca\/projetespaces\/","name":"Projet Espaces","description":"","potentialAction":[{"@type":"SearchAction","target":{"@type":"EntryPoint","urlTemplate":"https:\/\/www.guides-sports-loisirs.ca\/projetespaces\/?s={search_term_string}"},"query-input":{"@type":"PropertyValueSpecification","valueRequired":true,"valueName":"search_term_string"}}],"inLanguage":"fr-FR"}]}},"_links":{"self":[{"href":"https:\/\/www.guides-sports-loisirs.ca\/projetespaces\/wp-json\/wp\/v2\/pages\/245","targetHints":{"allow":["GET"]}}],"collection":[{"href":"https:\/\/www.guides-sports-loisirs.ca\/projetespaces\/wp-json\/wp\/v2\/pages"}],"about":[{"href":"https:\/\/www.guides-sports-loisirs.ca\/projetespaces\/wp-json\/wp\/v2\/types\/page"}],"author":[{"embeddable":true,"href":"https:\/\/www.guides-sports-loisirs.ca\/projetespaces\/wp-json\/wp\/v2\/users\/11"}],"replies":[{"embeddable":true,"href":"https:\/\/www.guides-sports-loisirs.ca\/projetespaces\/wp-json\/wp\/v2\/comments?post=245"}],"version-history":[{"count":19,"href":"https:\/\/www.guides-sports-loisirs.ca\/projetespaces\/wp-json\/wp\/v2\/pages\/245\/revisions"}],"predecessor-version":[{"id":2344,"href":"https:\/\/www.guides-sports-loisirs.ca\/projetespaces\/wp-json\/wp\/v2\/pages\/245\/revisions\/2344"}],"up":[{"embeddable":true,"href":"https:\/\/www.guides-sports-loisirs.ca\/projetespaces\/wp-json\/wp\/v2\/pages\/205"}],"wp:attachment":[{"href":"https:\/\/www.guides-sports-loisirs.ca\/projetespaces\/wp-json\/wp\/v2\/media?parent=245"}],"curies":[{"name":"wp","href":"https:\/\/api.w.org\/{rel}","templated":true}]}}