{"id":210,"date":"2017-05-08T14:35:45","date_gmt":"2017-05-08T18:35:45","guid":{"rendered":"https:\/\/www.guides-sports-loisirs.ca\/projetespaces\/?page_id=210"},"modified":"2024-12-11T16:25:19","modified_gmt":"2024-12-11T21:25:19","slug":"parc-lieu-vie","status":"publish","type":"page","link":"https:\/\/www.guides-sports-loisirs.ca\/projetespaces\/conditions-succes\/parc-lieu-vie\/","title":{"rendered":"Le parc lieu de vie"},"content":{"rendered":"<div class=\"wpb-content-wrapper\"><p>[vc_row row_height_percent=\u00a0\u00bb0&Prime; override_padding=\u00a0\u00bbyes\u00a0\u00bb h_padding=\u00a0\u00bb2&Prime; top_padding=\u00a0\u00bb3&Prime; bottom_padding=\u00a0\u00bb2&Prime; overlay_alpha=\u00a0\u00bb50&Prime; gutter_size=\u00a0\u00bb3&Prime; shift_y=\u00a0\u00bb0&Prime;][vc_column column_width_use_pixel=\u00a0\u00bbyes\u00a0\u00bb gutter_size=\u00a0\u00bb3&Prime; overlay_alpha=\u00a0\u00bb50&Prime; shift_x=\u00a0\u00bb0&Prime; shift_y=\u00a0\u00bb0&Prime; z_index=\u00a0\u00bb0&Prime; medium_width=\u00a0\u00bb0&Prime; width=\u00a0\u00bb1\/1&Prime; column_width_pixel=\u00a0\u00bb800&Prime;][vc_column_text]Les parcs devraient \u00eatre consid\u00e9r\u00e9s d\u2019abord comme des lieux de vie pour les communaut\u00e9s environnantes, ils font \u00e0 ce titre partie int\u00e9grante du \u00ab\u00a0milieu de vie\u00a0\u00bb. D\u00e8s leur conception, une multiplicit\u00e9 d\u2019usages et de fonctions peuvent \u00eatre envisag\u00e9s, qui varieront selon le type de parc. Chaque parc est unique et compl\u00e9mentaire. Il doit refl\u00e9ter le milieu et r\u00e9pondre \u00e0 ses besoins.<\/p>\n<p>Mais, quel que soit le type, le parc en tant que lieu de vie devrait aussi r\u00e9pondre aux besoins d\u2019une diversit\u00e9 d\u2019utilisateurs. Il est important de tenir compte des besoins individuels, mais aussi des r\u00e9alit\u00e9s de la vie familiale, des int\u00e9r\u00eats communs, des rapports interg\u00e9n\u00e9rationnels, ainsi que des \u00e9changes interethniques et interculturels.<\/p>\n<p>Le parc comme lieu de vie, c\u2019est aussi une multitude de contextes d\u2019utilisation\u00a0: on y vient pour se d\u00e9tendre, marcher, courir, jouer, faire du sport, faire des rencontres, prendre l\u2019air, s\u2019amuser, assister \u00e0 des spectacles, observer la nature, etc.<\/p>\n<p>En d\u00e9finissant la vocation ou la fonctionnalit\u00e9 dominante d\u2019un parc, on ne perdra pas de vue qu\u2019il devrait garder une certaine polyvalence. Il ne faudrait pas qu\u2019un parc soit per\u00e7u comme le lieu d\u2019une seule sp\u00e9cialit\u00e9 ou ne s\u2019adresse qu\u2019\u00e0 un groupe de population.<\/p>\n<p>Le parc public, c\u2019est ainsi davantage qu\u2019une simple infrastructure de loisir. Son caract\u00e8re de \u00ab\u00a0lieu de vie\u00a0\u00bb ne se limite d\u2019ailleurs pas \u00e0 son potentiel d\u2019animation par les gens ou groupes de population qui le fr\u00e9quentent, c\u2019est aussi un lieu de vie en ce qu\u2019il est vivant par lui-m\u00eame, au sens biologique (flore et faune). En tant qu\u2019environnement naturel, le parc permet d\u2019offrir \u00e0 ses usagers des exp\u00e9riences saines de contact avec la nature, tout particuli\u00e8rement aux enfants, toujours avides de d\u00e9couvertes.<\/p>\n<p>&nbsp;<\/p>\n<p>Novembre 2018[\/vc_column_text][\/vc_column][\/vc_row][vc_row row_height_percent=\u00a0\u00bb0&Prime; override_padding=\u00a0\u00bbyes\u00a0\u00bb h_padding=\u00a0\u00bb2&Prime; top_padding=\u00a0\u00bb2&Prime; bottom_padding=\u00a0\u00bb2&Prime; overlay_alpha=\u00a0\u00bb50&Prime; gutter_size=\u00a0\u00bb3&Prime; shift_y=\u00a0\u00bb0&Prime;][vc_column column_width_use_pixel=\u00a0\u00bbyes\u00a0\u00bb gutter_size=\u00a0\u00bb2&Prime; overlay_alpha=\u00a0\u00bb50&Prime; shift_x=\u00a0\u00bb0&Prime; shift_y=\u00a0\u00bb0&Prime; z_index=\u00a0\u00bb0&Prime; medium_width=\u00a0\u00bb0&Prime; width=\u00a0\u00bb1\/1&Prime; column_width_pixel=\u00a0\u00bb800&Prime;][vc_button button_color=\u00a0\u00bbaccent\u00a0\u00bb size=\u00a0\u00bbbtn-lg\u00a0\u00bb radius=\u00a0\u00bbbtn-circle\u00a0\u00bb border_width=\u00a0\u00bb0&Prime; icon_position=\u00a0\u00bbright\u00a0\u00bb link=\u00a0\u00bburl:https%3A%2F%2Fwww.guides-sports-loisirs.ca%2Fprojetespaces%2Fwp-content%2Fuploads%2Fsites%2F8%2F2024%2F11%2F3.1_CondSucces_ParcLieuDeVie.pdf||target:%20_blank|\u00a0\u00bb icon=\u00a0\u00bbfa fa-file-o\u00a0\u00bb]Version PDF[\/vc_button][\/vc_column][\/vc_row]<\/p>\n<\/div>","protected":false},"excerpt":{"rendered":"<p>[vc_row row_height_percent=\u00a0\u00bb0&Prime; override_padding=\u00a0\u00bbyes\u00a0\u00bb h_padding=\u00a0\u00bb2&Prime; top_padding=\u00a0\u00bb3&Prime; bottom_padding=\u00a0\u00bb2&Prime; overlay_alpha=\u00a0\u00bb50&Prime; gutter_size=\u00a0\u00bb3&Prime; shift_y=\u00a0\u00bb0&Prime;][vc_column column_width_use_pixel=\u00a0\u00bbyes\u00a0\u00bb gutter_size=\u00a0\u00bb3&Prime; overlay_alpha=\u00a0\u00bb50&Prime; shift_x=\u00a0\u00bb0&Prime; shift_y=\u00a0\u00bb0&Prime; z_index=\u00a0\u00bb0&Prime; medium_width=\u00a0\u00bb0&Prime; width=\u00a0\u00bb1\/1&Prime; column_width_pixel=\u00a0\u00bb800&Prime;][vc_column_text]Les parcs devraient [&hellip;]<\/p>\n","protected":false},"author":11,"featured_media":0,"parent":205,"menu_order":0,"comment_status":"closed","ping_status":"closed","template":"","meta":{"_acf_changed":false,"footnotes":""},"class_list":["post-210","page","type-page","status-publish","hentry"],"acf":[],"yoast_head":"<!-- This site is optimized with the Yoast SEO plugin v27.4 - https:\/\/yoast.com\/product\/yoast-seo-wordpress\/ -->\n<title>Le parc lieu de vie - Projet Espaces<\/title>\n<meta name=\"description\" content=\"Le parc public, c\u2019est davantage qu\u2019une simple infrastructure de loisir. Un parc peut et doit avoir plusieurs vocations.\" \/>\n<meta name=\"robots\" content=\"index, follow, max-snippet:-1, max-image-preview:large, max-video-preview:-1\" \/>\n<link rel=\"canonical\" href=\"https:\/\/www.guides-sports-loisirs.ca\/projetespaces\/conditions-succes\/parc-lieu-vie\/\" \/>\n<meta property=\"og:locale\" content=\"fr_FR\" \/>\n<meta property=\"og:type\" content=\"article\" \/>\n<meta property=\"og:title\" content=\"Le parc lieu de vie - Projet Espaces\" \/>\n<meta property=\"og:description\" content=\"Le parc public, c\u2019est davantage qu\u2019une simple infrastructure de loisir. Un parc peut et doit avoir plusieurs vocations.\" \/>\n<meta property=\"og:url\" content=\"https:\/\/www.guides-sports-loisirs.ca\/projetespaces\/conditions-succes\/parc-lieu-vie\/\" \/>\n<meta property=\"og:site_name\" content=\"Projet Espaces\" \/>\n<meta property=\"article:modified_time\" content=\"2024-12-11T21:25:19+00:00\" \/>\n<meta name=\"twitter:card\" content=\"summary_large_image\" \/>\n<meta name=\"twitter:label1\" content=\"Dur\u00e9e de lecture estim\u00e9e\" \/>\n\t<meta name=\"twitter:data1\" content=\"2 minutes\" \/>\n<script type=\"application\/ld+json\" class=\"yoast-schema-graph\">{\"@context\":\"https:\\\/\\\/schema.org\",\"@graph\":[{\"@type\":\"WebPage\",\"@id\":\"https:\\\/\\\/www.guides-sports-loisirs.ca\\\/projetespaces\\\/conditions-succes\\\/parc-lieu-vie\\\/\",\"url\":\"https:\\\/\\\/www.guides-sports-loisirs.ca\\\/projetespaces\\\/conditions-succes\\\/parc-lieu-vie\\\/\",\"name\":\"Le parc lieu de vie - Projet Espaces\",\"isPartOf\":{\"@id\":\"https:\\\/\\\/www.guides-sports-loisirs.ca\\\/projetespaces\\\/#website\"},\"datePublished\":\"2017-05-08T18:35:45+00:00\",\"dateModified\":\"2024-12-11T21:25:19+00:00\",\"description\":\"Le parc public, c\u2019est davantage qu\u2019une simple infrastructure de loisir. Un parc peut et doit avoir plusieurs vocations.\",\"breadcrumb\":{\"@id\":\"https:\\\/\\\/www.guides-sports-loisirs.ca\\\/projetespaces\\\/conditions-succes\\\/parc-lieu-vie\\\/#breadcrumb\"},\"inLanguage\":\"fr-FR\",\"potentialAction\":[{\"@type\":\"ReadAction\",\"target\":[\"https:\\\/\\\/www.guides-sports-loisirs.ca\\\/projetespaces\\\/conditions-succes\\\/parc-lieu-vie\\\/\"]}]},{\"@type\":\"BreadcrumbList\",\"@id\":\"https:\\\/\\\/www.guides-sports-loisirs.ca\\\/projetespaces\\\/conditions-succes\\\/parc-lieu-vie\\\/#breadcrumb\",\"itemListElement\":[{\"@type\":\"ListItem\",\"position\":1,\"name\":\"Accueil\",\"item\":\"https:\\\/\\\/www.guides-sports-loisirs.ca\\\/projetespaces\\\/\"},{\"@type\":\"ListItem\",\"position\":2,\"name\":\"Conditions de succ\u00e8s\",\"item\":\"https:\\\/\\\/www.guides-sports-loisirs.ca\\\/projetespaces\\\/conditions-succes\\\/\"},{\"@type\":\"ListItem\",\"position\":3,\"name\":\"Le parc lieu de vie\"}]},{\"@type\":\"WebSite\",\"@id\":\"https:\\\/\\\/www.guides-sports-loisirs.ca\\\/projetespaces\\\/#website\",\"url\":\"https:\\\/\\\/www.guides-sports-loisirs.ca\\\/projetespaces\\\/\",\"name\":\"Projet Espaces\",\"description\":\"\",\"potentialAction\":[{\"@type\":\"SearchAction\",\"target\":{\"@type\":\"EntryPoint\",\"urlTemplate\":\"https:\\\/\\\/www.guides-sports-loisirs.ca\\\/projetespaces\\\/?s={search_term_string}\"},\"query-input\":{\"@type\":\"PropertyValueSpecification\",\"valueRequired\":true,\"valueName\":\"search_term_string\"}}],\"inLanguage\":\"fr-FR\"}]}<\/script>\n<!-- \/ Yoast SEO plugin. -->","yoast_head_json":{"title":"Le parc lieu de vie - Projet Espaces","description":"Le parc public, c\u2019est davantage qu\u2019une simple infrastructure de loisir. Un parc peut et doit avoir plusieurs vocations.","robots":{"index":"index","follow":"follow","max-snippet":"max-snippet:-1","max-image-preview":"max-image-preview:large","max-video-preview":"max-video-preview:-1"},"canonical":"https:\/\/www.guides-sports-loisirs.ca\/projetespaces\/conditions-succes\/parc-lieu-vie\/","og_locale":"fr_FR","og_type":"article","og_title":"Le parc lieu de vie - Projet Espaces","og_description":"Le parc public, c\u2019est davantage qu\u2019une simple infrastructure de loisir. Un parc peut et doit avoir plusieurs vocations.","og_url":"https:\/\/www.guides-sports-loisirs.ca\/projetespaces\/conditions-succes\/parc-lieu-vie\/","og_site_name":"Projet Espaces","article_modified_time":"2024-12-11T21:25:19+00:00","twitter_card":"summary_large_image","twitter_misc":{"Dur\u00e9e de lecture estim\u00e9e":"2 minutes"},"schema":{"@context":"https:\/\/schema.org","@graph":[{"@type":"WebPage","@id":"https:\/\/www.guides-sports-loisirs.ca\/projetespaces\/conditions-succes\/parc-lieu-vie\/","url":"https:\/\/www.guides-sports-loisirs.ca\/projetespaces\/conditions-succes\/parc-lieu-vie\/","name":"Le parc lieu de vie - Projet Espaces","isPartOf":{"@id":"https:\/\/www.guides-sports-loisirs.ca\/projetespaces\/#website"},"datePublished":"2017-05-08T18:35:45+00:00","dateModified":"2024-12-11T21:25:19+00:00","description":"Le parc public, c\u2019est davantage qu\u2019une simple infrastructure de loisir. Un parc peut et doit avoir plusieurs vocations.","breadcrumb":{"@id":"https:\/\/www.guides-sports-loisirs.ca\/projetespaces\/conditions-succes\/parc-lieu-vie\/#breadcrumb"},"inLanguage":"fr-FR","potentialAction":[{"@type":"ReadAction","target":["https:\/\/www.guides-sports-loisirs.ca\/projetespaces\/conditions-succes\/parc-lieu-vie\/"]}]},{"@type":"BreadcrumbList","@id":"https:\/\/www.guides-sports-loisirs.ca\/projetespaces\/conditions-succes\/parc-lieu-vie\/#breadcrumb","itemListElement":[{"@type":"ListItem","position":1,"name":"Accueil","item":"https:\/\/www.guides-sports-loisirs.ca\/projetespaces\/"},{"@type":"ListItem","position":2,"name":"Conditions de succ\u00e8s","item":"https:\/\/www.guides-sports-loisirs.ca\/projetespaces\/conditions-succes\/"},{"@type":"ListItem","position":3,"name":"Le parc lieu de vie"}]},{"@type":"WebSite","@id":"https:\/\/www.guides-sports-loisirs.ca\/projetespaces\/#website","url":"https:\/\/www.guides-sports-loisirs.ca\/projetespaces\/","name":"Projet Espaces","description":"","potentialAction":[{"@type":"SearchAction","target":{"@type":"EntryPoint","urlTemplate":"https:\/\/www.guides-sports-loisirs.ca\/projetespaces\/?s={search_term_string}"},"query-input":{"@type":"PropertyValueSpecification","valueRequired":true,"valueName":"search_term_string"}}],"inLanguage":"fr-FR"}]}},"_links":{"self":[{"href":"https:\/\/www.guides-sports-loisirs.ca\/projetespaces\/wp-json\/wp\/v2\/pages\/210","targetHints":{"allow":["GET"]}}],"collection":[{"href":"https:\/\/www.guides-sports-loisirs.ca\/projetespaces\/wp-json\/wp\/v2\/pages"}],"about":[{"href":"https:\/\/www.guides-sports-loisirs.ca\/projetespaces\/wp-json\/wp\/v2\/types\/page"}],"author":[{"embeddable":true,"href":"https:\/\/www.guides-sports-loisirs.ca\/projetespaces\/wp-json\/wp\/v2\/users\/11"}],"replies":[{"embeddable":true,"href":"https:\/\/www.guides-sports-loisirs.ca\/projetespaces\/wp-json\/wp\/v2\/comments?post=210"}],"version-history":[{"count":40,"href":"https:\/\/www.guides-sports-loisirs.ca\/projetespaces\/wp-json\/wp\/v2\/pages\/210\/revisions"}],"predecessor-version":[{"id":2288,"href":"https:\/\/www.guides-sports-loisirs.ca\/projetespaces\/wp-json\/wp\/v2\/pages\/210\/revisions\/2288"}],"up":[{"embeddable":true,"href":"https:\/\/www.guides-sports-loisirs.ca\/projetespaces\/wp-json\/wp\/v2\/pages\/205"}],"wp:attachment":[{"href":"https:\/\/www.guides-sports-loisirs.ca\/projetespaces\/wp-json\/wp\/v2\/media?parent=210"}],"curies":[{"name":"wp","href":"https:\/\/api.w.org\/{rel}","templated":true}]}}