{"id":1109,"date":"2018-12-11T11:52:18","date_gmt":"2018-12-11T16:52:18","guid":{"rendered":"https:\/\/www.guides-sports-loisirs.ca\/projetespaces\/?page_id=1109"},"modified":"2024-11-06T10:58:23","modified_gmt":"2024-11-06T15:58:23","slug":"accessibilite-universelle-aire-jeu","status":"publish","type":"page","link":"https:\/\/www.guides-sports-loisirs.ca\/projetespaces\/espaces-jeu-enfants\/accessibilite-universelle-aire-jeu\/","title":{"rendered":"Accessibilit\u00e9 universelle et aire de jeu"},"content":{"rendered":"<div class=\"wpb-content-wrapper\"><p>[vc_row row_height_percent=\u00a0\u00bb0&Prime; override_padding=\u00a0\u00bbyes\u00a0\u00bb h_padding=\u00a0\u00bb2&Prime; top_padding=\u00a0\u00bb3&Prime; bottom_padding=\u00a0\u00bb2&Prime; overlay_alpha=\u00a0\u00bb50&Prime; gutter_size=\u00a0\u00bb3&Prime; shift_y=\u00a0\u00bb0&Prime;][vc_column column_width_use_pixel=\u00a0\u00bbyes\u00a0\u00bb gutter_size=\u00a0\u00bb3&Prime; overlay_alpha=\u00a0\u00bb50&Prime; shift_x=\u00a0\u00bb0&Prime; shift_y=\u00a0\u00bb0&Prime; z_index=\u00a0\u00bb0&Prime; medium_width=\u00a0\u00bb0&Prime; width=\u00a0\u00bb1\/1&Prime; column_width_pixel=\u00a0\u00bb800&Prime;][vc_column_text]<em><strong>Extrait d\u2019un article paru dans Agora Forum, vol. 37 no\u00a03, automne\u00a02014, p. 31, sous la signature de Sylvie Melsbach, directrice technique de l\u2019Institut qu\u00e9b\u00e9cois de la s\u00e9curit\u00e9 dans les aires de jeu. La version pr\u00e9sent\u00e9e ici a \u00e9t\u00e9 revue et corrig\u00e9e.<\/strong><\/em><\/p>\n<p>Les espaces de jeu pour enfants dans les parcs publics repr\u00e9sentent une probl\u00e9matique particuli\u00e8re en mati\u00e8re d\u2019accessibilit\u00e9 universelle. Ces espaces sont g\u00e9n\u00e9ralement am\u00e9nag\u00e9s de fa\u00e7on extr\u00eamement vari\u00e9e et offrent toutes sortes d\u2019\u00e9quipements. Et il faut noter que les enfants sont de toutes tailles et ont des capacit\u00e9s diverses.<\/p>\n<p>Les gestionnaires d\u2019espaces de jeu doivent tout d\u2019abord concilier les imp\u00e9ratifs de s\u00e9curit\u00e9 avec la prise de risques que comporte n\u00e9cessairement la pratique libre et qui est fondamentale dans le d\u00e9veloppement de tout enfant. Mais, dans un souci d\u2019accessibilit\u00e9, ils doivent permettre \u00e0 chaque enfant, quelle que soit sa condition, de faire ses propres exp\u00e9riences et de relever ses propres d\u00e9fis dans les \u00e9quipements de jeu qui sont offerts \u00e0 tous.<\/p>\n<p><strong>L\u2019ANNEXE H DE LA NORME CAN\/CSA\u00a0Z614<\/strong><\/p>\n<p>Note\u00a0: Les exigences des lignes directrices mentionn\u00e9es ci-dessous peuvent n\u00e9cessiter certains investissements, mais l\u2019am\u00e9nagement d\u2019un terrain de jeu accessible co\u00fbte habituellement moins cher au stade de la conception et du d\u00e9veloppement. R\u00e9am\u00e9nager une aire de jeux pour la rendre accessible apr\u00e8s coup risque de co\u00fbter plus cher.<\/p>\n<p>En 2007, l\u2019Association canadienne de normalisation (CSA) a ajout\u00e9 une annexe \u00e0 la norme CAN\/CSA\u00a0Z614 Aires et \u00e9quipements de jeu pour introduire des lignes directrices relatives a\u0300 l\u2019accessibilit\u00e9 universelle. C\u2019est l\u2019Annexe H, intitul\u00e9e Aires et e\u0301quipements de jeu accessibles aux personnes ayant un handicap.<\/p>\n<p>On y parle abondamment de \u00ab\u00a0composantes\u00a0\u00bb de jeu. Or, qu\u2019est-ce qu\u2019une composante de jeu? C\u2019est un \u00e9l\u00e9ment con\u00e7u pour g\u00e9n\u00e9rer des opportunit\u00e9s sp\u00e9cifiques pour le jeu, la socialisation et l\u2019apprentissage. Les composantes de jeu peuvent \u00eatre fabriqu\u00e9es ou naturelles et peuvent \u00eatre une unit\u00e9 autonome ou faire partie d\u2019une structure de jeu combin\u00e9e.<\/p>\n<p>Il y a plusieurs types de composantes de jeu, qui offrent ainsi des exp\u00e9riences de jeu cr\u00e9atif\/cognitif, social, physique et de d\u00e9tente.<\/p>\n<ul>\n<li>Dans une aire de jeu accessible contenant des composantes de jeu au sol (dont l\u2019acc\u00e8s est au niveau du sol), au moins une des composantes de chaque type de jeu doit se trouver sur un chemin accessible.<\/li>\n<li>Une aire de jeu accessible contenant des composantes de jeu sur\u00e9lev\u00e9es (situ\u00e9e \u00e0 un niveau plus ou moins \u00e9lev\u00e9 et qui font partie d\u2019une structure combin\u00e9e) doit aussi avoir des composantes de jeu au sol, \u00e0 moins qu\u2019au moins 50\u00a0% des composantes de jeu sur\u00e9lev\u00e9es soient reli\u00e9es par une rampe et qu\u2019au moins trois des composantes de jeu sur\u00e9lev\u00e9es reli\u00e9es par une rampe soient de types diff\u00e9rents.<\/li>\n<li>Lorsque plus d\u2019une composante de jeu au sol est requise sur une voie accessible, les composantes de jeu doivent \u00eatre int\u00e9gr\u00e9es. Les concepteurs doivent consid\u00e9rer le placement optimal des composantes de jeu au sol afin de favoriser l\u2019interaction et la socialisation entre tous les enfants. Le fait de regrouper dans un seul emplacement toutes les composantes de jeu au sol qui sont accessibles aux enfants ayant un handicap ne constitue pas une mesure d\u2019int\u00e9gration.<\/li>\n<\/ul>\n<p>Enfin, l\u2019Annexe H fournit un guide par \u00e9tapes qui permet d\u2019\u00e9valuer une aire de jeu en vue de la rendre conforme aux exigences d\u2019accessibilit\u00e9.<\/p>\n<p><strong>DES SURFACES CONFORMES AUX NORMES<\/strong><\/p>\n<p>D\u2019autres normes s\u2019appliquent aux surfaces dans une perspective d\u2019accessibilit\u00e9 universelle. Voici quelques indications \u00e0 cet \u00e9gard\u00a0:<\/p>\n<ul>\n<li>Les surfaces au sol le long des voies accessibles, les surfaces libres au plancher ou au sol et les espaces de man\u0153uvre doivent \u00eatre conformes a\u0300 la norme ASTM F\u00a01951 de l\u2019American Society for Testing and Materials (Standard Specification pour Determination of Accessibility to Surface Systems Under and Around Playground Equipment). Cette norme \u00e9value l\u2019accessibilit\u00e9 d\u2019une surface en mesurant le degr\u00e9 d\u2019effort que doit faire un individu pour se propulser sur la surface en fauteuil roulant.<\/li>\n<li>Les surfaces accessibles peuvent inclure des mat\u00e9riaux synth\u00e9tiques et de fibres de bois haute performance qui r\u00e9pondent aux exigences de l\u2019ASTM relativement a\u0300 l\u2019accessibilit\u00e9 et la s\u00e9curit\u00e9.<\/li>\n<li>Si elles sont situ\u00e9es a\u0300 l\u2019int\u00e9rieur des zones de surface de protection, les surfaces au sol doivent amortir les chocs et rencontrer les m\u00e9thodes d\u2019inspection sp\u00e9cifi\u00e9es dans les normes ASTM F\u00a01292 et CEN EN 1177 (CSA\u00a0Z614, clause\u00a010).<\/li>\n<li>Les surfaces au sol devraient \u00eatre inspect\u00e9es et entretenues p\u00e9riodiquement et fr\u00e9quemment afin d\u2019assurer qu\u2019elles demeurent conformes a\u0300 la norme ASTM\u00a01951 et, dans le cas des zones munies de surface de protection, la norme CSA\u00a0Z614, clause\u00a010.<\/li>\n<\/ul>\n<p>[\/vc_column_text][vc_empty_space empty_h=\u00a0\u00bb2&Prime;][vc_column_text]Novembre 2018[\/vc_column_text][\/vc_column][\/vc_row][vc_row row_height_percent=\u00a0\u00bb0&Prime; override_padding=\u00a0\u00bbyes\u00a0\u00bb h_padding=\u00a0\u00bb2&Prime; top_padding=\u00a0\u00bb2&Prime; bottom_padding=\u00a0\u00bb2&Prime; overlay_alpha=\u00a0\u00bb50&Prime; gutter_size=\u00a0\u00bb3&Prime; shift_y=\u00a0\u00bb0&Prime;][vc_column column_width_use_pixel=\u00a0\u00bbyes\u00a0\u00bb gutter_size=\u00a0\u00bb2&Prime; overlay_alpha=\u00a0\u00bb50&Prime; shift_x=\u00a0\u00bb0&Prime; shift_y=\u00a0\u00bb0&Prime; z_index=\u00a0\u00bb0&Prime; medium_width=\u00a0\u00bb0&Prime; width=\u00a0\u00bb1\/1&Prime; column_width_pixel=\u00a0\u00bb800&Prime;][vc_button button_color=\u00a0\u00bbaccent\u00a0\u00bb size=\u00a0\u00bbbtn-lg\u00a0\u00bb radius=\u00a0\u00bbbtn-circle\u00a0\u00bb border_width=\u00a0\u00bb0&Prime; icon_position=\u00a0\u00bbright\u00a0\u00bb link=\u00a0\u00bburl:https%3A%2F%2Fwww.guides-sports-loisirs.ca%2Fprojetespaces%2Fwp-content%2Fuploads%2Fsites%2F8%2F2024%2F11%2F7.9_JeuEnfants_AccessibiliteUniverselle.pdf||target:%20_blank|\u00a0\u00bb icon=\u00a0\u00bbfa fa-file-o\u00a0\u00bb]Version PDF[\/vc_button][\/vc_column][\/vc_row]<\/p>\n<\/div>","protected":false},"excerpt":{"rendered":"<p>[vc_row row_height_percent=\u00a0\u00bb0&Prime; override_padding=\u00a0\u00bbyes\u00a0\u00bb h_padding=\u00a0\u00bb2&Prime; top_padding=\u00a0\u00bb3&Prime; bottom_padding=\u00a0\u00bb2&Prime; overlay_alpha=\u00a0\u00bb50&Prime; gutter_size=\u00a0\u00bb3&Prime; shift_y=\u00a0\u00bb0&Prime;][vc_column column_width_use_pixel=\u00a0\u00bbyes\u00a0\u00bb gutter_size=\u00a0\u00bb3&Prime; overlay_alpha=\u00a0\u00bb50&Prime; shift_x=\u00a0\u00bb0&Prime; shift_y=\u00a0\u00bb0&Prime; z_index=\u00a0\u00bb0&Prime; medium_width=\u00a0\u00bb0&Prime; width=\u00a0\u00bb1\/1&Prime; column_width_pixel=\u00a0\u00bb800&Prime;][vc_column_text]Extrait d\u2019un article [&hellip;]<\/p>\n","protected":false},"author":11,"featured_media":0,"parent":801,"menu_order":0,"comment_status":"closed","ping_status":"closed","template":"","meta":{"_acf_changed":false,"footnotes":""},"class_list":["post-1109","page","type-page","status-publish","hentry"],"acf":[],"yoast_head":"<!-- This site is optimized with the Yoast SEO plugin v27.4 - https:\/\/yoast.com\/product\/yoast-seo-wordpress\/ -->\n<title>Accessibilit\u00e9 universelle et aire de jeu - Projet Espaces<\/title>\n<meta name=\"robots\" content=\"index, follow, max-snippet:-1, max-image-preview:large, max-video-preview:-1\" \/>\n<link rel=\"canonical\" href=\"https:\/\/www.guides-sports-loisirs.ca\/projetespaces\/espaces-jeu-enfants\/accessibilite-universelle-aire-jeu\/\" \/>\n<meta property=\"og:locale\" content=\"fr_FR\" \/>\n<meta property=\"og:type\" content=\"article\" \/>\n<meta property=\"og:title\" content=\"Accessibilit\u00e9 universelle et aire de jeu - Projet Espaces\" \/>\n<meta property=\"og:description\" content=\"[vc_row row_height_percent=\u00a0\u00bb0&Prime; override_padding=\u00a0\u00bbyes\u00a0\u00bb h_padding=\u00a0\u00bb2&Prime; top_padding=\u00a0\u00bb3&Prime; bottom_padding=\u00a0\u00bb2&Prime; overlay_alpha=\u00a0\u00bb50&Prime; gutter_size=\u00a0\u00bb3&Prime; shift_y=\u00a0\u00bb0&Prime;][vc_column column_width_use_pixel=\u00a0\u00bbyes\u00a0\u00bb gutter_size=\u00a0\u00bb3&Prime; overlay_alpha=\u00a0\u00bb50&Prime; shift_x=\u00a0\u00bb0&Prime; shift_y=\u00a0\u00bb0&Prime; z_index=\u00a0\u00bb0&Prime; medium_width=\u00a0\u00bb0&Prime; width=\u00a0\u00bb1\/1&Prime; column_width_pixel=\u00a0\u00bb800&Prime;][vc_column_text]Extrait d\u2019un article [&hellip;]\" \/>\n<meta property=\"og:url\" content=\"https:\/\/www.guides-sports-loisirs.ca\/projetespaces\/espaces-jeu-enfants\/accessibilite-universelle-aire-jeu\/\" \/>\n<meta property=\"og:site_name\" content=\"Projet Espaces\" \/>\n<meta property=\"article:modified_time\" content=\"2024-11-06T15:58:23+00:00\" \/>\n<meta name=\"twitter:card\" content=\"summary_large_image\" \/>\n<meta name=\"twitter:label1\" content=\"Dur\u00e9e de lecture estim\u00e9e\" \/>\n\t<meta name=\"twitter:data1\" content=\"5 minutes\" \/>\n<script type=\"application\/ld+json\" class=\"yoast-schema-graph\">{\"@context\":\"https:\\\/\\\/schema.org\",\"@graph\":[{\"@type\":\"WebPage\",\"@id\":\"https:\\\/\\\/www.guides-sports-loisirs.ca\\\/projetespaces\\\/espaces-jeu-enfants\\\/accessibilite-universelle-aire-jeu\\\/\",\"url\":\"https:\\\/\\\/www.guides-sports-loisirs.ca\\\/projetespaces\\\/espaces-jeu-enfants\\\/accessibilite-universelle-aire-jeu\\\/\",\"name\":\"Accessibilit\u00e9 universelle et aire de jeu - Projet Espaces\",\"isPartOf\":{\"@id\":\"https:\\\/\\\/www.guides-sports-loisirs.ca\\\/projetespaces\\\/#website\"},\"datePublished\":\"2018-12-11T16:52:18+00:00\",\"dateModified\":\"2024-11-06T15:58:23+00:00\",\"breadcrumb\":{\"@id\":\"https:\\\/\\\/www.guides-sports-loisirs.ca\\\/projetespaces\\\/espaces-jeu-enfants\\\/accessibilite-universelle-aire-jeu\\\/#breadcrumb\"},\"inLanguage\":\"fr-FR\",\"potentialAction\":[{\"@type\":\"ReadAction\",\"target\":[\"https:\\\/\\\/www.guides-sports-loisirs.ca\\\/projetespaces\\\/espaces-jeu-enfants\\\/accessibilite-universelle-aire-jeu\\\/\"]}]},{\"@type\":\"BreadcrumbList\",\"@id\":\"https:\\\/\\\/www.guides-sports-loisirs.ca\\\/projetespaces\\\/espaces-jeu-enfants\\\/accessibilite-universelle-aire-jeu\\\/#breadcrumb\",\"itemListElement\":[{\"@type\":\"ListItem\",\"position\":1,\"name\":\"Accueil\",\"item\":\"https:\\\/\\\/www.guides-sports-loisirs.ca\\\/projetespaces\\\/\"},{\"@type\":\"ListItem\",\"position\":2,\"name\":\"Espaces de jeu pour enfants\",\"item\":\"https:\\\/\\\/www.guides-sports-loisirs.ca\\\/projetespaces\\\/espaces-jeu-enfants\\\/\"},{\"@type\":\"ListItem\",\"position\":3,\"name\":\"Accessibilit\u00e9 universelle et aire de jeu\"}]},{\"@type\":\"WebSite\",\"@id\":\"https:\\\/\\\/www.guides-sports-loisirs.ca\\\/projetespaces\\\/#website\",\"url\":\"https:\\\/\\\/www.guides-sports-loisirs.ca\\\/projetespaces\\\/\",\"name\":\"Projet Espaces\",\"description\":\"\",\"potentialAction\":[{\"@type\":\"SearchAction\",\"target\":{\"@type\":\"EntryPoint\",\"urlTemplate\":\"https:\\\/\\\/www.guides-sports-loisirs.ca\\\/projetespaces\\\/?s={search_term_string}\"},\"query-input\":{\"@type\":\"PropertyValueSpecification\",\"valueRequired\":true,\"valueName\":\"search_term_string\"}}],\"inLanguage\":\"fr-FR\"}]}<\/script>\n<!-- \/ Yoast SEO plugin. -->","yoast_head_json":{"title":"Accessibilit\u00e9 universelle et aire de jeu - Projet Espaces","robots":{"index":"index","follow":"follow","max-snippet":"max-snippet:-1","max-image-preview":"max-image-preview:large","max-video-preview":"max-video-preview:-1"},"canonical":"https:\/\/www.guides-sports-loisirs.ca\/projetespaces\/espaces-jeu-enfants\/accessibilite-universelle-aire-jeu\/","og_locale":"fr_FR","og_type":"article","og_title":"Accessibilit\u00e9 universelle et aire de jeu - Projet Espaces","og_description":"[vc_row row_height_percent=\u00a0\u00bb0&Prime; override_padding=\u00a0\u00bbyes\u00a0\u00bb h_padding=\u00a0\u00bb2&Prime; top_padding=\u00a0\u00bb3&Prime; bottom_padding=\u00a0\u00bb2&Prime; overlay_alpha=\u00a0\u00bb50&Prime; gutter_size=\u00a0\u00bb3&Prime; shift_y=\u00a0\u00bb0&Prime;][vc_column column_width_use_pixel=\u00a0\u00bbyes\u00a0\u00bb gutter_size=\u00a0\u00bb3&Prime; overlay_alpha=\u00a0\u00bb50&Prime; shift_x=\u00a0\u00bb0&Prime; shift_y=\u00a0\u00bb0&Prime; z_index=\u00a0\u00bb0&Prime; medium_width=\u00a0\u00bb0&Prime; width=\u00a0\u00bb1\/1&Prime; column_width_pixel=\u00a0\u00bb800&Prime;][vc_column_text]Extrait d\u2019un article [&hellip;]","og_url":"https:\/\/www.guides-sports-loisirs.ca\/projetespaces\/espaces-jeu-enfants\/accessibilite-universelle-aire-jeu\/","og_site_name":"Projet Espaces","article_modified_time":"2024-11-06T15:58:23+00:00","twitter_card":"summary_large_image","twitter_misc":{"Dur\u00e9e de lecture estim\u00e9e":"5 minutes"},"schema":{"@context":"https:\/\/schema.org","@graph":[{"@type":"WebPage","@id":"https:\/\/www.guides-sports-loisirs.ca\/projetespaces\/espaces-jeu-enfants\/accessibilite-universelle-aire-jeu\/","url":"https:\/\/www.guides-sports-loisirs.ca\/projetespaces\/espaces-jeu-enfants\/accessibilite-universelle-aire-jeu\/","name":"Accessibilit\u00e9 universelle et aire de jeu - Projet Espaces","isPartOf":{"@id":"https:\/\/www.guides-sports-loisirs.ca\/projetespaces\/#website"},"datePublished":"2018-12-11T16:52:18+00:00","dateModified":"2024-11-06T15:58:23+00:00","breadcrumb":{"@id":"https:\/\/www.guides-sports-loisirs.ca\/projetespaces\/espaces-jeu-enfants\/accessibilite-universelle-aire-jeu\/#breadcrumb"},"inLanguage":"fr-FR","potentialAction":[{"@type":"ReadAction","target":["https:\/\/www.guides-sports-loisirs.ca\/projetespaces\/espaces-jeu-enfants\/accessibilite-universelle-aire-jeu\/"]}]},{"@type":"BreadcrumbList","@id":"https:\/\/www.guides-sports-loisirs.ca\/projetespaces\/espaces-jeu-enfants\/accessibilite-universelle-aire-jeu\/#breadcrumb","itemListElement":[{"@type":"ListItem","position":1,"name":"Accueil","item":"https:\/\/www.guides-sports-loisirs.ca\/projetespaces\/"},{"@type":"ListItem","position":2,"name":"Espaces de jeu pour enfants","item":"https:\/\/www.guides-sports-loisirs.ca\/projetespaces\/espaces-jeu-enfants\/"},{"@type":"ListItem","position":3,"name":"Accessibilit\u00e9 universelle et aire de jeu"}]},{"@type":"WebSite","@id":"https:\/\/www.guides-sports-loisirs.ca\/projetespaces\/#website","url":"https:\/\/www.guides-sports-loisirs.ca\/projetespaces\/","name":"Projet Espaces","description":"","potentialAction":[{"@type":"SearchAction","target":{"@type":"EntryPoint","urlTemplate":"https:\/\/www.guides-sports-loisirs.ca\/projetespaces\/?s={search_term_string}"},"query-input":{"@type":"PropertyValueSpecification","valueRequired":true,"valueName":"search_term_string"}}],"inLanguage":"fr-FR"}]}},"_links":{"self":[{"href":"https:\/\/www.guides-sports-loisirs.ca\/projetespaces\/wp-json\/wp\/v2\/pages\/1109","targetHints":{"allow":["GET"]}}],"collection":[{"href":"https:\/\/www.guides-sports-loisirs.ca\/projetespaces\/wp-json\/wp\/v2\/pages"}],"about":[{"href":"https:\/\/www.guides-sports-loisirs.ca\/projetespaces\/wp-json\/wp\/v2\/types\/page"}],"author":[{"embeddable":true,"href":"https:\/\/www.guides-sports-loisirs.ca\/projetespaces\/wp-json\/wp\/v2\/users\/11"}],"replies":[{"embeddable":true,"href":"https:\/\/www.guides-sports-loisirs.ca\/projetespaces\/wp-json\/wp\/v2\/comments?post=1109"}],"version-history":[{"count":6,"href":"https:\/\/www.guides-sports-loisirs.ca\/projetespaces\/wp-json\/wp\/v2\/pages\/1109\/revisions"}],"predecessor-version":[{"id":2333,"href":"https:\/\/www.guides-sports-loisirs.ca\/projetespaces\/wp-json\/wp\/v2\/pages\/1109\/revisions\/2333"}],"up":[{"embeddable":true,"href":"https:\/\/www.guides-sports-loisirs.ca\/projetespaces\/wp-json\/wp\/v2\/pages\/801"}],"wp:attachment":[{"href":"https:\/\/www.guides-sports-loisirs.ca\/projetespaces\/wp-json\/wp\/v2\/media?parent=1109"}],"curies":[{"name":"wp","href":"https:\/\/api.w.org\/{rel}","templated":true}]}}