{"id":861,"date":"2018-05-10T15:05:51","date_gmt":"2018-05-10T19:05:51","guid":{"rendered":"https:\/\/www.guides-sports-loisirs.ca\/patinoires\/?page_id=861"},"modified":"2018-06-04T12:42:25","modified_gmt":"2018-06-04T16:42:25","slug":"appareils-mecaniques-autoportes","status":"publish","type":"page","link":"https:\/\/www.guides-sports-loisirs.ca\/patinoires\/outillage\/appareils-mecaniques-autoportes\/","title":{"rendered":"Appareils m\u00e9caniques autoport\u00e9s"},"content":{"rendered":"<div class=\"wpb-content-wrapper\"><p>[vc_row row_height_percent=\u00a0\u00bb0&Prime; override_padding=\u00a0\u00bbyes\u00a0\u00bb h_padding=\u00a0\u00bb2&Prime; top_padding=\u00a0\u00bb2&Prime; bottom_padding=\u00a0\u00bb2&Prime; overlay_alpha=\u00a0\u00bb50&Prime; gutter_size=\u00a0\u00bb3&Prime; shift_y=\u00a0\u00bb0&Prime;][vc_column column_width_use_pixel=\u00a0\u00bbyes\u00a0\u00bb overlay_alpha=\u00a0\u00bb50&Prime; gutter_size=\u00a0\u00bb2&Prime; medium_width=\u00a0\u00bb0&Prime; shift_x=\u00a0\u00bb0&Prime; shift_y=\u00a0\u00bb0&Prime; z_index=\u00a0\u00bb0&Prime; width=\u00a0\u00bb1\/1&Prime; column_width_pixel=\u00a0\u00bb800&Prime;][vc_column_text]Ce type d\u2019appareils offre des possibilit\u00e9s accrues en mati\u00e8re aussi bien de productivit\u00e9 que de qualit\u00e9 du travail. Les co\u00fbts d\u2019acquisition et d\u2019entretien de ces appareils repr\u00e9sentent une part importante des budgets d\u2019am\u00e9nagement et surtout d\u2019entretien des patinoires ext\u00e9rieures.<\/p>\n<p>Les projets d\u2019envergure peuvent se voir octroyer des sommes permettant de se munir d\u2019un outillage sp\u00e9cialis\u00e9, par exemple une surfaceuse autoport\u00e9e du type de celles qu\u2019on utilise dans les ar\u00e9nas. Ces appareils ne sont con\u00e7us que pour le travail d\u2019entretien des patinoires. Ils conviennent \u00e0 des patinoires ext\u00e9rieures situ\u00e9es \u00e0 proximit\u00e9 (quelques m\u00e8tres) d\u2019une installation int\u00e9grant le remisage de l\u2019appareil et son approvisionnement en eau. En outre, cette eau peut \u00eatre trait\u00e9e pour pouvoir optimiser la qualit\u00e9 de fabrication de la glace. Mais en pratique, seules les patinoires de prestige ou qui se situent dans l\u2019entourage d\u2019un ar\u00e9na peuvent tirer profit des avantages offerts par ces engins.<\/p>\n<p>L\u2019avantage d\u2019une surfaceuse autoport\u00e9e est qu\u2019elle peut effectuer en une seule op\u00e9ration le nettoyage de la glace, son rasage et le ramassage de ses rognures, et coiffer le tout d\u2019un arrosage. De plus, les r\u00e9glages permettent une pr\u00e9cision d\u2019intervention qu\u2019un op\u00e9rateur de tracteur de ferme muni des accessoires usuels destin\u00e9s \u00e0 l\u2019entretien des patinoires ext\u00e9rieures serait incapable d\u2019atteindre.<\/p>\n<p>Si les co\u00fbts d\u2019op\u00e9ration d\u2019une surfaceuse utilis\u00e9e en ar\u00e9na s\u2019\u00e9talent sur plusieurs mois sinon sur l\u2019ann\u00e9e enti\u00e8re, un tel v\u00e9hicule \u00e0 l\u2019\u0153uvre seulement une douzaine de semaines \u00e0 l\u2019ext\u00e9rieur repr\u00e9senterait un investissement insens\u00e9 pour une collectivit\u00e9 publique. C\u2019est pourquoi il est profitable de se tourner vers des types d\u2019appareils polyvalents qui peuvent servir toute l\u2019ann\u00e9e.<\/p>\n<p>Les performances d\u2019un appareil \u00e0 la fine pointe de la technologie peuvent se trouver \u00e0 la port\u00e9e des op\u00e9rateurs d\u2019appareils motoris\u00e9s moins sophistiqu\u00e9s et m\u00eame des travailleurs manuels s\u2019ils d\u00e9veloppent le savoir-faire appropri\u00e9.<\/p>\n<p>La strat\u00e9gie consiste \u00e0 partager les op\u00e9rations multiples et simultan\u00e9es d\u2019un \u00e9quipement sp\u00e9cialis\u00e9 en op\u00e9rations distinctes. Ainsi, le nettoyage peut s\u2019effectuer au moyen d\u2019une brosse. Le rasage et le ramassage des d\u00e9bris appartiennent \u00e0 la surfaceuse sur tracteur. M\u00eame si ce type de surfaceuse est parfois \u00e9quip\u00e9 d\u2019un r\u00e9servoir d\u2019arrosage, il faut comprendre que la technologie de pareil engin date du si\u00e8cle dernier, \u00e0 une \u00e9poque o\u00f9 ce genre d\u2019appareil \u00e9tait employ\u00e9 dans certains ar\u00e9nas du Qu\u00e9bec. De nos jours, l\u2019arrosage peut \u00eatre effectu\u00e9 par un pulv\u00e9risateur agricole avec des r\u00e9sultats \u00e9tonnants. L\u2019arrosage m\u00e9canique des patinoires ext\u00e9rieures n\u2019en est cependant qu\u2019\u00e0 ses d\u00e9buts\u00a0: cette op\u00e9ration s\u2019effectue le plus souvent manuellement.<\/p>\n<p>Voici un tour d\u2019horizon des appareils les plus pertinents.[\/vc_column_text][vc_accordion][vc_accordion_tab title=\u00a0\u00bbTracteur de ferme\u00a0\u00bb][vc_single_image media=\u00a0\u00bb765&Prime; media_width_percent=\u00a0\u00bb100&Prime;][vc_column_text]Le tracteur de ferme est le plus polyvalent des appareils usuels. Cette polyvalence s\u2019illustre par la panoplie d\u2019accessoires que l\u2019on peut y greffer. Qu\u2019ils soient \u00e0 entra\u00eenement m\u00e9canique (par prise de force) ou hydraulique, les tracteurs accueillent ces accessoires avec souplesse. La puissance qu\u2019un tracteur de ferme peut g\u00e9n\u00e9rer s\u2019\u00e9tale sur un large spectre, offrant la possibilit\u00e9 de choisir l\u2019intervalle qui r\u00e9pond \u00e0 des besoins sp\u00e9cifiques.<\/p>\n<p>L\u2019\u00e9ventail des besoins variant dans le cas des patinoires ext\u00e9rieures, il est ardu de d\u00e9finir la combinaison puissance\/accessoires id\u00e9ale ou de recommander une combinaison universelle. La diversit\u00e9 des options offertes sur le march\u00e9 permet toutefois d\u2019optimiser le choix de cet assemblage selon les besoins \u00e0 la fois g\u00e9n\u00e9raux et sp\u00e9cifiques. Il importe cependant de toujours choisir (quelle que soit la puissance de l\u2019engin) l\u2019option de traction \u00e0 quatre roues motrices.<\/p>\n<p>Voici quelques observations pour trois niveaux de puissance. Pour chaque niveau, l\u2019\u00e9cart peut \u00eatre de +\/- 10\u00a0ch.<\/p>\n<p>&nbsp;<\/p>\n<p><strong>60\u00a0ch[1]<\/strong><\/p>\n<p>Un appareil \u00e9quip\u00e9 d\u2019un moteur d\u2019une puissance approximative de 60\u00a0ch entre dans la cat\u00e9gorie des tracteurs compacts. C\u2019est une puissance minimale pour le fonctionnement d\u2019accessoires comme la surfaceuse, la souffleuse \u00e0 neige et la brosse rotative. Le march\u00e9 offre des tracteurs moins puissants adapt\u00e9s \u00e0 des accessoires plus petits, mais cette gamme d\u2019appareils r\u00e9pond davantage \u00e0 des besoins particuliers, diff\u00e9rents des travaux sur les voies publiques.<\/p>\n<p>Ce genre de tracteur laisse entrevoir ses limites \u00e0 l\u2019occasion de chutes de neige importantes (30\u00a0cm). Si le surfa\u00e7age de la glace, le brossage ou l\u2019arrosage m\u00e9canique ne posent aucun probl\u00e8me, le d\u00e9neigement au moyen d\u2019une gratte ou d\u2019une souffleuse est plus ardu. En outre, le d\u00e9gagement au sol de ce type d\u2019appareil est plus faible que celui des gammes plus puissantes. La possibilit\u00e9 de s\u2019embourber dans la neige est donc plus grande.<\/p>\n<p>L\u2019atout principal de ce type de tracteur pour l\u2019entretien de patinoires de hockey r\u00e9side dans son faible encombrement et son rayon de braquage r\u00e9duit. Cette gamme est tr\u00e8s r\u00e9pandue et offre \u00e0 peu de choses pr\u00e8s les avantages des mod\u00e8les plus puissants.<\/p>\n<hr \/>\n<p><strong>Les + et les \u2013\u00a0<\/strong><\/p>\n<p><strong>+\u00a0:\u00a0<\/strong> Co\u00fbt d\u2019acquisition, convient bien aux patinoires de hockey, faible encombrement, facile \u00e0 conduire (sp\u00e9cialement les mod\u00e8les \u00e9quip\u00e9s d\u2019une transmission hydrostatique)<\/p>\n<p><strong>\u2013\u00a0\u00a0:<\/strong> Puissance limit\u00e9e pour le d\u00e9neigement, faible d\u00e9gagement au sol, capacit\u00e9 de chargement r\u00e9duite (en utilisation hors-saison).<\/p>\n<hr \/>\n<p>&nbsp;<\/p>\n<p><strong>80\u00a0ch<\/strong><\/p>\n<p>Cette gamme est la championne de la polyvalence. Ces tracteurs peuvent \u00eatre \u00e9quip\u00e9s d\u2019accessoires capables d\u2019affronter la neige en grande quantit\u00e9 tout en \u00e9tant assez mall\u00e9ables pour effectuer le travail pr\u00e9cis de finition sur la glace. Leurs d\u00e9placements ne posent aucun probl\u00e8me. Une option de port sur\u00e9lev\u00e9 facilite les man\u0153uvres dans la neige abondante.<\/p>\n<p>La polyvalence de ces appareils se manifeste aussi hors-saison. Leur capacit\u00e9 de chargement conjugu\u00e9e \u00e0 la dimension convenable de leur godet ainsi que leur masse r\u00e9duite r\u00e9duisant la compaction du sol en font des appareils de choix pour effectuer des travaux horticoles, telle la r\u00e9fection de zones gazonn\u00e9es appel\u00e9es \u00e0 servir de support aux patinoires l\u2019hiver venu.<\/p>\n<hr \/>\n<p><strong>Les + et les \u2013\u00a0<\/strong><\/p>\n<p><strong>+\u00a0:\u00a0<\/strong> Polyvalence toute l\u2019ann\u00e9e durant, puissance supportant la plupart des op\u00e9rations de d\u00e9neigement, panoplie d\u2019accessoires adapt\u00e9s<\/p>\n<p><strong>\u2013\u00a0\u00a0:\u00a0<\/strong> Angles de braquage sur patinoires de hockey (si \u00e9quip\u00e9 d\u2019accessoires frontaux), charge admissible sur plans d\u2019eau<\/p>\n<hr \/>\n<p>&nbsp;<\/p>\n<p><strong>100\u00a0ch<\/strong><\/p>\n<p>Ces appareils de puissance d\u00e9ploient surtout leurs qualit\u00e9s dans les op\u00e9rations de d\u00e9neigement. Moins utiles sur les patinoires de hockey, ils conviennent \u00e0 l\u2019am\u00e9nagement de patinoires de dimensions appr\u00e9ciables. Les aires de stationnement qui y sont souvent attenantes b\u00e9n\u00e9ficient de leur rapidit\u00e9 d\u2019intervention. La puissance des accessoires qui y sont install\u00e9s permet d\u2019effectuer des travaux hors temp\u00eate (par exemple, d\u00e9gager les amas de neige des zones de d\u00e9p\u00f4t) difficilement r\u00e9alisables avec des appareils moins puissants. Ces tracteurs manifestent leur polyvalence par leur capacit\u00e9 de s\u2019int\u00e9grer aux op\u00e9rations de d\u00e9neigement sur la voie publique.<\/p>\n<hr \/>\n<p><strong>Les + et les \u2013<\/strong><\/p>\n<p><strong>+\u00a0:\u00a0<\/strong> Puissance supportant les op\u00e9rations de d\u00e9neigement les plus diverses<\/p>\n<p><strong>\u2013\u00a0\u00a0:\u00a0<\/strong> Angles de braquage sur patinoires de hockey, charge admissible sur plans d\u2019eau, co\u00fbt d\u2019acquisition \u00e9lev\u00e9, polyvalence limit\u00e9e<\/p>\n<hr \/>\n<p><em>[1] ch = cheval-vapeur; en anglais HP (Horse Power).<\/em>[\/vc_column_text][\/vc_accordion_tab][vc_accordion_tab title=\u00a0\u00bbTondeuse autoport\u00e9e\u00a0\u00bb][vc_single_image media=\u00a0\u00bb767&Prime; media_width_percent=\u00a0\u00bb100&Prime;][vc_column_text]Ces appareils ont fait leur apparition au milieu des ann\u00e9es\u00a01980 et ont vite accapar\u00e9 tout un pan du march\u00e9, aussi bien r\u00e9sidentiel qu\u2019institutionnel. Comme pour les tracteurs de ferme, on peut y greffer une vari\u00e9t\u00e9 d\u2019accessoires et ainsi les utiliser \u00e0 l\u2019ann\u00e9e. Quoique moins puissants que les tracteurs de ferme et moins flexibles pour alimenter les outils hydrauliques, leur facilit\u00e9 de conduite se traduit par une agilit\u00e9 d\u2019ex\u00e9cution qui leur permet de se glisser dans les endroits les plus exigus. Leur aisance \u00e0 travailler dans les zones adjacentes aux patinoires \u00e9pargne un temps pr\u00e9cieux et de nombreux efforts de travail manuel.<\/p>\n<p>La circulation sur la voie publique leur est cependant interdite faute d\u2019immatriculation. Leurs d\u00e9placements se font donc sur remorque. Ce handicap perturbe grandement leur agilit\u00e9 l\u00e9gendaire quand les voies de circulation sont enneig\u00e9es. C\u2019est pourquoi on privil\u00e9gie leur utilisation dans les grands parcs ou les centres de plein air o\u00f9 elles peuvent servir toute l\u2019ann\u00e9e.<\/p>\n<hr \/>\n<p><strong>Les + et les &#8211;\u00a0:<\/strong><\/p>\n<p><strong>+\u00a0:\u00a0<\/strong> Polyvalence toute l\u2019ann\u00e9e durant, simplicit\u00e9 et agilit\u00e9 d\u2019ex\u00e9cution, co\u00fbt d\u2019acquisition faible<\/p>\n<p><strong>\u2013\u00a0:\u00a0<\/strong> Transport restreint sur voie publique, puissance limit\u00e9e[\/vc_column_text][\/vc_accordion_tab][vc_accordion_tab title=\u00a0\u00bbChargeuse articul\u00e9e sur roues\u00a0\u00bb][vc_single_image media=\u00a0\u00bb768&Prime; media_width_percent=\u00a0\u00bb100&Prime;][vc_column_text]Les appareils de cette cat\u00e9gorie circulent en grande partie sur les trottoirs en hiver. Ils repr\u00e9sentent la parfaite alliance entre l\u2019agilit\u00e9 et la puissance, comparable au tracteur de 60\u00a0ch. Ils s\u2019intercalent entre les deux types d\u2019appareils pr\u00e9c\u00e9dents, empruntant des qualit\u00e9s \u00e0 chacun. Toutefois, leurs interventions sur une glace de patinoire se limitent \u00e0 deux op\u00e9rations\u00a0: le d\u00e9neigement et le brossage.<\/p>\n<p>Sur une patinoire de hockey, leur conception articul\u00e9e les rend imbattables en raison de leur rapidit\u00e9 d\u2019ex\u00e9cution. Cependant, leur forme compacte et la charge importante qui en d\u00e9coule, appliqu\u00e9e sur la surface de glace, exigent de cette derni\u00e8re une excellente capacit\u00e9 portante.<\/p>\n<p>\u00c0 l\u2019instar des tracteurs de 100\u00a0ch, les chargeuses articul\u00e9es sur roues sont polyvalentes\u00a0: elles peuvent servir sur la voie publique et la robustesse des accessoires hydrauliques qui s\u2019y rattachent les pr\u00e9destine aux travaux de construction en saison morte.<\/p>\n<hr \/>\n<p><strong>Les + et les &#8211;\u00a0:<\/strong><\/p>\n<p><strong>+\u00a0: <\/strong>Polyvalence toute l\u2019ann\u00e9e durant, simplicit\u00e9, puissance et agilit\u00e9 d\u2019ex\u00e9cution, performance imbattable sur patinoires de hockey, robustesse des accessoires, circulation sur la voie publique<\/p>\n<p><strong>\u2013\u00a0: <\/strong>Applications limit\u00e9es (peu d\u2019accessoires adapt\u00e9s) sur patinoire, co\u00fbt d\u2019acquisition \u00e9lev\u00e9[\/vc_column_text][\/vc_accordion_tab][vc_accordion_tab title=\u00a0\u00bbCamionnette 4&#215;4&Prime;][vc_column_text]\u00c9quip\u00e9e d\u2019un chasse-neige, la camionnette 4 x 4 a longtemps \u00e9t\u00e9 consid\u00e9r\u00e9e comme l\u2019engin le plus apte \u00e0 d\u00e9neiger les patinoires. Mais comme son manque de puissance est trop souvent compens\u00e9 par une vitesse d\u2019op\u00e9ration excessive qui la fait buter plus souvent qu\u2019\u00e0 son tour sur la bande, on s\u2019en sert de moins en moins pour l\u2019entretien des patinoires. Sa difficult\u00e9 \u00e0 tourner et son encombrement en ont \u00e9galement fait un outil obsol\u00e8te.[\/vc_column_text][\/vc_accordion_tab][vc_accordion_tab title=\u00a0\u00bbCamion-citerne\u00a0\u00bb][vc_single_image media=\u00a0\u00bb769&Prime; media_width_percent=\u00a0\u00bb100&Prime;][vc_column_text]Cet engin co\u00fbteux est tr\u00e8s utile aux op\u00e9rations d\u2019arrosage sur plusieurs patinoires. Il limite surtout les man\u0153uvres d\u2019assemblage et de remisage des tuyaux. Et certains emplacements \u00e9loign\u00e9s d\u2019une source d\u2019alimentation en eau ne pourraient subsister autrement.<\/p>\n<p>Ses co\u00fbts \u00e9lev\u00e9s d\u2019acquisition et d\u2019entretien peuvent \u00eatre consid\u00e9r\u00e9s comme un investissement justifiable si on l\u2019utilise hors-saison pour l\u2019arrosage des v\u00e9g\u00e9taux ou le nettoyage des chauss\u00e9es.<\/p>\n<p>La possibilit\u00e9 d\u2019y installer un dispositif d\u2019arrosage m\u00e9canique est s\u00e9duisante, mais la difficult\u00e9 d\u2019en contr\u00f4ler le d\u00e9bit l\u2019exp\u00e9die sur les lignes de c\u00f4t\u00e9 quand vient le temps d\u2019appliquer un arrosage de pr\u00e9cision.<\/p>\n<hr \/>\n<p><strong>Les + et les &#8211;\u00a0:<\/strong><\/p>\n<p><strong>+\u00a0: <\/strong>Polyvalence toute l\u2019ann\u00e9e durant, mobilit\u00e9 et facilit\u00e9 de l\u2019arrosage<\/p>\n<p><strong>\u2013\u00a0: <\/strong>Co\u00fbts d\u2019acquisition et d\u2019entretien[\/vc_column_text][\/vc_accordion_tab][\/vc_accordion][vc_button button_color=\u00a0\u00bbaccent\u00a0\u00bb size=\u00a0\u00bbbtn-lg\u00a0\u00bb radius=\u00a0\u00bbbtn-circle\u00a0\u00bb icon_position=\u00a0\u00bbright\u00a0\u00bb link=\u00a0\u00bburl:http%3A%2F%2Fwww.guides-sports-loisirs.ca%2Fpatinoires%2Fwp-content%2Fuploads%2Fsites%2F3%2F2017%2F03%2FGIS_Outillage_AppareilsMecaAutoportes.pdf||target:%20_blank|\u00a0\u00bb icon=\u00a0\u00bbfa fa-file-o\u00a0\u00bb]Version PDF[\/vc_button][\/vc_column][\/vc_row]<\/p>\n<\/div>","protected":false},"excerpt":{"rendered":"<p>[vc_row row_height_percent=\u00a0\u00bb0&Prime; override_padding=\u00a0\u00bbyes\u00a0\u00bb h_padding=\u00a0\u00bb2&Prime; top_padding=\u00a0\u00bb2&Prime; bottom_padding=\u00a0\u00bb2&Prime; overlay_alpha=\u00a0\u00bb50&Prime; gutter_size=\u00a0\u00bb3&Prime; shift_y=\u00a0\u00bb0&Prime;][vc_column column_width_use_pixel=\u00a0\u00bbyes\u00a0\u00bb overlay_alpha=\u00a0\u00bb50&Prime; gutter_size=\u00a0\u00bb2&Prime; medium_width=\u00a0\u00bb0&Prime; shift_x=\u00a0\u00bb0&Prime; shift_y=\u00a0\u00bb0&Prime; z_index=\u00a0\u00bb0&Prime; width=\u00a0\u00bb1\/1&Prime; column_width_pixel=\u00a0\u00bb800&Prime;][vc_column_text]Ce type d\u2019appareils [&hellip;]<\/p>\n","protected":false},"author":11,"featured_media":0,"parent":855,"menu_order":0,"comment_status":"closed","ping_status":"closed","template":"","meta":{"_acf_changed":false,"footnotes":""},"class_list":["post-861","page","type-page","status-publish","hentry"],"acf":[],"yoast_head":"<!-- This site is optimized with the Yoast SEO plugin v27.2 - https:\/\/yoast.com\/product\/yoast-seo-wordpress\/ -->\n<title>Appareils m\u00e9caniques autoport\u00e9s - Patinoires ext\u00e9rieures<\/title>\n<meta name=\"robots\" content=\"index, follow, max-snippet:-1, max-image-preview:large, max-video-preview:-1\" \/>\n<link rel=\"canonical\" href=\"https:\/\/www.guides-sports-loisirs.ca\/patinoires\/outillage\/appareils-mecaniques-autoportes\/\" \/>\n<meta property=\"og:locale\" content=\"fr_FR\" \/>\n<meta property=\"og:type\" content=\"article\" \/>\n<meta property=\"og:title\" content=\"Appareils m\u00e9caniques autoport\u00e9s - Patinoires ext\u00e9rieures\" \/>\n<meta property=\"og:description\" content=\"[vc_row row_height_percent=\u00a0\u00bb0&Prime; override_padding=\u00a0\u00bbyes\u00a0\u00bb h_padding=\u00a0\u00bb2&Prime; top_padding=\u00a0\u00bb2&Prime; bottom_padding=\u00a0\u00bb2&Prime; overlay_alpha=\u00a0\u00bb50&Prime; gutter_size=\u00a0\u00bb3&Prime; shift_y=\u00a0\u00bb0&Prime;][vc_column column_width_use_pixel=\u00a0\u00bbyes\u00a0\u00bb overlay_alpha=\u00a0\u00bb50&Prime; gutter_size=\u00a0\u00bb2&Prime; medium_width=\u00a0\u00bb0&Prime; shift_x=\u00a0\u00bb0&Prime; shift_y=\u00a0\u00bb0&Prime; z_index=\u00a0\u00bb0&Prime; width=\u00a0\u00bb1\/1&Prime; column_width_pixel=\u00a0\u00bb800&Prime;][vc_column_text]Ce type d\u2019appareils [&hellip;]\" \/>\n<meta property=\"og:url\" content=\"https:\/\/www.guides-sports-loisirs.ca\/patinoires\/outillage\/appareils-mecaniques-autoportes\/\" \/>\n<meta property=\"og:site_name\" content=\"Patinoires ext\u00e9rieures\" \/>\n<meta property=\"article:modified_time\" content=\"2018-06-04T16:42:25+00:00\" \/>\n<meta name=\"twitter:card\" content=\"summary_large_image\" \/>\n<meta name=\"twitter:label1\" content=\"Dur\u00e9e de lecture estim\u00e9e\" \/>\n\t<meta name=\"twitter:data1\" content=\"10 minutes\" \/>\n<script type=\"application\/ld+json\" class=\"yoast-schema-graph\">{\"@context\":\"https:\/\/schema.org\",\"@graph\":[{\"@type\":\"WebPage\",\"@id\":\"https:\/\/www.guides-sports-loisirs.ca\/patinoires\/outillage\/appareils-mecaniques-autoportes\/\",\"url\":\"https:\/\/www.guides-sports-loisirs.ca\/patinoires\/outillage\/appareils-mecaniques-autoportes\/\",\"name\":\"Appareils m\u00e9caniques autoport\u00e9s - Patinoires ext\u00e9rieures\",\"isPartOf\":{\"@id\":\"https:\/\/www.guides-sports-loisirs.ca\/patinoires\/#website\"},\"datePublished\":\"2018-05-10T19:05:51+00:00\",\"dateModified\":\"2018-06-04T16:42:25+00:00\",\"breadcrumb\":{\"@id\":\"https:\/\/www.guides-sports-loisirs.ca\/patinoires\/outillage\/appareils-mecaniques-autoportes\/#breadcrumb\"},\"inLanguage\":\"fr-FR\",\"potentialAction\":[{\"@type\":\"ReadAction\",\"target\":[\"https:\/\/www.guides-sports-loisirs.ca\/patinoires\/outillage\/appareils-mecaniques-autoportes\/\"]}]},{\"@type\":\"BreadcrumbList\",\"@id\":\"https:\/\/www.guides-sports-loisirs.ca\/patinoires\/outillage\/appareils-mecaniques-autoportes\/#breadcrumb\",\"itemListElement\":[{\"@type\":\"ListItem\",\"position\":1,\"name\":\"Accueil\",\"item\":\"https:\/\/www.guides-sports-loisirs.ca\/patinoires\/\"},{\"@type\":\"ListItem\",\"position\":2,\"name\":\"Outillage\",\"item\":\"https:\/\/www.guides-sports-loisirs.ca\/patinoires\/outillage\/\"},{\"@type\":\"ListItem\",\"position\":3,\"name\":\"Appareils m\u00e9caniques autoport\u00e9s\"}]},{\"@type\":\"WebSite\",\"@id\":\"https:\/\/www.guides-sports-loisirs.ca\/patinoires\/#website\",\"url\":\"https:\/\/www.guides-sports-loisirs.ca\/patinoires\/\",\"name\":\"Patinoires ext\u00e9rieures\",\"description\":\"\",\"potentialAction\":[{\"@type\":\"SearchAction\",\"target\":{\"@type\":\"EntryPoint\",\"urlTemplate\":\"https:\/\/www.guides-sports-loisirs.ca\/patinoires\/?s={search_term_string}\"},\"query-input\":{\"@type\":\"PropertyValueSpecification\",\"valueRequired\":true,\"valueName\":\"search_term_string\"}}],\"inLanguage\":\"fr-FR\"}]}<\/script>\n<!-- \/ Yoast SEO plugin. -->","yoast_head_json":{"title":"Appareils m\u00e9caniques autoport\u00e9s - Patinoires ext\u00e9rieures","robots":{"index":"index","follow":"follow","max-snippet":"max-snippet:-1","max-image-preview":"max-image-preview:large","max-video-preview":"max-video-preview:-1"},"canonical":"https:\/\/www.guides-sports-loisirs.ca\/patinoires\/outillage\/appareils-mecaniques-autoportes\/","og_locale":"fr_FR","og_type":"article","og_title":"Appareils m\u00e9caniques autoport\u00e9s - Patinoires ext\u00e9rieures","og_description":"[vc_row row_height_percent=\u00a0\u00bb0&Prime; override_padding=\u00a0\u00bbyes\u00a0\u00bb h_padding=\u00a0\u00bb2&Prime; top_padding=\u00a0\u00bb2&Prime; bottom_padding=\u00a0\u00bb2&Prime; overlay_alpha=\u00a0\u00bb50&Prime; gutter_size=\u00a0\u00bb3&Prime; shift_y=\u00a0\u00bb0&Prime;][vc_column column_width_use_pixel=\u00a0\u00bbyes\u00a0\u00bb overlay_alpha=\u00a0\u00bb50&Prime; gutter_size=\u00a0\u00bb2&Prime; medium_width=\u00a0\u00bb0&Prime; shift_x=\u00a0\u00bb0&Prime; shift_y=\u00a0\u00bb0&Prime; z_index=\u00a0\u00bb0&Prime; width=\u00a0\u00bb1\/1&Prime; column_width_pixel=\u00a0\u00bb800&Prime;][vc_column_text]Ce type d\u2019appareils [&hellip;]","og_url":"https:\/\/www.guides-sports-loisirs.ca\/patinoires\/outillage\/appareils-mecaniques-autoportes\/","og_site_name":"Patinoires ext\u00e9rieures","article_modified_time":"2018-06-04T16:42:25+00:00","twitter_card":"summary_large_image","twitter_misc":{"Dur\u00e9e de lecture estim\u00e9e":"10 minutes"},"schema":{"@context":"https:\/\/schema.org","@graph":[{"@type":"WebPage","@id":"https:\/\/www.guides-sports-loisirs.ca\/patinoires\/outillage\/appareils-mecaniques-autoportes\/","url":"https:\/\/www.guides-sports-loisirs.ca\/patinoires\/outillage\/appareils-mecaniques-autoportes\/","name":"Appareils m\u00e9caniques autoport\u00e9s - Patinoires ext\u00e9rieures","isPartOf":{"@id":"https:\/\/www.guides-sports-loisirs.ca\/patinoires\/#website"},"datePublished":"2018-05-10T19:05:51+00:00","dateModified":"2018-06-04T16:42:25+00:00","breadcrumb":{"@id":"https:\/\/www.guides-sports-loisirs.ca\/patinoires\/outillage\/appareils-mecaniques-autoportes\/#breadcrumb"},"inLanguage":"fr-FR","potentialAction":[{"@type":"ReadAction","target":["https:\/\/www.guides-sports-loisirs.ca\/patinoires\/outillage\/appareils-mecaniques-autoportes\/"]}]},{"@type":"BreadcrumbList","@id":"https:\/\/www.guides-sports-loisirs.ca\/patinoires\/outillage\/appareils-mecaniques-autoportes\/#breadcrumb","itemListElement":[{"@type":"ListItem","position":1,"name":"Accueil","item":"https:\/\/www.guides-sports-loisirs.ca\/patinoires\/"},{"@type":"ListItem","position":2,"name":"Outillage","item":"https:\/\/www.guides-sports-loisirs.ca\/patinoires\/outillage\/"},{"@type":"ListItem","position":3,"name":"Appareils m\u00e9caniques autoport\u00e9s"}]},{"@type":"WebSite","@id":"https:\/\/www.guides-sports-loisirs.ca\/patinoires\/#website","url":"https:\/\/www.guides-sports-loisirs.ca\/patinoires\/","name":"Patinoires ext\u00e9rieures","description":"","potentialAction":[{"@type":"SearchAction","target":{"@type":"EntryPoint","urlTemplate":"https:\/\/www.guides-sports-loisirs.ca\/patinoires\/?s={search_term_string}"},"query-input":{"@type":"PropertyValueSpecification","valueRequired":true,"valueName":"search_term_string"}}],"inLanguage":"fr-FR"}]}},"_links":{"self":[{"href":"https:\/\/www.guides-sports-loisirs.ca\/patinoires\/wp-json\/wp\/v2\/pages\/861","targetHints":{"allow":["GET"]}}],"collection":[{"href":"https:\/\/www.guides-sports-loisirs.ca\/patinoires\/wp-json\/wp\/v2\/pages"}],"about":[{"href":"https:\/\/www.guides-sports-loisirs.ca\/patinoires\/wp-json\/wp\/v2\/types\/page"}],"author":[{"embeddable":true,"href":"https:\/\/www.guides-sports-loisirs.ca\/patinoires\/wp-json\/wp\/v2\/users\/11"}],"replies":[{"embeddable":true,"href":"https:\/\/www.guides-sports-loisirs.ca\/patinoires\/wp-json\/wp\/v2\/comments?post=861"}],"version-history":[{"count":5,"href":"https:\/\/www.guides-sports-loisirs.ca\/patinoires\/wp-json\/wp\/v2\/pages\/861\/revisions"}],"predecessor-version":[{"id":1092,"href":"https:\/\/www.guides-sports-loisirs.ca\/patinoires\/wp-json\/wp\/v2\/pages\/861\/revisions\/1092"}],"up":[{"embeddable":true,"href":"https:\/\/www.guides-sports-loisirs.ca\/patinoires\/wp-json\/wp\/v2\/pages\/855"}],"wp:attachment":[{"href":"https:\/\/www.guides-sports-loisirs.ca\/patinoires\/wp-json\/wp\/v2\/media?parent=861"}],"curies":[{"name":"wp","href":"https:\/\/api.w.org\/{rel}","templated":true}]}}