{"id":154,"date":"2017-05-05T14:15:43","date_gmt":"2017-05-05T18:15:43","guid":{"rendered":"https:\/\/www.guides-sports-loisirs.ca\/patinoires\/?page_id=154"},"modified":"2018-06-04T12:28:45","modified_gmt":"2018-06-04T16:28:45","slug":"planeite","status":"publish","type":"page","link":"https:\/\/www.guides-sports-loisirs.ca\/patinoires\/parametres-conception-amenagement\/planeite\/","title":{"rendered":"Plan\u00e9it\u00e9"},"content":{"rendered":"<div class=\"wpb-content-wrapper\"><p>[vc_row row_height_percent=\u00a0\u00bb0&Prime; override_padding=\u00a0\u00bbyes\u00a0\u00bb h_padding=\u00a0\u00bb2&Prime; top_padding=\u00a0\u00bb2&Prime; bottom_padding=\u00a0\u00bb2&Prime; overlay_alpha=\u00a0\u00bb50&Prime; gutter_size=\u00a0\u00bb3&Prime; shift_y=\u00a0\u00bb0&Prime;][vc_column column_width_use_pixel=\u00a0\u00bbyes\u00a0\u00bb overlay_alpha=\u00a0\u00bb50&Prime; gutter_size=\u00a0\u00bb2&Prime; medium_width=\u00a0\u00bb0&Prime; shift_x=\u00a0\u00bb0&Prime; shift_y=\u00a0\u00bb0&Prime; z_index=\u00a0\u00bb0&Prime; width=\u00a0\u00bb1\/1&Prime; column_width_pixel=\u00a0\u00bb800&Prime;][vc_column_text]La plan\u00e9it\u00e9 se d\u00e9finit comme le \u00ab\u00a0caract\u00e8re d\u2019une surface plane\u00a0\u00bb. Niveau et horizontalit\u00e9 sont des termes dont le sens est proche, mais plan\u00e9it\u00e9 est plus pr\u00e9cis en terme qualitatif. Ce param\u00e8tre de cr\u00e9ation d\u2019une patinoire est fondamental, conditionnant tous les autres.<\/p>\n<p>La phase de montage d\u2019une patinoire se termine quand la surface glac\u00e9e atteint une \u00e9paisseur qui permet une utilisation r\u00e9p\u00e9t\u00e9e tant par les patineurs que par les employ\u00e9s d\u2019entretien[1]. Cette condition \u00e9quivaut \u00e0 une plan\u00e9it\u00e9 presque parfaite, sans pente ou d\u00e9nivellations visibles. Cette condition repr\u00e9sente l\u2019aboutissement des efforts d\u00e9ploy\u00e9s depuis le premier arrosage et constitue le point de rep\u00e8re qui orientera tout le travail de pr\u00e9servation de cet \u00e9tat.<\/p>\n<p>Le principe de plan\u00e9it\u00e9 est le seul \u00e0 intervenir \u00e0 chaque \u00e9tape de l\u2019am\u00e9nagement d\u2019une patinoire. De la planche \u00e0 dessin jusqu\u2019\u00e0 la fonte d\u00e9finitive de la glace, il est l\u2019assise sur laquelle repose toute solution ou initiative pour rem\u00e9dier \u00e0 un probl\u00e8me et assurer en tout temps un \u00e9quipement de qualit\u00e9 optimale.<\/p>\n<p><strong>La plan\u00e9it\u00e9 favorise\u00a0la rapidit\u00e9 du montage de la patinoire.<\/strong><\/p>\n<ul>\n<li>Une analyse topom\u00e9trique sommaire du support devant accueillir la patinoire permet de d\u00e9celer tout creux \u00e0 combler, bosse \u00e0 raser ou d\u00e9nivellation potentielle \u00e0 corriger. Ces interventions ont avantage \u00e0 \u00eatre effectu\u00e9es avant la saison froide. Le temps d\u00e9volu \u00e0 ces pr\u00e9paratifs fait gagner autant de temps au moment du montage de la patinoire en p\u00e9riode op\u00e9rationnelle. De plus, la surface de niveau facilite l\u2019installation d\u2019une bande ou de toute autre bordure rigide. En effet, le joint form\u00e9 entre ces deux \u00e9l\u00e9ments am\u00e9liorera d\u2019embl\u00e9e l\u2019\u00e9tanch\u00e9it\u00e9 de l\u2019ouvrage. Temps et efforts pr\u00e9cieux sont ici \u00e9pargn\u00e9s.<\/li>\n<li>Le temps d\u00e9volu \u00e0 l\u2019arrosage est r\u00e9duit \u00e0 son minimum.<\/li>\n<\/ul>\n<p><strong>La plan\u00e9it\u00e9 rehausse l\u2019efficacit\u00e9 des op\u00e9rations en phase d\u2019entretien.<\/strong><\/p>\n<ul>\n<li>L\u2019efficacit\u00e9 du grattage est optimis\u00e9e en raison de la surface accrue entre la lame de d\u00e9blaiement et la surface glac\u00e9e.<\/li>\n<li>Le m\u00eame raisonnement s\u2019applique lors de l\u2019op\u00e9ration de rasage par une surfaceuse\u00a0: la plan\u00e9it\u00e9 optimale de la surface r\u00e9duit substantiellement le nombre de passages de l\u2019appareil.<\/li>\n<li>L\u2019op\u00e9ration de brossage profite des m\u00eames avantages.<\/li>\n<\/ul>\n<p><strong>Les op\u00e9rations d\u2019arrosage sont grandement simplifi\u00e9es.<\/strong><\/p>\n<ul>\n<li>Les techniques de pulv\u00e9risation et d\u2019aspersion sont optimis\u00e9es au plus haut point en limitant le d\u00e9placement de l\u2019eau sous la force de gravit\u00e9.<\/li>\n<li>Le haut degr\u00e9 d\u2019efficacit\u00e9 atteint \u00e0 l\u2019\u00e9tape pr\u00e9c\u00e9dente offre une surface potentiellement d\u00e9nu\u00e9e de neige r\u00e9siduelle. Ce dernier facteur est essentiel \u00e0 l\u2019application de fines couches d\u2019eau. Le but premier de l\u2019arrosage est de colmater les br\u00e8ches inflig\u00e9es \u00e0 la glace, lui conservant ainsi sa hauteur optimale et surtout\u2026 sa plan\u00e9it\u00e9.<\/li>\n<\/ul>\n<hr \/>\n<p><em>[1] Il n\u2019y a pas d\u2019\u00e9paisseur minimum mesurable, contrairement \u00e0 ce qui s\u2019applique aux plans d\u2019eau gel\u00e9s.<\/em>[\/vc_column_text][vc_button button_color=\u00a0\u00bbaccent\u00a0\u00bb size=\u00a0\u00bbbtn-lg\u00a0\u00bb radius=\u00a0\u00bbbtn-circle\u00a0\u00bb icon_position=\u00a0\u00bbright\u00a0\u00bb link=\u00a0\u00bburl:http%3A%2F%2Fwww.guides-sports-loisirs.ca%2Fpatinoires%2Fwp-content%2Fuploads%2Fsites%2F3%2F2017%2F03%2FGIS_ConceptionAmenagement_Planeite.pdf||target:%20_blank|\u00a0\u00bb icon=\u00a0\u00bbfa fa-file-o\u00a0\u00bb]Version PDF[\/vc_button][\/vc_column][\/vc_row]<\/p>\n<\/div>","protected":false},"excerpt":{"rendered":"<p>[vc_row row_height_percent=\u00a0\u00bb0&Prime; override_padding=\u00a0\u00bbyes\u00a0\u00bb h_padding=\u00a0\u00bb2&Prime; top_padding=\u00a0\u00bb2&Prime; bottom_padding=\u00a0\u00bb2&Prime; overlay_alpha=\u00a0\u00bb50&Prime; gutter_size=\u00a0\u00bb3&Prime; shift_y=\u00a0\u00bb0&Prime;][vc_column column_width_use_pixel=\u00a0\u00bbyes\u00a0\u00bb overlay_alpha=\u00a0\u00bb50&Prime; gutter_size=\u00a0\u00bb2&Prime; medium_width=\u00a0\u00bb0&Prime; shift_x=\u00a0\u00bb0&Prime; shift_y=\u00a0\u00bb0&Prime; z_index=\u00a0\u00bb0&Prime; width=\u00a0\u00bb1\/1&Prime; column_width_pixel=\u00a0\u00bb800&Prime;][vc_column_text]La plan\u00e9it\u00e9 se [&hellip;]<\/p>\n","protected":false},"author":11,"featured_media":0,"parent":60,"menu_order":0,"comment_status":"closed","ping_status":"closed","template":"","meta":{"_acf_changed":false,"footnotes":""},"class_list":["post-154","page","type-page","status-publish","hentry"],"acf":[],"yoast_head":"<!-- This site is optimized with the Yoast SEO plugin v27.4 - https:\/\/yoast.com\/product\/yoast-seo-wordpress\/ -->\n<title>Plan\u00e9it\u00e9 - Patinoires ext\u00e9rieures<\/title>\n<meta name=\"robots\" content=\"index, follow, max-snippet:-1, max-image-preview:large, max-video-preview:-1\" \/>\n<link rel=\"canonical\" href=\"https:\/\/www.guides-sports-loisirs.ca\/patinoires\/parametres-conception-amenagement\/planeite\/\" \/>\n<meta property=\"og:locale\" content=\"fr_FR\" \/>\n<meta property=\"og:type\" content=\"article\" \/>\n<meta property=\"og:title\" content=\"Plan\u00e9it\u00e9 - Patinoires ext\u00e9rieures\" \/>\n<meta property=\"og:description\" content=\"[vc_row row_height_percent=\u00a0\u00bb0&Prime; override_padding=\u00a0\u00bbyes\u00a0\u00bb h_padding=\u00a0\u00bb2&Prime; top_padding=\u00a0\u00bb2&Prime; bottom_padding=\u00a0\u00bb2&Prime; overlay_alpha=\u00a0\u00bb50&Prime; gutter_size=\u00a0\u00bb3&Prime; shift_y=\u00a0\u00bb0&Prime;][vc_column column_width_use_pixel=\u00a0\u00bbyes\u00a0\u00bb overlay_alpha=\u00a0\u00bb50&Prime; gutter_size=\u00a0\u00bb2&Prime; medium_width=\u00a0\u00bb0&Prime; shift_x=\u00a0\u00bb0&Prime; shift_y=\u00a0\u00bb0&Prime; z_index=\u00a0\u00bb0&Prime; width=\u00a0\u00bb1\/1&Prime; column_width_pixel=\u00a0\u00bb800&Prime;][vc_column_text]La plan\u00e9it\u00e9 se [&hellip;]\" \/>\n<meta property=\"og:url\" content=\"https:\/\/www.guides-sports-loisirs.ca\/patinoires\/parametres-conception-amenagement\/planeite\/\" \/>\n<meta property=\"og:site_name\" content=\"Patinoires ext\u00e9rieures\" \/>\n<meta property=\"article:modified_time\" content=\"2018-06-04T16:28:45+00:00\" \/>\n<meta name=\"twitter:card\" content=\"summary_large_image\" \/>\n<meta name=\"twitter:label1\" content=\"Dur\u00e9e de lecture estim\u00e9e\" \/>\n\t<meta name=\"twitter:data1\" content=\"3 minutes\" \/>\n<script type=\"application\/ld+json\" class=\"yoast-schema-graph\">{\"@context\":\"https:\\\/\\\/schema.org\",\"@graph\":[{\"@type\":\"WebPage\",\"@id\":\"https:\\\/\\\/www.guides-sports-loisirs.ca\\\/patinoires\\\/parametres-conception-amenagement\\\/planeite\\\/\",\"url\":\"https:\\\/\\\/www.guides-sports-loisirs.ca\\\/patinoires\\\/parametres-conception-amenagement\\\/planeite\\\/\",\"name\":\"Plan\u00e9it\u00e9 - Patinoires ext\u00e9rieures\",\"isPartOf\":{\"@id\":\"https:\\\/\\\/www.guides-sports-loisirs.ca\\\/patinoires\\\/#website\"},\"datePublished\":\"2017-05-05T18:15:43+00:00\",\"dateModified\":\"2018-06-04T16:28:45+00:00\",\"breadcrumb\":{\"@id\":\"https:\\\/\\\/www.guides-sports-loisirs.ca\\\/patinoires\\\/parametres-conception-amenagement\\\/planeite\\\/#breadcrumb\"},\"inLanguage\":\"fr-FR\",\"potentialAction\":[{\"@type\":\"ReadAction\",\"target\":[\"https:\\\/\\\/www.guides-sports-loisirs.ca\\\/patinoires\\\/parametres-conception-amenagement\\\/planeite\\\/\"]}]},{\"@type\":\"BreadcrumbList\",\"@id\":\"https:\\\/\\\/www.guides-sports-loisirs.ca\\\/patinoires\\\/parametres-conception-amenagement\\\/planeite\\\/#breadcrumb\",\"itemListElement\":[{\"@type\":\"ListItem\",\"position\":1,\"name\":\"Accueil\",\"item\":\"https:\\\/\\\/www.guides-sports-loisirs.ca\\\/patinoires\\\/\"},{\"@type\":\"ListItem\",\"position\":2,\"name\":\"Param\u00e8tres de conception et d\u2019am\u00e9nagement\",\"item\":\"https:\\\/\\\/www.guides-sports-loisirs.ca\\\/patinoires\\\/parametres-conception-amenagement\\\/\"},{\"@type\":\"ListItem\",\"position\":3,\"name\":\"Plan\u00e9it\u00e9\"}]},{\"@type\":\"WebSite\",\"@id\":\"https:\\\/\\\/www.guides-sports-loisirs.ca\\\/patinoires\\\/#website\",\"url\":\"https:\\\/\\\/www.guides-sports-loisirs.ca\\\/patinoires\\\/\",\"name\":\"Patinoires ext\u00e9rieures\",\"description\":\"\",\"potentialAction\":[{\"@type\":\"SearchAction\",\"target\":{\"@type\":\"EntryPoint\",\"urlTemplate\":\"https:\\\/\\\/www.guides-sports-loisirs.ca\\\/patinoires\\\/?s={search_term_string}\"},\"query-input\":{\"@type\":\"PropertyValueSpecification\",\"valueRequired\":true,\"valueName\":\"search_term_string\"}}],\"inLanguage\":\"fr-FR\"}]}<\/script>\n<!-- \/ Yoast SEO plugin. -->","yoast_head_json":{"title":"Plan\u00e9it\u00e9 - Patinoires ext\u00e9rieures","robots":{"index":"index","follow":"follow","max-snippet":"max-snippet:-1","max-image-preview":"max-image-preview:large","max-video-preview":"max-video-preview:-1"},"canonical":"https:\/\/www.guides-sports-loisirs.ca\/patinoires\/parametres-conception-amenagement\/planeite\/","og_locale":"fr_FR","og_type":"article","og_title":"Plan\u00e9it\u00e9 - Patinoires ext\u00e9rieures","og_description":"[vc_row row_height_percent=\u00a0\u00bb0&Prime; override_padding=\u00a0\u00bbyes\u00a0\u00bb h_padding=\u00a0\u00bb2&Prime; top_padding=\u00a0\u00bb2&Prime; bottom_padding=\u00a0\u00bb2&Prime; overlay_alpha=\u00a0\u00bb50&Prime; gutter_size=\u00a0\u00bb3&Prime; shift_y=\u00a0\u00bb0&Prime;][vc_column column_width_use_pixel=\u00a0\u00bbyes\u00a0\u00bb overlay_alpha=\u00a0\u00bb50&Prime; gutter_size=\u00a0\u00bb2&Prime; medium_width=\u00a0\u00bb0&Prime; shift_x=\u00a0\u00bb0&Prime; shift_y=\u00a0\u00bb0&Prime; z_index=\u00a0\u00bb0&Prime; width=\u00a0\u00bb1\/1&Prime; column_width_pixel=\u00a0\u00bb800&Prime;][vc_column_text]La plan\u00e9it\u00e9 se [&hellip;]","og_url":"https:\/\/www.guides-sports-loisirs.ca\/patinoires\/parametres-conception-amenagement\/planeite\/","og_site_name":"Patinoires ext\u00e9rieures","article_modified_time":"2018-06-04T16:28:45+00:00","twitter_card":"summary_large_image","twitter_misc":{"Dur\u00e9e de lecture estim\u00e9e":"3 minutes"},"schema":{"@context":"https:\/\/schema.org","@graph":[{"@type":"WebPage","@id":"https:\/\/www.guides-sports-loisirs.ca\/patinoires\/parametres-conception-amenagement\/planeite\/","url":"https:\/\/www.guides-sports-loisirs.ca\/patinoires\/parametres-conception-amenagement\/planeite\/","name":"Plan\u00e9it\u00e9 - Patinoires ext\u00e9rieures","isPartOf":{"@id":"https:\/\/www.guides-sports-loisirs.ca\/patinoires\/#website"},"datePublished":"2017-05-05T18:15:43+00:00","dateModified":"2018-06-04T16:28:45+00:00","breadcrumb":{"@id":"https:\/\/www.guides-sports-loisirs.ca\/patinoires\/parametres-conception-amenagement\/planeite\/#breadcrumb"},"inLanguage":"fr-FR","potentialAction":[{"@type":"ReadAction","target":["https:\/\/www.guides-sports-loisirs.ca\/patinoires\/parametres-conception-amenagement\/planeite\/"]}]},{"@type":"BreadcrumbList","@id":"https:\/\/www.guides-sports-loisirs.ca\/patinoires\/parametres-conception-amenagement\/planeite\/#breadcrumb","itemListElement":[{"@type":"ListItem","position":1,"name":"Accueil","item":"https:\/\/www.guides-sports-loisirs.ca\/patinoires\/"},{"@type":"ListItem","position":2,"name":"Param\u00e8tres de conception et d\u2019am\u00e9nagement","item":"https:\/\/www.guides-sports-loisirs.ca\/patinoires\/parametres-conception-amenagement\/"},{"@type":"ListItem","position":3,"name":"Plan\u00e9it\u00e9"}]},{"@type":"WebSite","@id":"https:\/\/www.guides-sports-loisirs.ca\/patinoires\/#website","url":"https:\/\/www.guides-sports-loisirs.ca\/patinoires\/","name":"Patinoires ext\u00e9rieures","description":"","potentialAction":[{"@type":"SearchAction","target":{"@type":"EntryPoint","urlTemplate":"https:\/\/www.guides-sports-loisirs.ca\/patinoires\/?s={search_term_string}"},"query-input":{"@type":"PropertyValueSpecification","valueRequired":true,"valueName":"search_term_string"}}],"inLanguage":"fr-FR"}]}},"_links":{"self":[{"href":"https:\/\/www.guides-sports-loisirs.ca\/patinoires\/wp-json\/wp\/v2\/pages\/154","targetHints":{"allow":["GET"]}}],"collection":[{"href":"https:\/\/www.guides-sports-loisirs.ca\/patinoires\/wp-json\/wp\/v2\/pages"}],"about":[{"href":"https:\/\/www.guides-sports-loisirs.ca\/patinoires\/wp-json\/wp\/v2\/types\/page"}],"author":[{"embeddable":true,"href":"https:\/\/www.guides-sports-loisirs.ca\/patinoires\/wp-json\/wp\/v2\/users\/11"}],"replies":[{"embeddable":true,"href":"https:\/\/www.guides-sports-loisirs.ca\/patinoires\/wp-json\/wp\/v2\/comments?post=154"}],"version-history":[{"count":17,"href":"https:\/\/www.guides-sports-loisirs.ca\/patinoires\/wp-json\/wp\/v2\/pages\/154\/revisions"}],"predecessor-version":[{"id":1084,"href":"https:\/\/www.guides-sports-loisirs.ca\/patinoires\/wp-json\/wp\/v2\/pages\/154\/revisions\/1084"}],"up":[{"embeddable":true,"href":"https:\/\/www.guides-sports-loisirs.ca\/patinoires\/wp-json\/wp\/v2\/pages\/60"}],"wp:attachment":[{"href":"https:\/\/www.guides-sports-loisirs.ca\/patinoires\/wp-json\/wp\/v2\/media?parent=154"}],"curies":[{"name":"wp","href":"https:\/\/api.w.org\/{rel}","templated":true}]}}