{"id":3949,"date":"2022-06-16T14:33:15","date_gmt":"2022-06-16T18:33:15","guid":{"rendered":"https:\/\/www.guides-sports-loisirs.ca\/basketball-exterieur\/?page_id=3949"},"modified":"2022-09-06T10:33:08","modified_gmt":"2022-09-06T14:33:08","slug":"processus-de-realisation","status":"publish","type":"page","link":"https:\/\/www.guides-sports-loisirs.ca\/basketball-exterieur\/conception-construction\/processus-de-realisation\/","title":{"rendered":"Processus de r\u00e9alisation"},"content":{"rendered":"<div class=\"wpb-content-wrapper\"><p>[vc_row][vc_column width=\u00a0\u00bb1\/1&Prime;][vc_column_text]<strong>Le processus de conception et de construction se d\u00e9roule g\u00e9n\u00e9ralement selon une s\u00e9rie d&rsquo;\u00e9tapes.<\/strong>[\/vc_column_text][vc_empty_space empty_h=\u00a0\u00bb2&Prime;][vc_single_image media=\u00a0\u00bb4585&Prime; media_lightbox=\u00a0\u00bbyes\u00a0\u00bb media_width_percent=\u00a0\u00bb65&Prime; lbox_skin=\u00a0\u00bbwhite\u00a0\u00bb][vc_empty_space empty_h=\u00a0\u00bb2&Prime;][vc_accordion][vc_accordion_tab title=\u00a0\u00bbPROGRAMME FONCTIONNEL ET TECHNIQUE\u00a0\u00bb tab_id=\u00a0\u00bb1655404395-1-23&Prime;][vc_column_text]<\/p>\n<p class=\"p1\">Description d\u00e9taill\u00e9e du concept et formulation de la commande qui sera adress\u00e9e aux professionnels de la construction, de la planification et de l\u2019ex\u00e9cution du projet.<\/p>\n<p>[\/vc_column_text][\/vc_accordion_tab][vc_accordion_tab title=\u00a0\u00bb\u00c9TUDES TECHNIQUES\u00a0\u00bb tab_id=\u00a0\u00bb1655404395-2-79&Prime;][vc_column_text]Les \u00e9tudes techniques permettent de conna\u00eetre en d\u00e9tail la situation actuelle du site convoit\u00e9 afin de bien planifier les co\u00fbts du projet et de r\u00e9diger des plans et devis qui tiendront compte de la r\u00e9alit\u00e9 du terrain. Parmi ces \u00e9tudes, on retrouve :<\/p>\n<ul>\n<li>\u00c9tude g\u00e9otechnique<\/li>\n<li>Relev\u00e9 d\u2019arpentage et g\u00e9omatique (topographie, cadastre, servitudes, etc.)<\/li>\n<li>\u00c9tude hydrologique (drainage, bassin versant, ruissellement, risque d\u2019inondation)<\/li>\n<li>\u00c9tude environnementale (contamination des sols, certificat d\u2019autorisation du minist\u00e8re de l\u2019Environnement et de la Lutte contre les changements climatiques si n\u00e9cessaire, permis de rejet des eaux \u00e0 l\u2019\u00e9gout)<\/li>\n<li>Gestion des eaux pluviales<\/li>\n<li>Analyse de conformit\u00e9 en mati\u00e8re d\u2019urbanisme et d\u2019architecture<\/li>\n<li>Analyse de l\u2019int\u00e9r\u00eat patrimonial du site et approbation du Comit\u00e9 consultatif d\u2019urbanisme s\u2019il y a lieu<\/li>\n<\/ul>\n<p>[\/vc_column_text][\/vc_accordion_tab][vc_accordion_tab title=\u00a0\u00bbPLANS ET DEVIS\u00a0\u00bb tab_id=\u00a0\u00bb1655405567342-2-9&Prime;][vc_column_text]<\/p>\n<p class=\"p1\">R\u00e9daction des plans et devis par des ing\u00e9nieurs afin de guider les entrepreneurs en construction.<\/p>\n<p>[\/vc_column_text][\/vc_accordion_tab][vc_accordion_tab title=\u00a0\u00bbAUTORISATIONS\u00a0\u00bb tab_id=\u00a0\u00bb1662172369279-3-4&Prime;][vc_column_text]<\/p>\n<p class=\"p1\">Obtention des autorisations n\u00e9cessaires pour poursuivre avec le processus d\u2019appel d\u2019offres et la construction.<\/p>\n<p>[\/vc_column_text][\/vc_accordion_tab][vc_accordion_tab title=\u00a0\u00bbAPPELS D&rsquo;OFFRES ET OCTROI DU CONTRAT\u00a0\u00bb tab_id=\u00a0\u00bb1662172427656-4-9&Prime;][vc_column_text]<\/p>\n<p class=\"p1\">Appels d\u2019offres afin de s\u00e9lectionner le ou les fournisseurs qui r\u00e9aliseront le projet.<\/p>\n<p class=\"p1\">G\u00e9n\u00e9ralement, le conseil municipal devra adopter une r\u00e9solution pour officialiser le ou les contrats.<\/p>\n<p>[\/vc_column_text][\/vc_accordion_tab][vc_accordion_tab title=\u00a0\u00bbCONSTRUCTION\u00a0\u00bb tab_id=\u00a0\u00bb1662172462396-5-10&Prime;][vc_column_text]Validation de l\u2019\u00e9ch\u00e9ancier pr\u00e9vu \u00e0 l\u2019\u00e9tape de planification et plan de gestion des risques et des m\u00e9thodes de contr\u00f4le de qualit\u00e9. Construction selon les plans et devis par le ou les fournisseurs.<\/p>\n<p>Il est primordial d\u2019\u00e9tablir un \u00e9ch\u00e9ancier de construction r\u00e9aliste qui tient compte des d\u00e9lais que pourraient requ\u00e9rir les entreprises sp\u00e9cialis\u00e9es impliqu\u00e9es \u00e9ventuellement dans le projet. Cet \u00e9ch\u00e9ancier peut notamment exercer une importante influence sur la disponibilit\u00e9 des entreprises les plus comp\u00e9tentes et, par le fait m\u00eame, avoir un impact sur la qualit\u00e9 m\u00eame du projet.[\/vc_column_text][\/vc_accordion_tab][\/vc_accordion][\/vc_column][\/vc_row][vc_row][\/vc_row][vc_row row_height_percent=\u00a0\u00bb0&Prime; overlay_alpha=\u00a0\u00bb50&Prime; gutter_size=\u00a0\u00bb3&Prime; shift_y=\u00a0\u00bb0&Prime; css=\u00a0\u00bb.vc_custom_1569108716255{margin-bottom: 50px !important;}\u00a0\u00bb][vc_column width=\u00a0\u00bb1\/1&Prime;][vc_button button_color=\u00a0\u00bbaccent\u00a0\u00bb size=\u00a0\u00bbbtn-lg\u00a0\u00bb radius=\u00a0\u00bbbtn-circle\u00a0\u00bb border_width=\u00a0\u00bb0&Prime; link=\u00a0\u00bburl:https%3A%2F%2Fwww.guides-sports-loisirs.ca%2Fbasketball-exterieur%2Fwp-content%2Fuploads%2Fsites%2F21%2F2022%2F09%2F4.2_ProcessusRealisation.pdf||target:%20_blank|\u00a0\u00bb icon=\u00a0\u00bbfa fa-file-o\u00a0\u00bb el_class=\u00a0\u00bbbtn-pdf\u00a0\u00bb]Version PDF[\/vc_button][\/vc_column][\/vc_row]<\/p>\n<\/div>","protected":false},"excerpt":{"rendered":"<p>[vc_row][vc_column width=\u00a0\u00bb1\/1&Prime;][vc_column_text]Le processus de conception et de construction se d\u00e9roule g\u00e9n\u00e9ralement selon une s\u00e9rie d&rsquo;\u00e9tapes.[\/vc_column_text][vc_empty_space empty_h=\u00a0\u00bb2&Prime;][vc_single_image media=\u00a0\u00bb4585&Prime; media_lightbox=\u00a0\u00bbyes\u00a0\u00bb media_width_percent=\u00a0\u00bb65&Prime; lbox_skin=\u00a0\u00bbwhite\u00a0\u00bb][vc_empty_space [&hellip;]<\/p>\n","protected":false},"author":11,"featured_media":0,"parent":2996,"menu_order":2,"comment_status":"closed","ping_status":"closed","template":"","meta":{"_acf_changed":false,"footnotes":""},"class_list":["post-3949","page","type-page","status-publish","hentry"],"acf":[],"yoast_head":"<!-- This site is optimized with the Yoast SEO plugin v27.4 - https:\/\/yoast.com\/product\/yoast-seo-wordpress\/ -->\n<title>Processus de r\u00e9alisation - Basketball ext\u00e9rieur (terrain multi-sport)<\/title>\n<meta name=\"robots\" content=\"index, follow, max-snippet:-1, max-image-preview:large, max-video-preview:-1\" \/>\n<link rel=\"canonical\" href=\"https:\/\/www.guides-sports-loisirs.ca\/basketball-exterieur\/conception-construction\/processus-de-realisation\/\" \/>\n<meta property=\"og:locale\" content=\"fr_FR\" \/>\n<meta property=\"og:type\" content=\"article\" \/>\n<meta property=\"og:title\" content=\"Processus de r\u00e9alisation - Basketball ext\u00e9rieur (terrain multi-sport)\" \/>\n<meta property=\"og:description\" content=\"[vc_row][vc_column width=\u00a0\u00bb1\/1&Prime;][vc_column_text]Le processus de conception et de construction se d\u00e9roule g\u00e9n\u00e9ralement selon une s\u00e9rie d&rsquo;\u00e9tapes.[\/vc_column_text][vc_empty_space empty_h=\u00a0\u00bb2&Prime;][vc_single_image media=\u00a0\u00bb4585&Prime; media_lightbox=\u00a0\u00bbyes\u00a0\u00bb media_width_percent=\u00a0\u00bb65&Prime; lbox_skin=\u00a0\u00bbwhite\u00a0\u00bb][vc_empty_space [&hellip;]\" \/>\n<meta property=\"og:url\" content=\"https:\/\/www.guides-sports-loisirs.ca\/basketball-exterieur\/conception-construction\/processus-de-realisation\/\" \/>\n<meta property=\"og:site_name\" content=\"Basketball ext\u00e9rieur (terrain multi-sport)\" \/>\n<meta property=\"article:modified_time\" content=\"2022-09-06T14:33:08+00:00\" \/>\n<meta name=\"twitter:card\" content=\"summary_large_image\" \/>\n<meta name=\"twitter:label1\" content=\"Dur\u00e9e de lecture estim\u00e9e\" \/>\n\t<meta name=\"twitter:data1\" content=\"2 minutes\" \/>\n<script type=\"application\/ld+json\" class=\"yoast-schema-graph\">{\"@context\":\"https:\\\/\\\/schema.org\",\"@graph\":[{\"@type\":\"WebPage\",\"@id\":\"https:\\\/\\\/www.guides-sports-loisirs.ca\\\/basketball-exterieur\\\/conception-construction\\\/processus-de-realisation\\\/\",\"url\":\"https:\\\/\\\/www.guides-sports-loisirs.ca\\\/basketball-exterieur\\\/conception-construction\\\/processus-de-realisation\\\/\",\"name\":\"Processus de r\u00e9alisation - Basketball ext\u00e9rieur (terrain multi-sport)\",\"isPartOf\":{\"@id\":\"https:\\\/\\\/www.guides-sports-loisirs.ca\\\/basketball-exterieur\\\/#website\"},\"datePublished\":\"2022-06-16T18:33:15+00:00\",\"dateModified\":\"2022-09-06T14:33:08+00:00\",\"breadcrumb\":{\"@id\":\"https:\\\/\\\/www.guides-sports-loisirs.ca\\\/basketball-exterieur\\\/conception-construction\\\/processus-de-realisation\\\/#breadcrumb\"},\"inLanguage\":\"fr-FR\",\"potentialAction\":[{\"@type\":\"ReadAction\",\"target\":[\"https:\\\/\\\/www.guides-sports-loisirs.ca\\\/basketball-exterieur\\\/conception-construction\\\/processus-de-realisation\\\/\"]}]},{\"@type\":\"BreadcrumbList\",\"@id\":\"https:\\\/\\\/www.guides-sports-loisirs.ca\\\/basketball-exterieur\\\/conception-construction\\\/processus-de-realisation\\\/#breadcrumb\",\"itemListElement\":[{\"@type\":\"ListItem\",\"position\":1,\"name\":\"Accueil\",\"item\":\"https:\\\/\\\/www.guides-sports-loisirs.ca\\\/basketball-exterieur\\\/\"},{\"@type\":\"ListItem\",\"position\":2,\"name\":\"Conception et construction\",\"item\":\"https:\\\/\\\/www.guides-sports-loisirs.ca\\\/basketball-exterieur\\\/conception-construction\\\/\"},{\"@type\":\"ListItem\",\"position\":3,\"name\":\"Processus de r\u00e9alisation\"}]},{\"@type\":\"WebSite\",\"@id\":\"https:\\\/\\\/www.guides-sports-loisirs.ca\\\/basketball-exterieur\\\/#website\",\"url\":\"https:\\\/\\\/www.guides-sports-loisirs.ca\\\/basketball-exterieur\\\/\",\"name\":\"Basketball ext\u00e9rieur (terrain multi-sport)\",\"description\":\"basketball\",\"potentialAction\":[{\"@type\":\"SearchAction\",\"target\":{\"@type\":\"EntryPoint\",\"urlTemplate\":\"https:\\\/\\\/www.guides-sports-loisirs.ca\\\/basketball-exterieur\\\/?s={search_term_string}\"},\"query-input\":{\"@type\":\"PropertyValueSpecification\",\"valueRequired\":true,\"valueName\":\"search_term_string\"}}],\"inLanguage\":\"fr-FR\"}]}<\/script>\n<!-- \/ Yoast SEO plugin. -->","yoast_head_json":{"title":"Processus de r\u00e9alisation - Basketball ext\u00e9rieur (terrain multi-sport)","robots":{"index":"index","follow":"follow","max-snippet":"max-snippet:-1","max-image-preview":"max-image-preview:large","max-video-preview":"max-video-preview:-1"},"canonical":"https:\/\/www.guides-sports-loisirs.ca\/basketball-exterieur\/conception-construction\/processus-de-realisation\/","og_locale":"fr_FR","og_type":"article","og_title":"Processus de r\u00e9alisation - Basketball ext\u00e9rieur (terrain multi-sport)","og_description":"[vc_row][vc_column width=\u00a0\u00bb1\/1&Prime;][vc_column_text]Le processus de conception et de construction se d\u00e9roule g\u00e9n\u00e9ralement selon une s\u00e9rie d&rsquo;\u00e9tapes.[\/vc_column_text][vc_empty_space empty_h=\u00a0\u00bb2&Prime;][vc_single_image media=\u00a0\u00bb4585&Prime; media_lightbox=\u00a0\u00bbyes\u00a0\u00bb media_width_percent=\u00a0\u00bb65&Prime; lbox_skin=\u00a0\u00bbwhite\u00a0\u00bb][vc_empty_space [&hellip;]","og_url":"https:\/\/www.guides-sports-loisirs.ca\/basketball-exterieur\/conception-construction\/processus-de-realisation\/","og_site_name":"Basketball ext\u00e9rieur (terrain multi-sport)","article_modified_time":"2022-09-06T14:33:08+00:00","twitter_card":"summary_large_image","twitter_misc":{"Dur\u00e9e de lecture estim\u00e9e":"2 minutes"},"schema":{"@context":"https:\/\/schema.org","@graph":[{"@type":"WebPage","@id":"https:\/\/www.guides-sports-loisirs.ca\/basketball-exterieur\/conception-construction\/processus-de-realisation\/","url":"https:\/\/www.guides-sports-loisirs.ca\/basketball-exterieur\/conception-construction\/processus-de-realisation\/","name":"Processus de r\u00e9alisation - Basketball ext\u00e9rieur (terrain multi-sport)","isPartOf":{"@id":"https:\/\/www.guides-sports-loisirs.ca\/basketball-exterieur\/#website"},"datePublished":"2022-06-16T18:33:15+00:00","dateModified":"2022-09-06T14:33:08+00:00","breadcrumb":{"@id":"https:\/\/www.guides-sports-loisirs.ca\/basketball-exterieur\/conception-construction\/processus-de-realisation\/#breadcrumb"},"inLanguage":"fr-FR","potentialAction":[{"@type":"ReadAction","target":["https:\/\/www.guides-sports-loisirs.ca\/basketball-exterieur\/conception-construction\/processus-de-realisation\/"]}]},{"@type":"BreadcrumbList","@id":"https:\/\/www.guides-sports-loisirs.ca\/basketball-exterieur\/conception-construction\/processus-de-realisation\/#breadcrumb","itemListElement":[{"@type":"ListItem","position":1,"name":"Accueil","item":"https:\/\/www.guides-sports-loisirs.ca\/basketball-exterieur\/"},{"@type":"ListItem","position":2,"name":"Conception et construction","item":"https:\/\/www.guides-sports-loisirs.ca\/basketball-exterieur\/conception-construction\/"},{"@type":"ListItem","position":3,"name":"Processus de r\u00e9alisation"}]},{"@type":"WebSite","@id":"https:\/\/www.guides-sports-loisirs.ca\/basketball-exterieur\/#website","url":"https:\/\/www.guides-sports-loisirs.ca\/basketball-exterieur\/","name":"Basketball ext\u00e9rieur (terrain multi-sport)","description":"basketball","potentialAction":[{"@type":"SearchAction","target":{"@type":"EntryPoint","urlTemplate":"https:\/\/www.guides-sports-loisirs.ca\/basketball-exterieur\/?s={search_term_string}"},"query-input":{"@type":"PropertyValueSpecification","valueRequired":true,"valueName":"search_term_string"}}],"inLanguage":"fr-FR"}]}},"_links":{"self":[{"href":"https:\/\/www.guides-sports-loisirs.ca\/basketball-exterieur\/wp-json\/wp\/v2\/pages\/3949","targetHints":{"allow":["GET"]}}],"collection":[{"href":"https:\/\/www.guides-sports-loisirs.ca\/basketball-exterieur\/wp-json\/wp\/v2\/pages"}],"about":[{"href":"https:\/\/www.guides-sports-loisirs.ca\/basketball-exterieur\/wp-json\/wp\/v2\/types\/page"}],"author":[{"embeddable":true,"href":"https:\/\/www.guides-sports-loisirs.ca\/basketball-exterieur\/wp-json\/wp\/v2\/users\/11"}],"replies":[{"embeddable":true,"href":"https:\/\/www.guides-sports-loisirs.ca\/basketball-exterieur\/wp-json\/wp\/v2\/comments?post=3949"}],"version-history":[{"count":20,"href":"https:\/\/www.guides-sports-loisirs.ca\/basketball-exterieur\/wp-json\/wp\/v2\/pages\/3949\/revisions"}],"predecessor-version":[{"id":3951,"href":"https:\/\/www.guides-sports-loisirs.ca\/basketball-exterieur\/wp-json\/wp\/v2\/pages\/3949\/revisions\/3951"}],"up":[{"embeddable":true,"href":"https:\/\/www.guides-sports-loisirs.ca\/basketball-exterieur\/wp-json\/wp\/v2\/pages\/2996"}],"wp:attachment":[{"href":"https:\/\/www.guides-sports-loisirs.ca\/basketball-exterieur\/wp-json\/wp\/v2\/media?parent=3949"}],"curies":[{"name":"wp","href":"https:\/\/api.w.org\/{rel}","templated":true}]}}