{"id":3793,"date":"2022-06-10T13:03:58","date_gmt":"2022-06-10T17:03:58","guid":{"rendered":"https:\/\/www.guides-sports-loisirs.ca\/basketball-exterieur\/?page_id=3793"},"modified":"2022-09-02T15:43:52","modified_gmt":"2022-09-02T19:43:52","slug":"evaluation-besoins-et-analyse-environnement","status":"publish","type":"page","link":"https:\/\/www.guides-sports-loisirs.ca\/basketball-exterieur\/planification\/evaluation-besoins-et-analyse-environnement\/","title":{"rendered":"\u00c9valuation des besoins et analyse de l&rsquo;environnement"},"content":{"rendered":"<div class=\"wpb-content-wrapper\"><p>[vc_row][vc_column width=\u00a0\u00bb1\/1&Prime;][vc_column_text]<strong>Le processus de planification commence par une \u00e9valuation ad\u00e9quate des besoins et de l\u2019environnement dans lequel implanter un terrain de basketball. Plusieurs variables doivent \u00eatre prises en compte.<\/strong>[\/vc_column_text][vc_accordion][vc_accordion_tab title=\u00a0\u00bbD\u00c9MOGRAPHIE ET G\u00c9OGRAPHIE\u00a0\u00bb tab_id=\u00a0\u00bb1654877396-1-57&Prime;][vc_column_text]La d\u00e9mographie diff\u00e8re d\u2019une municipalit\u00e9 \u00e0 l\u2019autre, voire d\u2019un quartier \u00e0 l\u2019autre. Il importe donc d\u2019implanter ou d\u2019am\u00e9nager les terrains de basketball ext\u00e9rieurs dans les secteurs propices \u00e0 la pratique, par exemple les quartiers o\u00f9 il y a une grande proportion d\u2019enfants, d\u2019adolescents et de jeunes adultes. Il est \u00e9galement important de tenir compte de la densit\u00e9 de population afin de d\u00e9terminer la quantit\u00e9 de terrains \u00e0 implanter. Finalement, la croissance d\u00e9mographique est un autre \u00e9l\u00e9ment \u00e0 prendre en consid\u00e9ration. Comme les investissements sont importants, il est n\u00e9cessaire de pr\u00e9voir une quantit\u00e9 suffisante de terrains en fonction des pr\u00e9visions d\u00e9mographiques sur un horizon de 10 \u00e0 20 ans.[\/vc_column_text][\/vc_accordion_tab][vc_accordion_tab title=\u00a0\u00bbBESOINS EXPRIM\u00c9S PAR LA POPULATION\u00a0\u00bb tab_id=\u00a0\u00bb1662147024368-1-4&Prime;][vc_column_text]Des activit\u00e9s de participation citoyenne sont tr\u00e8s souvent le meilleur moyen de comprendre les besoins et les pr\u00e9f\u00e9rences de la population. Cette composante est d\u00e9sormais essentielle \u00e0 tout projet d\u2019investissement public afin de s\u2019assurer de l\u2019acceptation sociale et de l\u2019allocation de fonds publics \u00e0 des projets qui seront soutenus par la communaut\u00e9. Voici quelques exemples d\u2019activit\u00e9s qui favorisent la participation citoyenne :<\/p>\n<ul>\n<li>S\u00e9ances de consultation publique<\/li>\n<li>Sondages Web<\/li>\n<li>Ateliers de r\u00e9flexion et groupes de discussion<\/li>\n<li>Entretiens avec les organismes sportifs et communautaires<\/li>\n<\/ul>\n<p>[\/vc_column_text][\/vc_accordion_tab][vc_accordion_tab title=\u00a0\u00bbTENDANCES DE LA PRATIQUE R\u00c9CR\u00c9ATIVE\u00a0\u00bb tab_id=\u00a0\u00bb1662147085545-2-5&Prime;][vc_column_text]Lors de l\u2019\u00e9valuation des besoins, il importe de s\u2019attarder aux tendances puisque celles-ci peuvent r\u00e9v\u00e9ler un besoin potentiel non exprim\u00e9 clairement par la population.[\/vc_column_text][\/vc_accordion_tab][vc_accordion_tab title=\u00a0\u00bbSE POSER LES BONNES QUESTIONS\u00a0\u00bb tab_id=\u00a0\u00bb1662147190441-3-10&Prime;][vc_column_text]Avant d\u2019aller plus loin dans la planification, il est n\u00e9cessaire de d\u00e9finir les param\u00e8tres du projet en r\u00e9pondant aux questions suivantes :<\/p>\n<p><strong>Pourquoi?<\/strong> Il faut se demander quels types de pratiques doivent \u00eatre privil\u00e9gi\u00e9s, particuli\u00e8rement dans un contexte o\u00f9 la polyvalence des infrastructures est de plus en plus recherch\u00e9e (terrains multisports).<\/p>\n<p><strong>Pour qui?<\/strong> S\u2019interroger sur le profil de la client\u00e8le qui utilisera les \u00e9quipements. Il faut notamment conna\u00eetre sa provenance et le type de pratique qui lui convient. Il faut \u00e9galement porter une attention particuli\u00e8re \u00e0 l\u2019accessibilit\u00e9 universelle des infrastructures (p. ex., pour les personnes \u00e0 mobilit\u00e9 r\u00e9duite). Ces crit\u00e8res peuvent influencer la conception. Il est \u00e0 noter que la client\u00e8le peut \u00eatre individuelle ou collective (associations, ligues, clubs, \u00e9coles).<\/p>\n<p><strong>Quand?<\/strong> Il faut d\u00e9terminer si des plages horaires sont plus recherch\u00e9es que d\u2019autres afin de d\u00e9finir la configuration ad\u00e9quate, le nombre ad\u00e9quat de terrains \u00e0 am\u00e9nager et leurs caract\u00e9ristiques fonctionnelles (\u00e9clairage, orientation, infrastructure, etc.).<\/p>\n<p><strong>Comment?<\/strong> La strat\u00e9gie de conception sera affect\u00e9e par le type d\u2019installation. Il faut donc d\u00e9terminer la surface, les \u00e9quipements, l\u2019\u00e9clairage et le mobilier \u00e0 privil\u00e9gier. Le caract\u00e8re multiusage de l\u2019espace doit \u00e9galement \u00eatre pris en consid\u00e9ration dans le processus.[\/vc_column_text][\/vc_accordion_tab][vc_accordion_tab title=\u00a0\u00bbDESSERTE ACTUELLE ET \u00c9TAT DES INFRASTRUCTURES\u00a0\u00bb tab_id=\u00a0\u00bb1662147263860-4-5&Prime;][vc_column_text]Avant toute construction ou r\u00e9fection, les gestionnaires devraient r\u00e9aliser un inventaire complet des terrains existants sur le territoire (et en p\u00e9riph\u00e9rie) et r\u00e9aliser un audit de l\u2019\u00e9tat des infrastructures. Cet audit se fait g\u00e9n\u00e9ralement par une analyse visuelle du site qui comprend les \u00e9l\u00e9ments suivants :<\/p>\n<ul>\n<li>\u00c9tat de la surface de jeu (plan\u00e9it\u00e9, nivellement, fissures, etc.)<\/li>\n<li>V\u00e9g\u00e9tation (proximit\u00e9 des arbres)<\/li>\n<li>Ombrage et exposition au soleil<\/li>\n<li>Propret\u00e9<\/li>\n<li>\u00c9tat des poteaux de basket, des paniers et des filets, ainsi que du lignage<\/li>\n<li>Dimensions des \u00e9quipements et d\u00e9gagements n\u00e9cessaires (par rapport au sol, \u00e0 la rue ou \u00e0 la route, etc.)<\/li>\n<li>Signes d\u2019usure ou de rouille<\/li>\n<li>Drainage<\/li>\n<li>Mobilier et fontaine \u00e0 boire<\/li>\n<li>Cl\u00f4tures\/\u00e9crans<\/li>\n<li>Syst\u00e8me d\u2019\u00e9clairage<\/li>\n<li>S\u00e9curit\u00e9 (rue, piscine, fils a\u00e9riens, protection amortissante, obstacles).<\/li>\n<\/ul>\n<p>Il est fortement recommand\u00e9 de faire appel \u00e0 une entreprise sp\u00e9cialis\u00e9e afin d\u2019\u00e9valuer l\u2019\u00e9tat r\u00e9el des infrastructures et de leurs \u00e9quipements. Cette derni\u00e8re pourra recommander diff\u00e9rentes options de mises \u00e0 niveau en fonction de l\u2019analyse r\u00e9alis\u00e9e.[\/vc_column_text][\/vc_accordion_tab][vc_accordion_tab title=\u00a0\u00bbANALYSE DE L&rsquo;ENVIRONNEMENT\u00a0\u00bb tab_id=\u00a0\u00bb1662147652863-5-0&Prime;][vc_column_text]L\u2019analyse de l\u2019environnement peut permettre de d\u00e9celer des enjeux en amont et ainsi d\u2019\u00e9viter des probl\u00e9matiques importantes lors de la construction. Cette \u00e9tape devrait notamment inclure les \u00e9l\u00e9ments suivants :<\/p>\n<ul>\n<li>Localisation des infrastructures souterraines<\/li>\n<li>Relev\u00e9 topographique du site, incluant les infrastructures souterraines<\/li>\n<li>\u00c9tat des infrastructures existantes \u00e0 r\u00e9utiliser<\/li>\n<li>\u00c9lectricit\u00e9<\/li>\n<li>\u00c9tude photom\u00e9trique (pour l\u2019\u00e9clairage)<\/li>\n<li>Inspection des conduits \u00e9lectriques par cam\u00e9ra<\/li>\n<li>\u00c9tudes sur l\u2019int\u00e9grit\u00e9 structurale<\/li>\n<li>Tours d\u2019\u00e9clairage<\/li>\n<li>Cl\u00f4tures\/\u00e9crans<\/li>\n<\/ul>\n<p>[\/vc_column_text][\/vc_accordion_tab][\/vc_accordion][\/vc_column][\/vc_row][vc_row][\/vc_row][vc_row row_height_percent=\u00a0\u00bb0&Prime; overlay_alpha=\u00a0\u00bb50&Prime; gutter_size=\u00a0\u00bb3&Prime; shift_y=\u00a0\u00bb0&Prime; css=\u00a0\u00bb.vc_custom_1569108843026{margin-bottom: 50px !important;}\u00a0\u00bb][vc_column width=\u00a0\u00bb1\/1&Prime;][vc_button button_color=\u00a0\u00bbaccent\u00a0\u00bb size=\u00a0\u00bbbtn-lg\u00a0\u00bb radius=\u00a0\u00bbbtn-circle\u00a0\u00bb border_width=\u00a0\u00bb0&Prime; link=\u00a0\u00bburl:https%3A%2F%2Fwww.guides-sports-loisirs.ca%2Fbasketball-exterieur%2Fwp-content%2Fuploads%2Fsites%2F21%2F2022%2F09%2F3.1_EvaluationBesoinsAnalyseEnvironnement.pdf||target:%20_blank|\u00a0\u00bb icon=\u00a0\u00bbfa fa-file-o\u00a0\u00bb el_class=\u00a0\u00bbbtn-pdf\u00a0\u00bb]Version PDF[\/vc_button][\/vc_column][\/vc_row]<\/p>\n<\/div>","protected":false},"excerpt":{"rendered":"<p>[vc_row][vc_column width=\u00a0\u00bb1\/1&Prime;][vc_column_text]Le processus de planification commence par une \u00e9valuation ad\u00e9quate des besoins et de l\u2019environnement dans lequel implanter un terrain [&hellip;]<\/p>\n","protected":false},"author":11,"featured_media":0,"parent":2016,"menu_order":10,"comment_status":"closed","ping_status":"closed","template":"","meta":{"_acf_changed":false,"footnotes":""},"class_list":["post-3793","page","type-page","status-publish","hentry"],"acf":[],"yoast_head":"<!-- This site is optimized with the Yoast SEO plugin v27.2 - https:\/\/yoast.com\/product\/yoast-seo-wordpress\/ -->\n<title>\u00c9valuation des besoins et analyse de l&#039;environnement - Basketball ext\u00e9rieur (terrain multi-sport)<\/title>\n<meta name=\"robots\" content=\"index, follow, max-snippet:-1, max-image-preview:large, max-video-preview:-1\" \/>\n<link rel=\"canonical\" href=\"https:\/\/www.guides-sports-loisirs.ca\/basketball-exterieur\/planification\/evaluation-besoins-et-analyse-environnement\/\" \/>\n<meta property=\"og:locale\" content=\"fr_FR\" \/>\n<meta property=\"og:type\" content=\"article\" \/>\n<meta property=\"og:title\" content=\"\u00c9valuation des besoins et analyse de l&#039;environnement - Basketball ext\u00e9rieur (terrain multi-sport)\" \/>\n<meta property=\"og:description\" content=\"[vc_row][vc_column width=\u00a0\u00bb1\/1&Prime;][vc_column_text]Le processus de planification commence par une \u00e9valuation ad\u00e9quate des besoins et de l\u2019environnement dans lequel implanter un terrain [&hellip;]\" \/>\n<meta property=\"og:url\" content=\"https:\/\/www.guides-sports-loisirs.ca\/basketball-exterieur\/planification\/evaluation-besoins-et-analyse-environnement\/\" \/>\n<meta property=\"og:site_name\" content=\"Basketball ext\u00e9rieur (terrain multi-sport)\" \/>\n<meta property=\"article:modified_time\" content=\"2022-09-02T19:43:52+00:00\" \/>\n<meta name=\"twitter:card\" content=\"summary_large_image\" \/>\n<meta name=\"twitter:label1\" content=\"Dur\u00e9e de lecture estim\u00e9e\" \/>\n\t<meta name=\"twitter:data1\" content=\"4 minutes\" \/>\n<script type=\"application\/ld+json\" class=\"yoast-schema-graph\">{\"@context\":\"https:\/\/schema.org\",\"@graph\":[{\"@type\":\"WebPage\",\"@id\":\"https:\/\/www.guides-sports-loisirs.ca\/basketball-exterieur\/planification\/evaluation-besoins-et-analyse-environnement\/\",\"url\":\"https:\/\/www.guides-sports-loisirs.ca\/basketball-exterieur\/planification\/evaluation-besoins-et-analyse-environnement\/\",\"name\":\"\u00c9valuation des besoins et analyse de l'environnement - Basketball ext\u00e9rieur (terrain multi-sport)\",\"isPartOf\":{\"@id\":\"https:\/\/www.guides-sports-loisirs.ca\/basketball-exterieur\/#website\"},\"datePublished\":\"2022-06-10T17:03:58+00:00\",\"dateModified\":\"2022-09-02T19:43:52+00:00\",\"breadcrumb\":{\"@id\":\"https:\/\/www.guides-sports-loisirs.ca\/basketball-exterieur\/planification\/evaluation-besoins-et-analyse-environnement\/#breadcrumb\"},\"inLanguage\":\"fr-FR\",\"potentialAction\":[{\"@type\":\"ReadAction\",\"target\":[\"https:\/\/www.guides-sports-loisirs.ca\/basketball-exterieur\/planification\/evaluation-besoins-et-analyse-environnement\/\"]}]},{\"@type\":\"BreadcrumbList\",\"@id\":\"https:\/\/www.guides-sports-loisirs.ca\/basketball-exterieur\/planification\/evaluation-besoins-et-analyse-environnement\/#breadcrumb\",\"itemListElement\":[{\"@type\":\"ListItem\",\"position\":1,\"name\":\"Accueil\",\"item\":\"https:\/\/www.guides-sports-loisirs.ca\/basketball-exterieur\/\"},{\"@type\":\"ListItem\",\"position\":2,\"name\":\"Planification\",\"item\":\"https:\/\/www.guides-sports-loisirs.ca\/basketball-exterieur\/planification\/\"},{\"@type\":\"ListItem\",\"position\":3,\"name\":\"\u00c9valuation des besoins et analyse de l&rsquo;environnement\"}]},{\"@type\":\"WebSite\",\"@id\":\"https:\/\/www.guides-sports-loisirs.ca\/basketball-exterieur\/#website\",\"url\":\"https:\/\/www.guides-sports-loisirs.ca\/basketball-exterieur\/\",\"name\":\"Basketball ext\u00e9rieur (terrain multi-sport)\",\"description\":\"basketball\",\"potentialAction\":[{\"@type\":\"SearchAction\",\"target\":{\"@type\":\"EntryPoint\",\"urlTemplate\":\"https:\/\/www.guides-sports-loisirs.ca\/basketball-exterieur\/?s={search_term_string}\"},\"query-input\":{\"@type\":\"PropertyValueSpecification\",\"valueRequired\":true,\"valueName\":\"search_term_string\"}}],\"inLanguage\":\"fr-FR\"}]}<\/script>\n<!-- \/ Yoast SEO plugin. -->","yoast_head_json":{"title":"\u00c9valuation des besoins et analyse de l'environnement - Basketball ext\u00e9rieur (terrain multi-sport)","robots":{"index":"index","follow":"follow","max-snippet":"max-snippet:-1","max-image-preview":"max-image-preview:large","max-video-preview":"max-video-preview:-1"},"canonical":"https:\/\/www.guides-sports-loisirs.ca\/basketball-exterieur\/planification\/evaluation-besoins-et-analyse-environnement\/","og_locale":"fr_FR","og_type":"article","og_title":"\u00c9valuation des besoins et analyse de l'environnement - Basketball ext\u00e9rieur (terrain multi-sport)","og_description":"[vc_row][vc_column width=\u00a0\u00bb1\/1&Prime;][vc_column_text]Le processus de planification commence par une \u00e9valuation ad\u00e9quate des besoins et de l\u2019environnement dans lequel implanter un terrain [&hellip;]","og_url":"https:\/\/www.guides-sports-loisirs.ca\/basketball-exterieur\/planification\/evaluation-besoins-et-analyse-environnement\/","og_site_name":"Basketball ext\u00e9rieur (terrain multi-sport)","article_modified_time":"2022-09-02T19:43:52+00:00","twitter_card":"summary_large_image","twitter_misc":{"Dur\u00e9e de lecture estim\u00e9e":"4 minutes"},"schema":{"@context":"https:\/\/schema.org","@graph":[{"@type":"WebPage","@id":"https:\/\/www.guides-sports-loisirs.ca\/basketball-exterieur\/planification\/evaluation-besoins-et-analyse-environnement\/","url":"https:\/\/www.guides-sports-loisirs.ca\/basketball-exterieur\/planification\/evaluation-besoins-et-analyse-environnement\/","name":"\u00c9valuation des besoins et analyse de l'environnement - Basketball ext\u00e9rieur (terrain multi-sport)","isPartOf":{"@id":"https:\/\/www.guides-sports-loisirs.ca\/basketball-exterieur\/#website"},"datePublished":"2022-06-10T17:03:58+00:00","dateModified":"2022-09-02T19:43:52+00:00","breadcrumb":{"@id":"https:\/\/www.guides-sports-loisirs.ca\/basketball-exterieur\/planification\/evaluation-besoins-et-analyse-environnement\/#breadcrumb"},"inLanguage":"fr-FR","potentialAction":[{"@type":"ReadAction","target":["https:\/\/www.guides-sports-loisirs.ca\/basketball-exterieur\/planification\/evaluation-besoins-et-analyse-environnement\/"]}]},{"@type":"BreadcrumbList","@id":"https:\/\/www.guides-sports-loisirs.ca\/basketball-exterieur\/planification\/evaluation-besoins-et-analyse-environnement\/#breadcrumb","itemListElement":[{"@type":"ListItem","position":1,"name":"Accueil","item":"https:\/\/www.guides-sports-loisirs.ca\/basketball-exterieur\/"},{"@type":"ListItem","position":2,"name":"Planification","item":"https:\/\/www.guides-sports-loisirs.ca\/basketball-exterieur\/planification\/"},{"@type":"ListItem","position":3,"name":"\u00c9valuation des besoins et analyse de l&rsquo;environnement"}]},{"@type":"WebSite","@id":"https:\/\/www.guides-sports-loisirs.ca\/basketball-exterieur\/#website","url":"https:\/\/www.guides-sports-loisirs.ca\/basketball-exterieur\/","name":"Basketball ext\u00e9rieur (terrain multi-sport)","description":"basketball","potentialAction":[{"@type":"SearchAction","target":{"@type":"EntryPoint","urlTemplate":"https:\/\/www.guides-sports-loisirs.ca\/basketball-exterieur\/?s={search_term_string}"},"query-input":{"@type":"PropertyValueSpecification","valueRequired":true,"valueName":"search_term_string"}}],"inLanguage":"fr-FR"}]}},"_links":{"self":[{"href":"https:\/\/www.guides-sports-loisirs.ca\/basketball-exterieur\/wp-json\/wp\/v2\/pages\/3793","targetHints":{"allow":["GET"]}}],"collection":[{"href":"https:\/\/www.guides-sports-loisirs.ca\/basketball-exterieur\/wp-json\/wp\/v2\/pages"}],"about":[{"href":"https:\/\/www.guides-sports-loisirs.ca\/basketball-exterieur\/wp-json\/wp\/v2\/types\/page"}],"author":[{"embeddable":true,"href":"https:\/\/www.guides-sports-loisirs.ca\/basketball-exterieur\/wp-json\/wp\/v2\/users\/11"}],"replies":[{"embeddable":true,"href":"https:\/\/www.guides-sports-loisirs.ca\/basketball-exterieur\/wp-json\/wp\/v2\/comments?post=3793"}],"version-history":[{"count":13,"href":"https:\/\/www.guides-sports-loisirs.ca\/basketball-exterieur\/wp-json\/wp\/v2\/pages\/3793\/revisions"}],"predecessor-version":[{"id":4465,"href":"https:\/\/www.guides-sports-loisirs.ca\/basketball-exterieur\/wp-json\/wp\/v2\/pages\/3793\/revisions\/4465"}],"up":[{"embeddable":true,"href":"https:\/\/www.guides-sports-loisirs.ca\/basketball-exterieur\/wp-json\/wp\/v2\/pages\/2016"}],"wp:attachment":[{"href":"https:\/\/www.guides-sports-loisirs.ca\/basketball-exterieur\/wp-json\/wp\/v2\/media?parent=3793"}],"curies":[{"name":"wp","href":"https:\/\/api.w.org\/{rel}","templated":true}]}}