{"id":3487,"date":"2021-10-07T14:34:29","date_gmt":"2021-10-07T18:34:29","guid":{"rendered":"https:\/\/www.guides-sports-loisirs.ca\/basketball-exterieur\/?page_id=3487"},"modified":"2022-09-23T11:16:45","modified_gmt":"2022-09-23T15:16:45","slug":"programme-entretien","status":"publish","type":"page","link":"https:\/\/www.guides-sports-loisirs.ca\/basketball-exterieur\/exploitation-entretien\/programme-entretien\/","title":{"rendered":"Programme d&rsquo;entretien"},"content":{"rendered":"<div class=\"wpb-content-wrapper\"><p>[vc_row][vc_column width=\u00a0\u00bb1\/1&Prime;][vc_column_text]<strong>Le programme d\u2019entretien saisonnier devrait inclure des <em>inspections r\u00e9guli\u00e8res<\/em> et un <em>calendrier de maintenance<\/em> bien pr\u00e9cis.<\/strong>[\/vc_column_text][vc_accordion active_tab=\u00a0\u00bb0&Prime;][vc_accordion_tab title=\u00a0\u00bbINSPECTIONS R\u00c9GULI\u00c8RES\u00a0\u00bb tab_id=\u00a0\u00bb2d8151ec-f97e-0&Prime;][vc_column_text]Des inspections visuelles doivent \u00eatre r\u00e9alis\u00e9es r\u00e9guli\u00e8rement, comprenant les \u00e9l\u00e9ments suivants<sup>11,12<\/sup> :[\/vc_column_text][vc_empty_space empty_h=\u00a0\u00bb2&Prime;][vc_single_image media=\u00a0\u00bb4590&Prime; media_lightbox=\u00a0\u00bbyes\u00a0\u00bb media_width_percent=\u00a0\u00bb65&Prime; lbox_skin=\u00a0\u00bbwhite\u00a0\u00bb][vc_empty_space empty_h=\u00a0\u00bb2&Prime;][vc_single_image media=\u00a0\u00bb4589&Prime; media_lightbox=\u00a0\u00bbyes\u00a0\u00bb media_width_percent=\u00a0\u00bb65&Prime; lbox_skin=\u00a0\u00bbwhite\u00a0\u00bb][vc_empty_space empty_h=\u00a0\u00bb2&Prime;][vc_row_inner][vc_column_inner width=\u00a0\u00bb1\/3&Prime;][vc_column_text border_color=\u00a0\u00bbcolor-401217&Prime; border_style=\u00a0\u00bbsolid\u00a0\u00bb css=\u00a0\u00bb.vc_custom_1663946033398{padding-top: 15px !important;padding-right: 15px !important;padding-bottom: 15px !important;padding-left: 15px !important;}\u00a0\u00bb]<\/p>\n<h3><span class=\"font-966981\" style=\"color: #ff7e1f\"><strong>OUTIL PRATIQUE<\/strong><\/span><\/h3>\n<p><a href=\"https:\/\/www.guides-sports-loisirs.ca\/basketball-exterieur\/wp-content\/uploads\/sites\/21\/2022\/09\/OP_Fiche_inspection.docx\"><strong>Fiche d&rsquo;inspection de terrain de basketball<\/strong><\/a>[\/vc_column_text][\/vc_column_inner][vc_column_inner width=\u00a0\u00bb1\/3&Prime;][\/vc_column_inner][vc_column_inner width=\u00a0\u00bb1\/3&Prime;][\/vc_column_inner][\/vc_row_inner][vc_empty_space empty_h=\u00a0\u00bb2&Prime;][vc_column_text]<\/p>\n<hr \/>\n<p><strong>[11] <\/strong>Coop\u00e9ration allemande au d\u00e9veloppement, <a href=\"https:\/\/www.sport-for-development.com\/imglib\/downloads\/Manuale\/giz-s4da-2018-fr-manual-maintenance-et-reparation.pdf\" target=\"_blank\" rel=\"noopener noreferrer\"><em>Manuel de maintenance et de r\u00e9paration des terrains de sports communautaires, 2018.\u00a0<\/em><\/a><br \/>\n<strong>[12] <\/strong>Casal Sport, <em><a href=\"https:\/\/conseils.casalsport.com\/quel-est-lentretien-necessaire-pour-un-terrain-multisport\" target=\"_blank\" rel=\"noopener noreferrer\">Quel est l\u2019entretien n\u00e9cessaire pour un terrain multisport?<\/a><\/em>[\/vc_column_text][\/vc_accordion_tab][vc_accordion_tab title=\u00a0\u00bbDUR\u00c9E DE VIE\u00a0\u00bb tab_id=\u00a0\u00bbe861944b-1d4b-6&Prime;][vc_column_text]Le calendrier de maintenance devrait sp\u00e9cifier les <strong>actions \u00e0 entreprendre<\/strong> pour chacune des cat\u00e9gories cit\u00e9es dans l\u2019inspection (tant en entretien qu\u2019en r\u00e9paration), la fr\u00e9quence de ces derni\u00e8res et les ressources affect\u00e9es \u00e0 chaque t\u00e2che.<\/p>\n<p>L\u2019affectation des ressources n\u00e9cessite une attention particuli\u00e8re dans un contexte o\u00f9 la main-d\u2019oeuvre est limit\u00e9e. Il est donc n\u00e9cessaire de bien planifier les d\u00e9placements et d\u2019optimiser les t\u00e2ches le plus possible. Lorsque la main-d\u2019oeuvre \u00e0 l\u2019interne ne permet pas un entretien ad\u00e9quat, il est possible d\u2019externaliser ce travail.[\/vc_column_text][\/vc_accordion_tab][\/vc_accordion][\/vc_column][\/vc_row][vc_row][\/vc_row][vc_row row_height_percent=\u00a0\u00bb0&Prime; overlay_alpha=\u00a0\u00bb50&Prime; gutter_size=\u00a0\u00bb3&Prime; shift_y=\u00a0\u00bb0&Prime; css=\u00a0\u00bb.vc_custom_1569108716255{margin-bottom: 50px !important;}\u00a0\u00bb][vc_column width=\u00a0\u00bb1\/1&Prime;][vc_button button_color=\u00a0\u00bbaccent\u00a0\u00bb size=\u00a0\u00bbbtn-lg\u00a0\u00bb radius=\u00a0\u00bbbtn-circle\u00a0\u00bb border_width=\u00a0\u00bb0&Prime; link=\u00a0\u00bburl:https%3A%2F%2Fwww.guides-sports-loisirs.ca%2Fbasketball-exterieur%2Fwp-content%2Fuploads%2Fsites%2F21%2F2022%2F09%2F5.2_ProgrammeEntretien-1.pdf||target:%20_blank|\u00a0\u00bb icon=\u00a0\u00bbfa fa-file-o\u00a0\u00bb el_class=\u00a0\u00bbbtn-pdf\u00a0\u00bb]Version PDF[\/vc_button][\/vc_column][\/vc_row]<\/p>\n<\/div>","protected":false},"excerpt":{"rendered":"<p>[vc_row][vc_column width=\u00a0\u00bb1\/1&Prime;][vc_column_text]Le programme d\u2019entretien saisonnier devrait inclure des inspections r\u00e9guli\u00e8res et un calendrier de maintenance bien pr\u00e9cis.[\/vc_column_text][vc_accordion active_tab=\u00a0\u00bb0&Prime;][vc_accordion_tab title=\u00a0\u00bbINSPECTIONS R\u00c9GULI\u00c8RES\u00a0\u00bb [&hellip;]<\/p>\n","protected":false},"author":17,"featured_media":0,"parent":2278,"menu_order":24,"comment_status":"closed","ping_status":"closed","template":"","meta":{"_acf_changed":false,"footnotes":""},"class_list":["post-3487","page","type-page","status-publish","hentry"],"acf":[],"yoast_head":"<!-- This site is optimized with the Yoast SEO plugin v27.2 - https:\/\/yoast.com\/product\/yoast-seo-wordpress\/ -->\n<title>Programme d&#039;entretien - Basketball ext\u00e9rieur (terrain multi-sport)<\/title>\n<meta name=\"robots\" content=\"index, follow, max-snippet:-1, max-image-preview:large, max-video-preview:-1\" \/>\n<link rel=\"canonical\" href=\"https:\/\/www.guides-sports-loisirs.ca\/basketball-exterieur\/exploitation-entretien\/programme-entretien\/\" \/>\n<meta property=\"og:locale\" content=\"fr_FR\" \/>\n<meta property=\"og:type\" content=\"article\" \/>\n<meta property=\"og:title\" content=\"Programme d&#039;entretien - Basketball ext\u00e9rieur (terrain multi-sport)\" \/>\n<meta property=\"og:description\" content=\"[vc_row][vc_column width=\u00a0\u00bb1\/1&Prime;][vc_column_text]Le programme d\u2019entretien saisonnier devrait inclure des inspections r\u00e9guli\u00e8res et un calendrier de maintenance bien pr\u00e9cis.[\/vc_column_text][vc_accordion active_tab=\u00a0\u00bb0&Prime;][vc_accordion_tab title=\u00a0\u00bbINSPECTIONS R\u00c9GULI\u00c8RES\u00a0\u00bb [&hellip;]\" \/>\n<meta property=\"og:url\" content=\"https:\/\/www.guides-sports-loisirs.ca\/basketball-exterieur\/exploitation-entretien\/programme-entretien\/\" \/>\n<meta property=\"og:site_name\" content=\"Basketball ext\u00e9rieur (terrain multi-sport)\" \/>\n<meta property=\"article:modified_time\" content=\"2022-09-23T15:16:45+00:00\" \/>\n<meta name=\"twitter:card\" content=\"summary_large_image\" \/>\n<meta name=\"twitter:label1\" content=\"Dur\u00e9e de lecture estim\u00e9e\" \/>\n\t<meta name=\"twitter:data1\" content=\"1 minute\" \/>\n<script type=\"application\/ld+json\" class=\"yoast-schema-graph\">{\"@context\":\"https:\/\/schema.org\",\"@graph\":[{\"@type\":\"WebPage\",\"@id\":\"https:\/\/www.guides-sports-loisirs.ca\/basketball-exterieur\/exploitation-entretien\/programme-entretien\/\",\"url\":\"https:\/\/www.guides-sports-loisirs.ca\/basketball-exterieur\/exploitation-entretien\/programme-entretien\/\",\"name\":\"Programme d'entretien - Basketball ext\u00e9rieur (terrain multi-sport)\",\"isPartOf\":{\"@id\":\"https:\/\/www.guides-sports-loisirs.ca\/basketball-exterieur\/#website\"},\"datePublished\":\"2021-10-07T18:34:29+00:00\",\"dateModified\":\"2022-09-23T15:16:45+00:00\",\"breadcrumb\":{\"@id\":\"https:\/\/www.guides-sports-loisirs.ca\/basketball-exterieur\/exploitation-entretien\/programme-entretien\/#breadcrumb\"},\"inLanguage\":\"fr-FR\",\"potentialAction\":[{\"@type\":\"ReadAction\",\"target\":[\"https:\/\/www.guides-sports-loisirs.ca\/basketball-exterieur\/exploitation-entretien\/programme-entretien\/\"]}]},{\"@type\":\"BreadcrumbList\",\"@id\":\"https:\/\/www.guides-sports-loisirs.ca\/basketball-exterieur\/exploitation-entretien\/programme-entretien\/#breadcrumb\",\"itemListElement\":[{\"@type\":\"ListItem\",\"position\":1,\"name\":\"Accueil\",\"item\":\"https:\/\/www.guides-sports-loisirs.ca\/basketball-exterieur\/\"},{\"@type\":\"ListItem\",\"position\":2,\"name\":\"Exploitation et entretien\",\"item\":\"https:\/\/www.guides-sports-loisirs.ca\/basketball-exterieur\/exploitation-entretien\/\"},{\"@type\":\"ListItem\",\"position\":3,\"name\":\"Programme d&rsquo;entretien\"}]},{\"@type\":\"WebSite\",\"@id\":\"https:\/\/www.guides-sports-loisirs.ca\/basketball-exterieur\/#website\",\"url\":\"https:\/\/www.guides-sports-loisirs.ca\/basketball-exterieur\/\",\"name\":\"Basketball ext\u00e9rieur (terrain multi-sport)\",\"description\":\"basketball\",\"potentialAction\":[{\"@type\":\"SearchAction\",\"target\":{\"@type\":\"EntryPoint\",\"urlTemplate\":\"https:\/\/www.guides-sports-loisirs.ca\/basketball-exterieur\/?s={search_term_string}\"},\"query-input\":{\"@type\":\"PropertyValueSpecification\",\"valueRequired\":true,\"valueName\":\"search_term_string\"}}],\"inLanguage\":\"fr-FR\"}]}<\/script>\n<!-- \/ Yoast SEO plugin. -->","yoast_head_json":{"title":"Programme d'entretien - Basketball ext\u00e9rieur (terrain multi-sport)","robots":{"index":"index","follow":"follow","max-snippet":"max-snippet:-1","max-image-preview":"max-image-preview:large","max-video-preview":"max-video-preview:-1"},"canonical":"https:\/\/www.guides-sports-loisirs.ca\/basketball-exterieur\/exploitation-entretien\/programme-entretien\/","og_locale":"fr_FR","og_type":"article","og_title":"Programme d'entretien - Basketball ext\u00e9rieur (terrain multi-sport)","og_description":"[vc_row][vc_column width=\u00a0\u00bb1\/1&Prime;][vc_column_text]Le programme d\u2019entretien saisonnier devrait inclure des inspections r\u00e9guli\u00e8res et un calendrier de maintenance bien pr\u00e9cis.[\/vc_column_text][vc_accordion active_tab=\u00a0\u00bb0&Prime;][vc_accordion_tab title=\u00a0\u00bbINSPECTIONS R\u00c9GULI\u00c8RES\u00a0\u00bb [&hellip;]","og_url":"https:\/\/www.guides-sports-loisirs.ca\/basketball-exterieur\/exploitation-entretien\/programme-entretien\/","og_site_name":"Basketball ext\u00e9rieur (terrain multi-sport)","article_modified_time":"2022-09-23T15:16:45+00:00","twitter_card":"summary_large_image","twitter_misc":{"Dur\u00e9e de lecture estim\u00e9e":"1 minute"},"schema":{"@context":"https:\/\/schema.org","@graph":[{"@type":"WebPage","@id":"https:\/\/www.guides-sports-loisirs.ca\/basketball-exterieur\/exploitation-entretien\/programme-entretien\/","url":"https:\/\/www.guides-sports-loisirs.ca\/basketball-exterieur\/exploitation-entretien\/programme-entretien\/","name":"Programme d'entretien - Basketball ext\u00e9rieur (terrain multi-sport)","isPartOf":{"@id":"https:\/\/www.guides-sports-loisirs.ca\/basketball-exterieur\/#website"},"datePublished":"2021-10-07T18:34:29+00:00","dateModified":"2022-09-23T15:16:45+00:00","breadcrumb":{"@id":"https:\/\/www.guides-sports-loisirs.ca\/basketball-exterieur\/exploitation-entretien\/programme-entretien\/#breadcrumb"},"inLanguage":"fr-FR","potentialAction":[{"@type":"ReadAction","target":["https:\/\/www.guides-sports-loisirs.ca\/basketball-exterieur\/exploitation-entretien\/programme-entretien\/"]}]},{"@type":"BreadcrumbList","@id":"https:\/\/www.guides-sports-loisirs.ca\/basketball-exterieur\/exploitation-entretien\/programme-entretien\/#breadcrumb","itemListElement":[{"@type":"ListItem","position":1,"name":"Accueil","item":"https:\/\/www.guides-sports-loisirs.ca\/basketball-exterieur\/"},{"@type":"ListItem","position":2,"name":"Exploitation et entretien","item":"https:\/\/www.guides-sports-loisirs.ca\/basketball-exterieur\/exploitation-entretien\/"},{"@type":"ListItem","position":3,"name":"Programme d&rsquo;entretien"}]},{"@type":"WebSite","@id":"https:\/\/www.guides-sports-loisirs.ca\/basketball-exterieur\/#website","url":"https:\/\/www.guides-sports-loisirs.ca\/basketball-exterieur\/","name":"Basketball ext\u00e9rieur (terrain multi-sport)","description":"basketball","potentialAction":[{"@type":"SearchAction","target":{"@type":"EntryPoint","urlTemplate":"https:\/\/www.guides-sports-loisirs.ca\/basketball-exterieur\/?s={search_term_string}"},"query-input":{"@type":"PropertyValueSpecification","valueRequired":true,"valueName":"search_term_string"}}],"inLanguage":"fr-FR"}]}},"_links":{"self":[{"href":"https:\/\/www.guides-sports-loisirs.ca\/basketball-exterieur\/wp-json\/wp\/v2\/pages\/3487","targetHints":{"allow":["GET"]}}],"collection":[{"href":"https:\/\/www.guides-sports-loisirs.ca\/basketball-exterieur\/wp-json\/wp\/v2\/pages"}],"about":[{"href":"https:\/\/www.guides-sports-loisirs.ca\/basketball-exterieur\/wp-json\/wp\/v2\/types\/page"}],"author":[{"embeddable":true,"href":"https:\/\/www.guides-sports-loisirs.ca\/basketball-exterieur\/wp-json\/wp\/v2\/users\/17"}],"replies":[{"embeddable":true,"href":"https:\/\/www.guides-sports-loisirs.ca\/basketball-exterieur\/wp-json\/wp\/v2\/comments?post=3487"}],"version-history":[{"count":40,"href":"https:\/\/www.guides-sports-loisirs.ca\/basketball-exterieur\/wp-json\/wp\/v2\/pages\/3487\/revisions"}],"predecessor-version":[{"id":4000,"href":"https:\/\/www.guides-sports-loisirs.ca\/basketball-exterieur\/wp-json\/wp\/v2\/pages\/3487\/revisions\/4000"}],"up":[{"embeddable":true,"href":"https:\/\/www.guides-sports-loisirs.ca\/basketball-exterieur\/wp-json\/wp\/v2\/pages\/2278"}],"wp:attachment":[{"href":"https:\/\/www.guides-sports-loisirs.ca\/basketball-exterieur\/wp-json\/wp\/v2\/media?parent=3487"}],"curies":[{"name":"wp","href":"https:\/\/api.w.org\/{rel}","templated":true}]}}