{"id":3000,"date":"2020-08-12T13:13:28","date_gmt":"2020-08-12T17:13:28","guid":{"rendered":"https:\/\/www.guides-sports-loisirs.ca\/basketball-exterieur\/?page_id=3000"},"modified":"2022-09-23T11:52:24","modified_gmt":"2022-09-23T15:52:24","slug":"considerations-liees-aux-travaux-de-construction","status":"publish","type":"page","link":"https:\/\/www.guides-sports-loisirs.ca\/basketball-exterieur\/conception-construction\/considerations-liees-aux-travaux-de-construction\/","title":{"rendered":"Consid\u00e9rations li\u00e9es aux travaux de construction"},"content":{"rendered":"<div class=\"wpb-content-wrapper\"><p>[vc_row][vc_column width=\u00a0\u00bb1\/1&Prime;][vc_column_text]<strong>Le succ\u00e8s de la d\u00e9marche se mesure dans la capacit\u00e9 du porteur de projet de r\u00e9aliser un ouvrage de qualit\u00e9, dans les d\u00e9lais et selon le budget impartis. Une bonne planification et une bonne conception sont des pr\u00e9alables essentiels. \u00c0 ceux-ci s\u2019ajoutent des mesures de gestion des risques et de contr\u00f4le de qualit\u00e9 qui permettront d\u2019\u00e9viter les d\u00e9rapages, notamment en mati\u00e8re de co\u00fbts.<\/strong>[\/vc_column_text][vc_accordion][vc_accordion_tab title=\u00a0\u00bbGESTION DES RISQUES\u00a0\u00bb tab_id=\u00a0\u00bb1655392506-1-19&Prime;][vc_column_text]Voici les risques les plus fr\u00e9quents sur les chantiers :<\/p>\n<p>&nbsp;<\/p>\n<h3><span class=\"font-966981\" style=\"color: #ff7e1f\"><strong>En lien avec le site et la signalisation temporaire<\/strong><\/span><\/h3>\n<ul>\n<li>Entraves \u00e0 la circulation<\/li>\n<li>Difficult\u00e9s d&rsquo;acc\u00e8s<\/li>\n<li>Paysage endommag\u00e9<\/li>\n<li>Accidents<\/li>\n<\/ul>\n<p>&nbsp;<\/p>\n<h3><span class=\"font-966981\" style=\"color: #ff7e1f\"><strong>En lien avec le terrassement<\/strong><\/span><\/h3>\n<ul>\n<li>D\u00e9bris, sol contamin\u00e9<\/li>\n<li>Instabilit\u00e9 du sol<\/li>\n<li>Niveau de la nappe phr\u00e9atique<\/li>\n<li>Infrastructures souterraines<\/li>\n<\/ul>\n<p>&nbsp;<\/p>\n<h3><span class=\"font-966981\" style=\"color: #ff7e1f\"><strong>En lien avec l&rsquo;\u00e9clairage<\/strong><\/span><\/h3>\n<ul>\n<li>D\u00e9lai de fabrication et livraison des \u00e9quipements<\/li>\n<li>D\u00e9lais d&rsquo;intervention et des fournisseurs de services \u00e9lectriques<\/li>\n<li>Uniformit\u00e9 de l&rsquo;\u00e9clairage et conformit\u00e9 des niveaux d&rsquo;\u00e9clairement<\/li>\n<\/ul>\n<p>&nbsp;<\/p>\n<h3><span class=\"font-966981\" style=\"color: #ff7e1f\"><strong>En lien avec la fondation du terrain<\/strong><\/span><\/h3>\n<ul>\n<li>Ventres de boeuf (gonflements ou bosses)<\/li>\n<li>Cycle de gel\/d\u00e9gel<\/li>\n<li>Contamination de la terre ou de la pierre lors des travaux<\/li>\n<\/ul>\n<p>&nbsp;<\/p>\n<h3><span class=\"font-966981\" style=\"color: #ff7e1f\"><strong>En lien avec la finition du terrain<\/strong><\/span><\/h3>\n<ul>\n<li>Conditions m\u00e9t\u00e9orologiques inad\u00e9quates<\/li>\n<li>D\u00e9fauts de finition<\/li>\n<li>D\u00e9lais de livraison des mat\u00e9riaux et \u00e9quipements<\/li>\n<li>D\u00e9fauts de fabrication des \u00e9quipements<\/li>\n<li>Mauvaise ex\u00e9cution des travaux d&rsquo;excavation, incluant la profondeur, le choix et le volume des mat\u00e9riaux de remplissage et leur compaction<\/li>\n<\/ul>\n<p>[\/vc_column_text][\/vc_accordion_tab][vc_accordion_tab title=\u00a0\u00bbCONTR\u00d4LE DE QUALIT\u00c9\u00a0\u00bb tab_id=\u00a0\u00bb1655392506-2-7&Prime;][vc_column_text]Le contr\u00f4le de qualit\u00e9 vise \u00e0 s\u2019assurer de la conformit\u00e9 des travaux \u00e0 ce qui avait \u00e9t\u00e9 planifi\u00e9 dans les plans et devis et aux normes en vigueur. Ce contr\u00f4le s\u2019exerce de fa\u00e7on pr\u00e9ventive et par la surveillance de chantier. Voici quelques-unes des mesures pr\u00e9ventives et de contr\u00f4le applicables \u00e0 la construction d\u2019un terrain de basketball ext\u00e9rieur :<\/p>\n<p>&nbsp;<\/p>\n<h3><span class=\"font-966981\" style=\"color: #ff7e1f\"><strong>En lien avec le site et la signalisation temporaire<\/strong><\/span><\/h3>\n<ul>\n<li>Assurance responsabilit\u00e9 civile et chantier<\/li>\n<li>Programme de pr\u00e9vention de la CNESST<\/li>\n<li>Autorisation d&rsquo;occupation du domaine public<\/li>\n<li>Mesures de protection de la faune et de la flore<\/li>\n<li>S\u00e9curisation du chantier par des cl\u00f4tures<\/li>\n<li>\u00c9quipements de protection individuels<\/li>\n<li>Signaleur et signalisation bien en vue<\/li>\n<\/ul>\n<p>&nbsp;<\/p>\n<h3><span class=\"font-966981\" style=\"color: #ff7e1f\"><strong>En lien avec le terrassement<\/strong><\/span><\/h3>\n<ul>\n<li>Connaissance du lieu de provenance et d\u2019\u00e9limination des sols de remblai et de d\u00e9blai<\/li>\n<li>Localisation des infrastructures souterraines<\/li>\n<li>Tests de compaction (sol), de pression (drainage) et d\u2019\u00e9tanch\u00e9it\u00e9 (aqueduc)<\/li>\n<li>Choix du diam\u00e8tre, de l\u2019\u00e9paisseur et du mat\u00e9riau des conduits<\/li>\n<\/ul>\n<p>&nbsp;<\/p>\n<h3><span class=\"font-966981\" style=\"color: #ff7e1f\"><strong>En lien avec l&rsquo;\u00e9clairage<\/strong><\/span><\/h3>\n<ul>\n<li>Quantit\u00e9 et qualit\u00e9 des projecteurs<\/li>\n<li>Hauteur de l&rsquo;installation<\/li>\n<li>Devis pour la base de support<\/li>\n<li>Test de charge et relev\u00e9 photom\u00e9trique<\/li>\n<\/ul>\n<p>&nbsp;<\/p>\n<h3><span class=\"font-966981\" style=\"color: #ff7e1f\"><strong>En lien avec la fondation du terrain<\/strong><\/span><\/h3>\n<ul>\n<li>Provenance et qualit\u00e9 du granulat<\/li>\n<li>Plan\u00e9it\u00e9 de la surface<\/li>\n<\/ul>\n<p>&nbsp;<\/p>\n<h3><span class=\"font-966981\" style=\"color: #ff7e1f\"><strong>En lien avec la finition du terrain<\/strong><\/span><\/h3>\n<ul>\n<li>Type et qualit\u00e9 du m\u00e9lange (b\u00e9ton, acrylique, bitume)<\/li>\n<li>\u00c9paisseur de la pose<\/li>\n<li>Imperm\u00e9abilit\u00e9 de la surface<\/li>\n<li>Validation de l\u2019int\u00e9grit\u00e9 structurale des poteaux<\/li>\n<li>Conformit\u00e9 aux normes et superficies requises<\/li>\n<\/ul>\n<p>[\/vc_column_text][\/vc_accordion_tab][\/vc_accordion][\/vc_column][\/vc_row][vc_row][\/vc_row][vc_row row_height_percent=\u00a0\u00bb0&Prime; overlay_alpha=\u00a0\u00bb50&Prime; gutter_size=\u00a0\u00bb3&Prime; shift_y=\u00a0\u00bb0&Prime; css=\u00a0\u00bb.vc_custom_1569108716255{margin-bottom: 50px !important;}\u00a0\u00bb][vc_column width=\u00a0\u00bb1\/1&Prime;][vc_button button_color=\u00a0\u00bbaccent\u00a0\u00bb size=\u00a0\u00bbbtn-lg\u00a0\u00bb radius=\u00a0\u00bbbtn-circle\u00a0\u00bb border_width=\u00a0\u00bb0&Prime; link=\u00a0\u00bburl:https%3A%2F%2Fwww.guides-sports-loisirs.ca%2Fbasketball-exterieur%2Fwp-content%2Fuploads%2Fsites%2F21%2F2022%2F09%2F4.3_ConsiderationLieesTravauxConstruction.pdf||target:%20_blank|\u00a0\u00bb icon=\u00a0\u00bbfa fa-file-o\u00a0\u00bb el_class=\u00a0\u00bbbtn-pdf\u00a0\u00bb]Version PDF[\/vc_button][\/vc_column][\/vc_row]<\/p>\n<\/div>","protected":false},"excerpt":{"rendered":"<p>[vc_row][vc_column width=\u00a0\u00bb1\/1&Prime;][vc_column_text]Le succ\u00e8s de la d\u00e9marche se mesure dans la capacit\u00e9 du porteur de projet de r\u00e9aliser un ouvrage de [&hellip;]<\/p>\n","protected":false},"author":11,"featured_media":0,"parent":2996,"menu_order":2,"comment_status":"closed","ping_status":"closed","template":"","meta":{"_acf_changed":false,"footnotes":""},"class_list":["post-3000","page","type-page","status-publish","hentry"],"acf":[],"yoast_head":"<!-- This site is optimized with the Yoast SEO plugin v27.4 - https:\/\/yoast.com\/product\/yoast-seo-wordpress\/ -->\n<title>Consid\u00e9rations li\u00e9es aux travaux de construction - Basketball ext\u00e9rieur (terrain multi-sport)<\/title>\n<meta name=\"robots\" content=\"index, follow, max-snippet:-1, max-image-preview:large, max-video-preview:-1\" \/>\n<link rel=\"canonical\" href=\"https:\/\/www.guides-sports-loisirs.ca\/basketball-exterieur\/conception-construction\/considerations-liees-aux-travaux-de-construction\/\" \/>\n<meta property=\"og:locale\" content=\"fr_FR\" \/>\n<meta property=\"og:type\" content=\"article\" \/>\n<meta property=\"og:title\" content=\"Consid\u00e9rations li\u00e9es aux travaux de construction - Basketball ext\u00e9rieur (terrain multi-sport)\" \/>\n<meta property=\"og:description\" content=\"[vc_row][vc_column width=\u00a0\u00bb1\/1&Prime;][vc_column_text]Le succ\u00e8s de la d\u00e9marche se mesure dans la capacit\u00e9 du porteur de projet de r\u00e9aliser un ouvrage de [&hellip;]\" \/>\n<meta property=\"og:url\" content=\"https:\/\/www.guides-sports-loisirs.ca\/basketball-exterieur\/conception-construction\/considerations-liees-aux-travaux-de-construction\/\" \/>\n<meta property=\"og:site_name\" content=\"Basketball ext\u00e9rieur (terrain multi-sport)\" \/>\n<meta property=\"article:modified_time\" content=\"2022-09-23T15:52:24+00:00\" \/>\n<meta name=\"twitter:card\" content=\"summary_large_image\" \/>\n<meta name=\"twitter:label1\" content=\"Dur\u00e9e de lecture estim\u00e9e\" \/>\n\t<meta name=\"twitter:data1\" content=\"3 minutes\" \/>\n<script type=\"application\/ld+json\" class=\"yoast-schema-graph\">{\"@context\":\"https:\\\/\\\/schema.org\",\"@graph\":[{\"@type\":\"WebPage\",\"@id\":\"https:\\\/\\\/www.guides-sports-loisirs.ca\\\/basketball-exterieur\\\/conception-construction\\\/considerations-liees-aux-travaux-de-construction\\\/\",\"url\":\"https:\\\/\\\/www.guides-sports-loisirs.ca\\\/basketball-exterieur\\\/conception-construction\\\/considerations-liees-aux-travaux-de-construction\\\/\",\"name\":\"Consid\u00e9rations li\u00e9es aux travaux de construction - Basketball ext\u00e9rieur (terrain multi-sport)\",\"isPartOf\":{\"@id\":\"https:\\\/\\\/www.guides-sports-loisirs.ca\\\/basketball-exterieur\\\/#website\"},\"datePublished\":\"2020-08-12T17:13:28+00:00\",\"dateModified\":\"2022-09-23T15:52:24+00:00\",\"breadcrumb\":{\"@id\":\"https:\\\/\\\/www.guides-sports-loisirs.ca\\\/basketball-exterieur\\\/conception-construction\\\/considerations-liees-aux-travaux-de-construction\\\/#breadcrumb\"},\"inLanguage\":\"fr-FR\",\"potentialAction\":[{\"@type\":\"ReadAction\",\"target\":[\"https:\\\/\\\/www.guides-sports-loisirs.ca\\\/basketball-exterieur\\\/conception-construction\\\/considerations-liees-aux-travaux-de-construction\\\/\"]}]},{\"@type\":\"BreadcrumbList\",\"@id\":\"https:\\\/\\\/www.guides-sports-loisirs.ca\\\/basketball-exterieur\\\/conception-construction\\\/considerations-liees-aux-travaux-de-construction\\\/#breadcrumb\",\"itemListElement\":[{\"@type\":\"ListItem\",\"position\":1,\"name\":\"Accueil\",\"item\":\"https:\\\/\\\/www.guides-sports-loisirs.ca\\\/basketball-exterieur\\\/\"},{\"@type\":\"ListItem\",\"position\":2,\"name\":\"Conception et construction\",\"item\":\"https:\\\/\\\/www.guides-sports-loisirs.ca\\\/basketball-exterieur\\\/conception-construction\\\/\"},{\"@type\":\"ListItem\",\"position\":3,\"name\":\"Consid\u00e9rations li\u00e9es aux travaux de construction\"}]},{\"@type\":\"WebSite\",\"@id\":\"https:\\\/\\\/www.guides-sports-loisirs.ca\\\/basketball-exterieur\\\/#website\",\"url\":\"https:\\\/\\\/www.guides-sports-loisirs.ca\\\/basketball-exterieur\\\/\",\"name\":\"Basketball ext\u00e9rieur (terrain multi-sport)\",\"description\":\"basketball\",\"potentialAction\":[{\"@type\":\"SearchAction\",\"target\":{\"@type\":\"EntryPoint\",\"urlTemplate\":\"https:\\\/\\\/www.guides-sports-loisirs.ca\\\/basketball-exterieur\\\/?s={search_term_string}\"},\"query-input\":{\"@type\":\"PropertyValueSpecification\",\"valueRequired\":true,\"valueName\":\"search_term_string\"}}],\"inLanguage\":\"fr-FR\"}]}<\/script>\n<!-- \/ Yoast SEO plugin. -->","yoast_head_json":{"title":"Consid\u00e9rations li\u00e9es aux travaux de construction - Basketball ext\u00e9rieur (terrain multi-sport)","robots":{"index":"index","follow":"follow","max-snippet":"max-snippet:-1","max-image-preview":"max-image-preview:large","max-video-preview":"max-video-preview:-1"},"canonical":"https:\/\/www.guides-sports-loisirs.ca\/basketball-exterieur\/conception-construction\/considerations-liees-aux-travaux-de-construction\/","og_locale":"fr_FR","og_type":"article","og_title":"Consid\u00e9rations li\u00e9es aux travaux de construction - Basketball ext\u00e9rieur (terrain multi-sport)","og_description":"[vc_row][vc_column width=\u00a0\u00bb1\/1&Prime;][vc_column_text]Le succ\u00e8s de la d\u00e9marche se mesure dans la capacit\u00e9 du porteur de projet de r\u00e9aliser un ouvrage de [&hellip;]","og_url":"https:\/\/www.guides-sports-loisirs.ca\/basketball-exterieur\/conception-construction\/considerations-liees-aux-travaux-de-construction\/","og_site_name":"Basketball ext\u00e9rieur (terrain multi-sport)","article_modified_time":"2022-09-23T15:52:24+00:00","twitter_card":"summary_large_image","twitter_misc":{"Dur\u00e9e de lecture estim\u00e9e":"3 minutes"},"schema":{"@context":"https:\/\/schema.org","@graph":[{"@type":"WebPage","@id":"https:\/\/www.guides-sports-loisirs.ca\/basketball-exterieur\/conception-construction\/considerations-liees-aux-travaux-de-construction\/","url":"https:\/\/www.guides-sports-loisirs.ca\/basketball-exterieur\/conception-construction\/considerations-liees-aux-travaux-de-construction\/","name":"Consid\u00e9rations li\u00e9es aux travaux de construction - Basketball ext\u00e9rieur (terrain multi-sport)","isPartOf":{"@id":"https:\/\/www.guides-sports-loisirs.ca\/basketball-exterieur\/#website"},"datePublished":"2020-08-12T17:13:28+00:00","dateModified":"2022-09-23T15:52:24+00:00","breadcrumb":{"@id":"https:\/\/www.guides-sports-loisirs.ca\/basketball-exterieur\/conception-construction\/considerations-liees-aux-travaux-de-construction\/#breadcrumb"},"inLanguage":"fr-FR","potentialAction":[{"@type":"ReadAction","target":["https:\/\/www.guides-sports-loisirs.ca\/basketball-exterieur\/conception-construction\/considerations-liees-aux-travaux-de-construction\/"]}]},{"@type":"BreadcrumbList","@id":"https:\/\/www.guides-sports-loisirs.ca\/basketball-exterieur\/conception-construction\/considerations-liees-aux-travaux-de-construction\/#breadcrumb","itemListElement":[{"@type":"ListItem","position":1,"name":"Accueil","item":"https:\/\/www.guides-sports-loisirs.ca\/basketball-exterieur\/"},{"@type":"ListItem","position":2,"name":"Conception et construction","item":"https:\/\/www.guides-sports-loisirs.ca\/basketball-exterieur\/conception-construction\/"},{"@type":"ListItem","position":3,"name":"Consid\u00e9rations li\u00e9es aux travaux de construction"}]},{"@type":"WebSite","@id":"https:\/\/www.guides-sports-loisirs.ca\/basketball-exterieur\/#website","url":"https:\/\/www.guides-sports-loisirs.ca\/basketball-exterieur\/","name":"Basketball ext\u00e9rieur (terrain multi-sport)","description":"basketball","potentialAction":[{"@type":"SearchAction","target":{"@type":"EntryPoint","urlTemplate":"https:\/\/www.guides-sports-loisirs.ca\/basketball-exterieur\/?s={search_term_string}"},"query-input":{"@type":"PropertyValueSpecification","valueRequired":true,"valueName":"search_term_string"}}],"inLanguage":"fr-FR"}]}},"_links":{"self":[{"href":"https:\/\/www.guides-sports-loisirs.ca\/basketball-exterieur\/wp-json\/wp\/v2\/pages\/3000","targetHints":{"allow":["GET"]}}],"collection":[{"href":"https:\/\/www.guides-sports-loisirs.ca\/basketball-exterieur\/wp-json\/wp\/v2\/pages"}],"about":[{"href":"https:\/\/www.guides-sports-loisirs.ca\/basketball-exterieur\/wp-json\/wp\/v2\/types\/page"}],"author":[{"embeddable":true,"href":"https:\/\/www.guides-sports-loisirs.ca\/basketball-exterieur\/wp-json\/wp\/v2\/users\/11"}],"replies":[{"embeddable":true,"href":"https:\/\/www.guides-sports-loisirs.ca\/basketball-exterieur\/wp-json\/wp\/v2\/comments?post=3000"}],"version-history":[{"count":30,"href":"https:\/\/www.guides-sports-loisirs.ca\/basketball-exterieur\/wp-json\/wp\/v2\/pages\/3000\/revisions"}],"predecessor-version":[{"id":4688,"href":"https:\/\/www.guides-sports-loisirs.ca\/basketball-exterieur\/wp-json\/wp\/v2\/pages\/3000\/revisions\/4688"}],"up":[{"embeddable":true,"href":"https:\/\/www.guides-sports-loisirs.ca\/basketball-exterieur\/wp-json\/wp\/v2\/pages\/2996"}],"wp:attachment":[{"href":"https:\/\/www.guides-sports-loisirs.ca\/basketball-exterieur\/wp-json\/wp\/v2\/media?parent=3000"}],"curies":[{"name":"wp","href":"https:\/\/api.w.org\/{rel}","templated":true}]}}