{"id":2293,"date":"2020-08-10T14:00:07","date_gmt":"2020-08-10T18:00:07","guid":{"rendered":"https:\/\/www.guides-sports-loisirs.ca\/basketball-exterieur\/?page_id=2293"},"modified":"2022-09-02T23:12:35","modified_gmt":"2022-09-03T03:12:35","slug":"exploitation","status":"publish","type":"page","link":"https:\/\/www.guides-sports-loisirs.ca\/basketball-exterieur\/exploitation-entretien\/exploitation\/","title":{"rendered":"Exploitation"},"content":{"rendered":"<div class=\"wpb-content-wrapper\"><p>[vc_row][vc_column width=\u00a0\u00bb1\/1&Prime;][vc_column_text]<strong>La planification de l\u2019entretien repose en partie sur l\u2019utilisation actuelle et potentielle des infrastructures. L\u2019augmentation de l\u2019utilisation avec les ann\u00e9es peut engendrer une usure pr\u00e9matur\u00e9e. Si un tel ph\u00e9nom\u00e8ne se produit, il est possible d\u2019accro\u00eetre les mesures d\u2019entretien ou de modifier le calendrier d\u2019utilisation afin d\u2019en restreindre l\u2019usage.<\/strong><\/p>\n<p><strong>Comme les surfaces de basketball ext\u00e9rieures sont g\u00e9n\u00e9ralement dures, ce ph\u00e9nom\u00e8ne est moins probl\u00e9matique que pour d\u2019autres types de surface (gazon naturel, terre battue, gazon synth\u00e9tique).<\/strong>[\/vc_column_text][vc_accordion active_tab=\u00a0\u00bb0&Prime;][vc_accordion_tab title=\u00a0\u00bbAFFICHAGE\u00a0\u00bb tab_id=\u00a0\u00bb6276aae1-c341-4&Prime;][vc_column_text]Les terrains de basketball ext\u00e9rieurs devraient \u00eatre r\u00e9serv\u00e9s principalement \u00e0 la <strong>pratique libre non encadr\u00e9e<\/strong>. En ce sens, un affichage clair devra \u00eatre install\u00e9 pour que les pratiquants comprennent bien les consignes d\u2019utilisation des \u00e9quipements.<\/p>\n<p>On devrait y retrouver :<\/p>\n<ul>\n<li>les heures d\u2019ouverture;<\/li>\n<li>les consignes de rotation des utilisateurs;<\/li>\n<li>les ressources \u00e0 contacter en cas de bris et d\u2019urgence;<\/li>\n<li>les consignes d\u2019usage et de s\u00e9curit\u00e9.<\/li>\n<\/ul>\n<p>Les panneaux qui ont recours \u00e0 une symbolique intuitive (pictogramme) sont g\u00e9n\u00e9ralement appropri\u00e9s.[\/vc_column_text][\/vc_accordion_tab][vc_accordion_tab title=\u00a0\u00bbHORAIRE\u00a0\u00bb tab_id=\u00a0\u00bb1633622125136-1-0&Prime;][vc_column_text]Il faut pr\u00e9voir les <strong>p\u00e9riodes d\u2019ouverture et de fermeture<\/strong> des installations au printemps et \u00e0 l\u2019automne de fa\u00e7on \u00e0 laisser suffisamment de temps aux \u00e9quipes d\u2019entretien pour pr\u00e9parer ou remiser les \u00e9quipements (inspection, balayage, lignage, r\u00e9paration, filets et paniers).<\/p>\n<p>Si des individus ou des ligues sportives peuvent r\u00e9server des terrains, il est essentiel de d\u00e9finir les plages d\u2019utilisation <strong>libre<\/strong> et celles qui n\u00e9cessitent une <strong>r\u00e9servation<\/strong>. Lors d\u2019\u00e9v\u00e9nements, il faut pr\u00e9voir du temps, avant et apr\u00e8s, afin de proc\u00e9der \u00e0 l\u2019inspection et au nettoyage.[\/vc_column_text][\/vc_accordion_tab][\/vc_accordion][\/vc_column][\/vc_row][vc_row][\/vc_row][vc_row row_height_percent=\u00a0\u00bb0&Prime; overlay_alpha=\u00a0\u00bb50&Prime; gutter_size=\u00a0\u00bb3&Prime; shift_y=\u00a0\u00bb0&Prime; css=\u00a0\u00bb.vc_custom_1569108716255{margin-bottom: 50px !important;}\u00a0\u00bb][vc_column width=\u00a0\u00bb1\/1&Prime;][vc_button button_color=\u00a0\u00bbaccent\u00a0\u00bb size=\u00a0\u00bbbtn-lg\u00a0\u00bb radius=\u00a0\u00bbbtn-circle\u00a0\u00bb border_width=\u00a0\u00bb0&Prime; link=\u00a0\u00bburl:https%3A%2F%2Fwww.guides-sports-loisirs.ca%2Fbasketball-exterieur%2Fwp-content%2Fuploads%2Fsites%2F21%2F2022%2F09%2F5.1_Exploitation.pdf||target:%20_blank|\u00a0\u00bb icon=\u00a0\u00bbfa fa-file-o\u00a0\u00bb el_class=\u00a0\u00bbbtn-pdf\u00a0\u00bb]Version PDF[\/vc_button][\/vc_column][\/vc_row]<\/p>\n<\/div>","protected":false},"excerpt":{"rendered":"<p>[vc_row][vc_column width=\u00a0\u00bb1\/1&Prime;][vc_column_text]La planification de l\u2019entretien repose en partie sur l\u2019utilisation actuelle et potentielle des infrastructures. L\u2019augmentation de l\u2019utilisation avec les [&hellip;]<\/p>\n","protected":false},"author":11,"featured_media":0,"parent":2278,"menu_order":23,"comment_status":"closed","ping_status":"closed","template":"","meta":{"_acf_changed":false,"footnotes":""},"class_list":["post-2293","page","type-page","status-publish","hentry"],"acf":[],"yoast_head":"<!-- This site is optimized with the Yoast SEO plugin v27.2 - https:\/\/yoast.com\/product\/yoast-seo-wordpress\/ -->\n<title>Exploitation - Basketball ext\u00e9rieur (terrain multi-sport)<\/title>\n<meta name=\"robots\" content=\"index, follow, max-snippet:-1, max-image-preview:large, max-video-preview:-1\" \/>\n<link rel=\"canonical\" href=\"https:\/\/www.guides-sports-loisirs.ca\/basketball-exterieur\/exploitation-entretien\/exploitation\/\" \/>\n<meta property=\"og:locale\" content=\"fr_FR\" \/>\n<meta property=\"og:type\" content=\"article\" \/>\n<meta property=\"og:title\" content=\"Exploitation - Basketball ext\u00e9rieur (terrain multi-sport)\" \/>\n<meta property=\"og:description\" content=\"[vc_row][vc_column width=\u00a0\u00bb1\/1&Prime;][vc_column_text]La planification de l\u2019entretien repose en partie sur l\u2019utilisation actuelle et potentielle des infrastructures. L\u2019augmentation de l\u2019utilisation avec les [&hellip;]\" \/>\n<meta property=\"og:url\" content=\"https:\/\/www.guides-sports-loisirs.ca\/basketball-exterieur\/exploitation-entretien\/exploitation\/\" \/>\n<meta property=\"og:site_name\" content=\"Basketball ext\u00e9rieur (terrain multi-sport)\" \/>\n<meta property=\"article:modified_time\" content=\"2022-09-03T03:12:35+00:00\" \/>\n<meta name=\"twitter:card\" content=\"summary_large_image\" \/>\n<meta name=\"twitter:label1\" content=\"Dur\u00e9e de lecture estim\u00e9e\" \/>\n\t<meta name=\"twitter:data1\" content=\"2 minutes\" \/>\n<script type=\"application\/ld+json\" class=\"yoast-schema-graph\">{\"@context\":\"https:\/\/schema.org\",\"@graph\":[{\"@type\":\"WebPage\",\"@id\":\"https:\/\/www.guides-sports-loisirs.ca\/basketball-exterieur\/exploitation-entretien\/exploitation\/\",\"url\":\"https:\/\/www.guides-sports-loisirs.ca\/basketball-exterieur\/exploitation-entretien\/exploitation\/\",\"name\":\"Exploitation - Basketball ext\u00e9rieur (terrain multi-sport)\",\"isPartOf\":{\"@id\":\"https:\/\/www.guides-sports-loisirs.ca\/basketball-exterieur\/#website\"},\"datePublished\":\"2020-08-10T18:00:07+00:00\",\"dateModified\":\"2022-09-03T03:12:35+00:00\",\"breadcrumb\":{\"@id\":\"https:\/\/www.guides-sports-loisirs.ca\/basketball-exterieur\/exploitation-entretien\/exploitation\/#breadcrumb\"},\"inLanguage\":\"fr-FR\",\"potentialAction\":[{\"@type\":\"ReadAction\",\"target\":[\"https:\/\/www.guides-sports-loisirs.ca\/basketball-exterieur\/exploitation-entretien\/exploitation\/\"]}]},{\"@type\":\"BreadcrumbList\",\"@id\":\"https:\/\/www.guides-sports-loisirs.ca\/basketball-exterieur\/exploitation-entretien\/exploitation\/#breadcrumb\",\"itemListElement\":[{\"@type\":\"ListItem\",\"position\":1,\"name\":\"Accueil\",\"item\":\"https:\/\/www.guides-sports-loisirs.ca\/basketball-exterieur\/\"},{\"@type\":\"ListItem\",\"position\":2,\"name\":\"Exploitation et entretien\",\"item\":\"https:\/\/www.guides-sports-loisirs.ca\/basketball-exterieur\/exploitation-entretien\/\"},{\"@type\":\"ListItem\",\"position\":3,\"name\":\"Exploitation\"}]},{\"@type\":\"WebSite\",\"@id\":\"https:\/\/www.guides-sports-loisirs.ca\/basketball-exterieur\/#website\",\"url\":\"https:\/\/www.guides-sports-loisirs.ca\/basketball-exterieur\/\",\"name\":\"Basketball ext\u00e9rieur (terrain multi-sport)\",\"description\":\"basketball\",\"potentialAction\":[{\"@type\":\"SearchAction\",\"target\":{\"@type\":\"EntryPoint\",\"urlTemplate\":\"https:\/\/www.guides-sports-loisirs.ca\/basketball-exterieur\/?s={search_term_string}\"},\"query-input\":{\"@type\":\"PropertyValueSpecification\",\"valueRequired\":true,\"valueName\":\"search_term_string\"}}],\"inLanguage\":\"fr-FR\"}]}<\/script>\n<!-- \/ Yoast SEO plugin. -->","yoast_head_json":{"title":"Exploitation - Basketball ext\u00e9rieur (terrain multi-sport)","robots":{"index":"index","follow":"follow","max-snippet":"max-snippet:-1","max-image-preview":"max-image-preview:large","max-video-preview":"max-video-preview:-1"},"canonical":"https:\/\/www.guides-sports-loisirs.ca\/basketball-exterieur\/exploitation-entretien\/exploitation\/","og_locale":"fr_FR","og_type":"article","og_title":"Exploitation - Basketball ext\u00e9rieur (terrain multi-sport)","og_description":"[vc_row][vc_column width=\u00a0\u00bb1\/1&Prime;][vc_column_text]La planification de l\u2019entretien repose en partie sur l\u2019utilisation actuelle et potentielle des infrastructures. L\u2019augmentation de l\u2019utilisation avec les [&hellip;]","og_url":"https:\/\/www.guides-sports-loisirs.ca\/basketball-exterieur\/exploitation-entretien\/exploitation\/","og_site_name":"Basketball ext\u00e9rieur (terrain multi-sport)","article_modified_time":"2022-09-03T03:12:35+00:00","twitter_card":"summary_large_image","twitter_misc":{"Dur\u00e9e de lecture estim\u00e9e":"2 minutes"},"schema":{"@context":"https:\/\/schema.org","@graph":[{"@type":"WebPage","@id":"https:\/\/www.guides-sports-loisirs.ca\/basketball-exterieur\/exploitation-entretien\/exploitation\/","url":"https:\/\/www.guides-sports-loisirs.ca\/basketball-exterieur\/exploitation-entretien\/exploitation\/","name":"Exploitation - Basketball ext\u00e9rieur (terrain multi-sport)","isPartOf":{"@id":"https:\/\/www.guides-sports-loisirs.ca\/basketball-exterieur\/#website"},"datePublished":"2020-08-10T18:00:07+00:00","dateModified":"2022-09-03T03:12:35+00:00","breadcrumb":{"@id":"https:\/\/www.guides-sports-loisirs.ca\/basketball-exterieur\/exploitation-entretien\/exploitation\/#breadcrumb"},"inLanguage":"fr-FR","potentialAction":[{"@type":"ReadAction","target":["https:\/\/www.guides-sports-loisirs.ca\/basketball-exterieur\/exploitation-entretien\/exploitation\/"]}]},{"@type":"BreadcrumbList","@id":"https:\/\/www.guides-sports-loisirs.ca\/basketball-exterieur\/exploitation-entretien\/exploitation\/#breadcrumb","itemListElement":[{"@type":"ListItem","position":1,"name":"Accueil","item":"https:\/\/www.guides-sports-loisirs.ca\/basketball-exterieur\/"},{"@type":"ListItem","position":2,"name":"Exploitation et entretien","item":"https:\/\/www.guides-sports-loisirs.ca\/basketball-exterieur\/exploitation-entretien\/"},{"@type":"ListItem","position":3,"name":"Exploitation"}]},{"@type":"WebSite","@id":"https:\/\/www.guides-sports-loisirs.ca\/basketball-exterieur\/#website","url":"https:\/\/www.guides-sports-loisirs.ca\/basketball-exterieur\/","name":"Basketball ext\u00e9rieur (terrain multi-sport)","description":"basketball","potentialAction":[{"@type":"SearchAction","target":{"@type":"EntryPoint","urlTemplate":"https:\/\/www.guides-sports-loisirs.ca\/basketball-exterieur\/?s={search_term_string}"},"query-input":{"@type":"PropertyValueSpecification","valueRequired":true,"valueName":"search_term_string"}}],"inLanguage":"fr-FR"}]}},"_links":{"self":[{"href":"https:\/\/www.guides-sports-loisirs.ca\/basketball-exterieur\/wp-json\/wp\/v2\/pages\/2293","targetHints":{"allow":["GET"]}}],"collection":[{"href":"https:\/\/www.guides-sports-loisirs.ca\/basketball-exterieur\/wp-json\/wp\/v2\/pages"}],"about":[{"href":"https:\/\/www.guides-sports-loisirs.ca\/basketball-exterieur\/wp-json\/wp\/v2\/types\/page"}],"author":[{"embeddable":true,"href":"https:\/\/www.guides-sports-loisirs.ca\/basketball-exterieur\/wp-json\/wp\/v2\/users\/11"}],"replies":[{"embeddable":true,"href":"https:\/\/www.guides-sports-loisirs.ca\/basketball-exterieur\/wp-json\/wp\/v2\/comments?post=2293"}],"version-history":[{"count":69,"href":"https:\/\/www.guides-sports-loisirs.ca\/basketball-exterieur\/wp-json\/wp\/v2\/pages\/2293\/revisions"}],"predecessor-version":[{"id":4502,"href":"https:\/\/www.guides-sports-loisirs.ca\/basketball-exterieur\/wp-json\/wp\/v2\/pages\/2293\/revisions\/4502"}],"up":[{"embeddable":true,"href":"https:\/\/www.guides-sports-loisirs.ca\/basketball-exterieur\/wp-json\/wp\/v2\/pages\/2278"}],"wp:attachment":[{"href":"https:\/\/www.guides-sports-loisirs.ca\/basketball-exterieur\/wp-json\/wp\/v2\/media?parent=2293"}],"curies":[{"name":"wp","href":"https:\/\/api.w.org\/{rel}","templated":true}]}}