{"id":1931,"date":"2020-08-10T08:18:49","date_gmt":"2020-08-10T12:18:49","guid":{"rendered":"https:\/\/www.guides-sports-loisirs.ca\/basketball-exterieur\/?page_id=1931"},"modified":"2022-09-06T12:38:47","modified_gmt":"2022-09-06T16:38:47","slug":"contexte-implantation-environnement","status":"publish","type":"page","link":"https:\/\/www.guides-sports-loisirs.ca\/basketball-exterieur\/securite-integrite\/contexte-implantation-environnement\/","title":{"rendered":"Contexte d&rsquo;implantation (environnement)"},"content":{"rendered":"<div class=\"wpb-content-wrapper\"><p>[vc_row][vc_column width=\u00a0\u00bb1\/1&Prime;][vc_column_text]<strong>Selon une \u00e9tude de l\u2019Institut national de sant\u00e9 publique du Qu\u00e9bec (INSQ), environ 26 000 pratiquants ont subi une blessure en jouant au basketball en 2015-2016 (sans distinction de pratique int\u00e9rieure ou ext\u00e9rieure). Cela correspond \u00e0 un taux de 34 participants sur 1000. \u00c0 titre comparatif, le hockey, la gymnastique, les sports de combat et le football \u00e9taient les sports avec les plus hauts taux de blessures. Ces derniers d\u00e9passaient les 80 participants sur 1000<sup>13<\/sup>. Ainsi, la nature du basketball en fait un sport relativement s\u00e9curitaire.<\/strong><\/p>\n<p><strong>N\u00e9anmoins, les municipalit\u00e9s doivent assumer une grande responsabilit\u00e9 dans le respect de la s\u00e9curit\u00e9 des pratiquants sur les terrains de basket. Cela se traduit notamment par le maintien de l\u2019int\u00e9grit\u00e9 physique et morale des participants ainsi que par le maintien de l\u2019int\u00e9grit\u00e9 des \u00e9quipements.<\/strong><\/p>\n<p>Plusieurs facteurs de risque doivent \u00eatre pris en consid\u00e9ration lors de l\u2019implantation d\u2019un terrain de basketball ext\u00e9rieur<sup>14<\/sup> :<\/p>\n<ul>\n<li>\u00c9tat des surfaces et conformit\u00e9 des \u00e9quipements<\/li>\n<li>Blessures et soins d\u2019urgence<\/li>\n<li>Encombrement des espaces de pratique et densit\u00e9 des utilisateurs<\/li>\n<li>Vandalisme et fl\u00e2nage<\/li>\n<\/ul>\n<p>Voici quelques actions ou r\u00e9flexions \u00e0 entreprendre pour r\u00e9duire au minimum les facteurs de risque :[\/vc_column_text][vc_single_image media=\u00a0\u00bb4592&Prime; media_lightbox=\u00a0\u00bbyes\u00a0\u00bb media_width_percent=\u00a0\u00bb65&Prime; lbox_skin=\u00a0\u00bbwhite\u00a0\u00bb][vc_column_text]<\/p>\n<hr \/>\n<p><strong>[13] <\/strong>Hamel, D., B. Tremblay et B. Nolin, <a href=\"https:\/\/www.inspq.qc.ca\/sites\/default\/files\/publications\/2525_blessures_activites_recreatives_sportives.pdf\" target=\"_blank\" rel=\"noopener noreferrer\"><em>\u00c9tude des blessures subies au cours de la pratique d\u2019activit\u00e9s r\u00e9cr\u00e9atives et sportives au Qu\u00e9bec en 2015-2016<\/em><\/a>, Institut national de sant\u00e9 publique du Qu\u00e9bec, Qu\u00e9bec, 2019, 73 p.<br \/>\n<strong>[14] <\/strong>Minist\u00e8re de l\u2019\u00c9ducation, du Loisir et du Sport, <em><a href=\"http:\/\/www.education.gouv.qc.ca\/fileadmin\/site_web\/documents\/education\/reseau\/Guide_de_bonnes_pratiques_1.pdf\" target=\"_blank\" rel=\"noopener noreferrer\">Acquisition, installation et entretien de l\u2019\u00e9quipement sportif des<\/a> commissions scolaires<\/em>, 2005.<br \/>\n<strong>[15] <\/strong>R\u00e9publique fran\u00e7aise \u2013 minist\u00e8re de la Ville, de la Jeunesse et des Sports, <a href=\"http:\/\/www.ffbb.com\/sites\/default\/files\/sallesEtterrains\/5-guide-equipements-qpv_01012017.pdf\" target=\"_blank\" rel=\"noopener noreferrer\"><em>Penser, cr\u00e9er et g\u00e9rer des \u00e9quipements sportifs en quartiers prioritaires de la politique de la ville<\/em><\/a>, 2016.[\/vc_column_text][\/vc_column][\/vc_row][vc_row][\/vc_row][vc_row row_height_percent=\u00a0\u00bb0&Prime; overlay_alpha=\u00a0\u00bb50&Prime; gutter_size=\u00a0\u00bb3&Prime; shift_y=\u00a0\u00bb0&Prime; css=\u00a0\u00bb.vc_custom_1569108843026{margin-bottom: 50px !important;}\u00a0\u00bb][vc_column width=\u00a0\u00bb1\/1&Prime;][vc_button button_color=\u00a0\u00bbaccent\u00a0\u00bb size=\u00a0\u00bbbtn-lg\u00a0\u00bb radius=\u00a0\u00bbbtn-circle\u00a0\u00bb border_width=\u00a0\u00bb0&Prime; link=\u00a0\u00bburl:https%3A%2F%2Fwww.guides-sports-loisirs.ca%2Fbasketball-exterieur%2Fwp-content%2Fuploads%2Fsites%2F21%2F2022%2F09%2F6.1_SecuriteIntegrite.pdf||target:%20_blank|\u00a0\u00bb icon=\u00a0\u00bbfa fa-file-o\u00a0\u00bb el_class=\u00a0\u00bbbtn-pdf\u00a0\u00bb]Version PDF[\/vc_button][\/vc_column][\/vc_row]<\/p>\n<\/div>","protected":false},"excerpt":{"rendered":"<p>[vc_row][vc_column width=\u00a0\u00bb1\/1&Prime;][vc_column_text]Selon une \u00e9tude de l\u2019Institut national de sant\u00e9 publique du Qu\u00e9bec (INSQ), environ 26 000 pratiquants ont subi une [&hellip;]<\/p>\n","protected":false},"author":11,"featured_media":0,"parent":1803,"menu_order":6,"comment_status":"closed","ping_status":"closed","template":"","meta":{"_acf_changed":false,"footnotes":""},"class_list":["post-1931","page","type-page","status-publish","hentry"],"acf":[],"yoast_head":"<!-- This site is optimized with the Yoast SEO plugin v27.4 - https:\/\/yoast.com\/product\/yoast-seo-wordpress\/ -->\n<title>Contexte d&#039;implantation (environnement) - Basketball ext\u00e9rieur (terrain multi-sport)<\/title>\n<meta name=\"robots\" content=\"index, follow, max-snippet:-1, max-image-preview:large, max-video-preview:-1\" \/>\n<link rel=\"canonical\" href=\"https:\/\/www.guides-sports-loisirs.ca\/basketball-exterieur\/securite-integrite\/contexte-implantation-environnement\/\" \/>\n<meta property=\"og:locale\" content=\"fr_FR\" \/>\n<meta property=\"og:type\" content=\"article\" \/>\n<meta property=\"og:title\" content=\"Contexte d&#039;implantation (environnement) - Basketball ext\u00e9rieur (terrain multi-sport)\" \/>\n<meta property=\"og:description\" content=\"[vc_row][vc_column width=\u00a0\u00bb1\/1&Prime;][vc_column_text]Selon une \u00e9tude de l\u2019Institut national de sant\u00e9 publique du Qu\u00e9bec (INSQ), environ 26 000 pratiquants ont subi une [&hellip;]\" \/>\n<meta property=\"og:url\" content=\"https:\/\/www.guides-sports-loisirs.ca\/basketball-exterieur\/securite-integrite\/contexte-implantation-environnement\/\" \/>\n<meta property=\"og:site_name\" content=\"Basketball ext\u00e9rieur (terrain multi-sport)\" \/>\n<meta property=\"article:modified_time\" content=\"2022-09-06T16:38:47+00:00\" \/>\n<meta name=\"twitter:card\" content=\"summary_large_image\" \/>\n<meta name=\"twitter:label1\" content=\"Dur\u00e9e de lecture estim\u00e9e\" \/>\n\t<meta name=\"twitter:data1\" content=\"2 minutes\" \/>\n<script type=\"application\/ld+json\" class=\"yoast-schema-graph\">{\"@context\":\"https:\\\/\\\/schema.org\",\"@graph\":[{\"@type\":\"WebPage\",\"@id\":\"https:\\\/\\\/www.guides-sports-loisirs.ca\\\/basketball-exterieur\\\/securite-integrite\\\/contexte-implantation-environnement\\\/\",\"url\":\"https:\\\/\\\/www.guides-sports-loisirs.ca\\\/basketball-exterieur\\\/securite-integrite\\\/contexte-implantation-environnement\\\/\",\"name\":\"Contexte d'implantation (environnement) - Basketball ext\u00e9rieur (terrain multi-sport)\",\"isPartOf\":{\"@id\":\"https:\\\/\\\/www.guides-sports-loisirs.ca\\\/basketball-exterieur\\\/#website\"},\"datePublished\":\"2020-08-10T12:18:49+00:00\",\"dateModified\":\"2022-09-06T16:38:47+00:00\",\"breadcrumb\":{\"@id\":\"https:\\\/\\\/www.guides-sports-loisirs.ca\\\/basketball-exterieur\\\/securite-integrite\\\/contexte-implantation-environnement\\\/#breadcrumb\"},\"inLanguage\":\"fr-FR\",\"potentialAction\":[{\"@type\":\"ReadAction\",\"target\":[\"https:\\\/\\\/www.guides-sports-loisirs.ca\\\/basketball-exterieur\\\/securite-integrite\\\/contexte-implantation-environnement\\\/\"]}]},{\"@type\":\"BreadcrumbList\",\"@id\":\"https:\\\/\\\/www.guides-sports-loisirs.ca\\\/basketball-exterieur\\\/securite-integrite\\\/contexte-implantation-environnement\\\/#breadcrumb\",\"itemListElement\":[{\"@type\":\"ListItem\",\"position\":1,\"name\":\"Accueil\",\"item\":\"https:\\\/\\\/www.guides-sports-loisirs.ca\\\/basketball-exterieur\\\/\"},{\"@type\":\"ListItem\",\"position\":2,\"name\":\"S\u00e9curit\u00e9 et int\u00e9grit\u00e9\",\"item\":\"https:\\\/\\\/www.guides-sports-loisirs.ca\\\/basketball-exterieur\\\/securite-integrite\\\/\"},{\"@type\":\"ListItem\",\"position\":3,\"name\":\"Contexte d&rsquo;implantation (environnement)\"}]},{\"@type\":\"WebSite\",\"@id\":\"https:\\\/\\\/www.guides-sports-loisirs.ca\\\/basketball-exterieur\\\/#website\",\"url\":\"https:\\\/\\\/www.guides-sports-loisirs.ca\\\/basketball-exterieur\\\/\",\"name\":\"Basketball ext\u00e9rieur (terrain multi-sport)\",\"description\":\"basketball\",\"potentialAction\":[{\"@type\":\"SearchAction\",\"target\":{\"@type\":\"EntryPoint\",\"urlTemplate\":\"https:\\\/\\\/www.guides-sports-loisirs.ca\\\/basketball-exterieur\\\/?s={search_term_string}\"},\"query-input\":{\"@type\":\"PropertyValueSpecification\",\"valueRequired\":true,\"valueName\":\"search_term_string\"}}],\"inLanguage\":\"fr-FR\"}]}<\/script>\n<!-- \/ Yoast SEO plugin. -->","yoast_head_json":{"title":"Contexte d'implantation (environnement) - Basketball ext\u00e9rieur (terrain multi-sport)","robots":{"index":"index","follow":"follow","max-snippet":"max-snippet:-1","max-image-preview":"max-image-preview:large","max-video-preview":"max-video-preview:-1"},"canonical":"https:\/\/www.guides-sports-loisirs.ca\/basketball-exterieur\/securite-integrite\/contexte-implantation-environnement\/","og_locale":"fr_FR","og_type":"article","og_title":"Contexte d'implantation (environnement) - Basketball ext\u00e9rieur (terrain multi-sport)","og_description":"[vc_row][vc_column width=\u00a0\u00bb1\/1&Prime;][vc_column_text]Selon une \u00e9tude de l\u2019Institut national de sant\u00e9 publique du Qu\u00e9bec (INSQ), environ 26 000 pratiquants ont subi une [&hellip;]","og_url":"https:\/\/www.guides-sports-loisirs.ca\/basketball-exterieur\/securite-integrite\/contexte-implantation-environnement\/","og_site_name":"Basketball ext\u00e9rieur (terrain multi-sport)","article_modified_time":"2022-09-06T16:38:47+00:00","twitter_card":"summary_large_image","twitter_misc":{"Dur\u00e9e de lecture estim\u00e9e":"2 minutes"},"schema":{"@context":"https:\/\/schema.org","@graph":[{"@type":"WebPage","@id":"https:\/\/www.guides-sports-loisirs.ca\/basketball-exterieur\/securite-integrite\/contexte-implantation-environnement\/","url":"https:\/\/www.guides-sports-loisirs.ca\/basketball-exterieur\/securite-integrite\/contexte-implantation-environnement\/","name":"Contexte d'implantation (environnement) - Basketball ext\u00e9rieur (terrain multi-sport)","isPartOf":{"@id":"https:\/\/www.guides-sports-loisirs.ca\/basketball-exterieur\/#website"},"datePublished":"2020-08-10T12:18:49+00:00","dateModified":"2022-09-06T16:38:47+00:00","breadcrumb":{"@id":"https:\/\/www.guides-sports-loisirs.ca\/basketball-exterieur\/securite-integrite\/contexte-implantation-environnement\/#breadcrumb"},"inLanguage":"fr-FR","potentialAction":[{"@type":"ReadAction","target":["https:\/\/www.guides-sports-loisirs.ca\/basketball-exterieur\/securite-integrite\/contexte-implantation-environnement\/"]}]},{"@type":"BreadcrumbList","@id":"https:\/\/www.guides-sports-loisirs.ca\/basketball-exterieur\/securite-integrite\/contexte-implantation-environnement\/#breadcrumb","itemListElement":[{"@type":"ListItem","position":1,"name":"Accueil","item":"https:\/\/www.guides-sports-loisirs.ca\/basketball-exterieur\/"},{"@type":"ListItem","position":2,"name":"S\u00e9curit\u00e9 et int\u00e9grit\u00e9","item":"https:\/\/www.guides-sports-loisirs.ca\/basketball-exterieur\/securite-integrite\/"},{"@type":"ListItem","position":3,"name":"Contexte d&rsquo;implantation (environnement)"}]},{"@type":"WebSite","@id":"https:\/\/www.guides-sports-loisirs.ca\/basketball-exterieur\/#website","url":"https:\/\/www.guides-sports-loisirs.ca\/basketball-exterieur\/","name":"Basketball ext\u00e9rieur (terrain multi-sport)","description":"basketball","potentialAction":[{"@type":"SearchAction","target":{"@type":"EntryPoint","urlTemplate":"https:\/\/www.guides-sports-loisirs.ca\/basketball-exterieur\/?s={search_term_string}"},"query-input":{"@type":"PropertyValueSpecification","valueRequired":true,"valueName":"search_term_string"}}],"inLanguage":"fr-FR"}]}},"_links":{"self":[{"href":"https:\/\/www.guides-sports-loisirs.ca\/basketball-exterieur\/wp-json\/wp\/v2\/pages\/1931","targetHints":{"allow":["GET"]}}],"collection":[{"href":"https:\/\/www.guides-sports-loisirs.ca\/basketball-exterieur\/wp-json\/wp\/v2\/pages"}],"about":[{"href":"https:\/\/www.guides-sports-loisirs.ca\/basketball-exterieur\/wp-json\/wp\/v2\/types\/page"}],"author":[{"embeddable":true,"href":"https:\/\/www.guides-sports-loisirs.ca\/basketball-exterieur\/wp-json\/wp\/v2\/users\/11"}],"replies":[{"embeddable":true,"href":"https:\/\/www.guides-sports-loisirs.ca\/basketball-exterieur\/wp-json\/wp\/v2\/comments?post=1931"}],"version-history":[{"count":40,"href":"https:\/\/www.guides-sports-loisirs.ca\/basketball-exterieur\/wp-json\/wp\/v2\/pages\/1931\/revisions"}],"predecessor-version":[{"id":4635,"href":"https:\/\/www.guides-sports-loisirs.ca\/basketball-exterieur\/wp-json\/wp\/v2\/pages\/1931\/revisions\/4635"}],"up":[{"embeddable":true,"href":"https:\/\/www.guides-sports-loisirs.ca\/basketball-exterieur\/wp-json\/wp\/v2\/pages\/1803"}],"wp:attachment":[{"href":"https:\/\/www.guides-sports-loisirs.ca\/basketball-exterieur\/wp-json\/wp\/v2\/media?parent=1931"}],"curies":[{"name":"wp","href":"https:\/\/api.w.org\/{rel}","templated":true}]}}