{"id":3427,"date":"2021-10-07T10:12:02","date_gmt":"2021-10-07T14:12:02","guid":{"rendered":"https:\/\/www.guides-sports-loisirs.ca\/aires-glissade\/?page_id=3427"},"modified":"2021-10-07T10:12:57","modified_gmt":"2021-10-07T14:12:57","slug":"territorialite","status":"publish","type":"page","link":"https:\/\/www.guides-sports-loisirs.ca\/aires-glissade\/criteres-de-qualite\/territorialite\/","title":{"rendered":"Territorialit\u00e9"},"content":{"rendered":"<div class=\"wpb-content-wrapper\"><p>[vc_row][vc_column width=\u00a0\u00bb1\/1&Prime;][vc_column_text]Le crit\u00e8re de territorialit\u00e9 se d\u00e9finit comme la distribution \u00e9quitable d\u2019une ressource sur un territoire donn\u00e9. Concr\u00e8tement, il s\u2019agit d\u2019assurer que tous ont un acc\u00e8s \u00e0 la ressource et au service ind\u00e9pendamment de la g\u00e9ographie du milieu. On peut en ce sens l\u2019associer \u00e0 l\u2019accessibilit\u00e9.<\/p>\n<p>Si ce crit\u00e8re semble aller de soi, la r\u00e9alit\u00e9 est parfois diff\u00e9rente. On n\u2019a qu\u2019\u00e0 observer la r\u00e9partition de plusieurs \u00e9quipements sportifs dans les villes.<\/p>\n<p>Dans le cas de la glissade, la pr\u00e9sence de pentes naturelles influence largement la r\u00e9partition des aires. Certaines municipalit\u00e9s choisissent de fabriquer une structure de descente dans des milieux d\u00e9pourvus de pentes naturelles pour r\u00e9pondre aux besoins de la population locale.<\/p>\n<p>Au moment d\u2019am\u00e9nager une aire de glissade, la municipalit\u00e9 devrait se demander si elle est situ\u00e9e dans un endroit auquel la majorit\u00e9 de la population aura acc\u00e8s facilement. Par ailleurs, il y a lieu de se demander si la population de tous les secteurs du territoire municipal peut avoir acc\u00e8s \u00e0 une aire de glissade. L\u2019absence d\u2019une aire de glissade am\u00e9nag\u00e9e dans un secteur pourrait donner lieu \u00e0 l\u2019utilisation de sites non am\u00e9nag\u00e9s potentiellement dangereux.[\/vc_column_text][\/vc_column][\/vc_row][vc_row][\/vc_row][vc_row row_height_percent=\u00a0\u00bb0&Prime; overlay_alpha=\u00a0\u00bb50&Prime; gutter_size=\u00a0\u00bb3&Prime; shift_y=\u00a0\u00bb0&Prime; css=\u00a0\u00bb.vc_custom_1569108843026{margin-bottom: 50px !important;}\u00a0\u00bb][vc_column width=\u00a0\u00bb1\/1&Prime;][vc_button button_color=\u00a0\u00bbaccent\u00a0\u00bb size=\u00a0\u00bbbtn-lg\u00a0\u00bb radius=\u00a0\u00bbbtn-circle\u00a0\u00bb border_width=\u00a0\u00bb0&Prime; link=\u00a0\u00bburl:https%3A%2F%2Fwww.guides-sports-loisirs.ca%2Faires-glissade%2Fwp-content%2Fuploads%2Fsites%2F19%2F2021%2F10%2F2.6_CriteresDeQualite_Territorialite.pdf||target:%20_blank|\u00a0\u00bb icon=\u00a0\u00bbfa fa-file-o\u00a0\u00bb el_class=\u00a0\u00bbbtn-pdf\u00a0\u00bb]Version PDF[\/vc_button][\/vc_column][\/vc_row]<\/p>\n<\/div>","protected":false},"excerpt":{"rendered":"<p>[vc_row][vc_column width=\u00a0\u00bb1\/1&Prime;][vc_column_text]Le crit\u00e8re de territorialit\u00e9 se d\u00e9finit comme la distribution \u00e9quitable d\u2019une ressource sur un territoire donn\u00e9. Concr\u00e8tement, il s\u2019agit [&hellip;]<\/p>\n","protected":false},"author":17,"featured_media":0,"parent":1803,"menu_order":8,"comment_status":"closed","ping_status":"closed","template":"","meta":{"_acf_changed":false,"footnotes":""},"class_list":["post-3427","page","type-page","status-publish","hentry"],"acf":[],"yoast_head":"<!-- This site is optimized with the Yoast SEO plugin v27.2 - https:\/\/yoast.com\/product\/yoast-seo-wordpress\/ -->\n<title>Territorialit\u00e9 - Aires de glissade<\/title>\n<meta name=\"robots\" content=\"index, follow, max-snippet:-1, max-image-preview:large, max-video-preview:-1\" \/>\n<link rel=\"canonical\" href=\"https:\/\/www.guides-sports-loisirs.ca\/aires-glissade\/criteres-de-qualite\/territorialite\/\" \/>\n<meta property=\"og:locale\" content=\"fr_FR\" \/>\n<meta property=\"og:type\" content=\"article\" \/>\n<meta property=\"og:title\" content=\"Territorialit\u00e9 - Aires de glissade\" \/>\n<meta property=\"og:description\" content=\"[vc_row][vc_column width=\u00a0\u00bb1\/1&Prime;][vc_column_text]Le crit\u00e8re de territorialit\u00e9 se d\u00e9finit comme la distribution \u00e9quitable d\u2019une ressource sur un territoire donn\u00e9. Concr\u00e8tement, il s\u2019agit [&hellip;]\" \/>\n<meta property=\"og:url\" content=\"https:\/\/www.guides-sports-loisirs.ca\/aires-glissade\/criteres-de-qualite\/territorialite\/\" \/>\n<meta property=\"og:site_name\" content=\"Aires de glissade\" \/>\n<meta property=\"article:modified_time\" content=\"2021-10-07T14:12:57+00:00\" \/>\n<meta name=\"twitter:card\" content=\"summary_large_image\" \/>\n<meta name=\"twitter:label1\" content=\"Dur\u00e9e de lecture estim\u00e9e\" \/>\n\t<meta name=\"twitter:data1\" content=\"1 minute\" \/>\n<script type=\"application\/ld+json\" class=\"yoast-schema-graph\">{\"@context\":\"https:\/\/schema.org\",\"@graph\":[{\"@type\":\"WebPage\",\"@id\":\"https:\/\/www.guides-sports-loisirs.ca\/aires-glissade\/criteres-de-qualite\/territorialite\/\",\"url\":\"https:\/\/www.guides-sports-loisirs.ca\/aires-glissade\/criteres-de-qualite\/territorialite\/\",\"name\":\"Territorialit\u00e9 - Aires de glissade\",\"isPartOf\":{\"@id\":\"https:\/\/www.guides-sports-loisirs.ca\/aires-glissade\/#website\"},\"datePublished\":\"2021-10-07T14:12:02+00:00\",\"dateModified\":\"2021-10-07T14:12:57+00:00\",\"breadcrumb\":{\"@id\":\"https:\/\/www.guides-sports-loisirs.ca\/aires-glissade\/criteres-de-qualite\/territorialite\/#breadcrumb\"},\"inLanguage\":\"fr-FR\",\"potentialAction\":[{\"@type\":\"ReadAction\",\"target\":[\"https:\/\/www.guides-sports-loisirs.ca\/aires-glissade\/criteres-de-qualite\/territorialite\/\"]}]},{\"@type\":\"BreadcrumbList\",\"@id\":\"https:\/\/www.guides-sports-loisirs.ca\/aires-glissade\/criteres-de-qualite\/territorialite\/#breadcrumb\",\"itemListElement\":[{\"@type\":\"ListItem\",\"position\":1,\"name\":\"Accueil\",\"item\":\"https:\/\/www.guides-sports-loisirs.ca\/aires-glissade\/\"},{\"@type\":\"ListItem\",\"position\":2,\"name\":\"Crit\u00e8res de qualit\u00e9\",\"item\":\"https:\/\/www.guides-sports-loisirs.ca\/aires-glissade\/criteres-de-qualite\/\"},{\"@type\":\"ListItem\",\"position\":3,\"name\":\"Territorialit\u00e9\"}]},{\"@type\":\"WebSite\",\"@id\":\"https:\/\/www.guides-sports-loisirs.ca\/aires-glissade\/#website\",\"url\":\"https:\/\/www.guides-sports-loisirs.ca\/aires-glissade\/\",\"name\":\"Aires de glissade\",\"description\":\"Veloparcs\",\"potentialAction\":[{\"@type\":\"SearchAction\",\"target\":{\"@type\":\"EntryPoint\",\"urlTemplate\":\"https:\/\/www.guides-sports-loisirs.ca\/aires-glissade\/?s={search_term_string}\"},\"query-input\":{\"@type\":\"PropertyValueSpecification\",\"valueRequired\":true,\"valueName\":\"search_term_string\"}}],\"inLanguage\":\"fr-FR\"}]}<\/script>\n<!-- \/ Yoast SEO plugin. -->","yoast_head_json":{"title":"Territorialit\u00e9 - Aires de glissade","robots":{"index":"index","follow":"follow","max-snippet":"max-snippet:-1","max-image-preview":"max-image-preview:large","max-video-preview":"max-video-preview:-1"},"canonical":"https:\/\/www.guides-sports-loisirs.ca\/aires-glissade\/criteres-de-qualite\/territorialite\/","og_locale":"fr_FR","og_type":"article","og_title":"Territorialit\u00e9 - Aires de glissade","og_description":"[vc_row][vc_column width=\u00a0\u00bb1\/1&Prime;][vc_column_text]Le crit\u00e8re de territorialit\u00e9 se d\u00e9finit comme la distribution \u00e9quitable d\u2019une ressource sur un territoire donn\u00e9. Concr\u00e8tement, il s\u2019agit [&hellip;]","og_url":"https:\/\/www.guides-sports-loisirs.ca\/aires-glissade\/criteres-de-qualite\/territorialite\/","og_site_name":"Aires de glissade","article_modified_time":"2021-10-07T14:12:57+00:00","twitter_card":"summary_large_image","twitter_misc":{"Dur\u00e9e de lecture estim\u00e9e":"1 minute"},"schema":{"@context":"https:\/\/schema.org","@graph":[{"@type":"WebPage","@id":"https:\/\/www.guides-sports-loisirs.ca\/aires-glissade\/criteres-de-qualite\/territorialite\/","url":"https:\/\/www.guides-sports-loisirs.ca\/aires-glissade\/criteres-de-qualite\/territorialite\/","name":"Territorialit\u00e9 - Aires de glissade","isPartOf":{"@id":"https:\/\/www.guides-sports-loisirs.ca\/aires-glissade\/#website"},"datePublished":"2021-10-07T14:12:02+00:00","dateModified":"2021-10-07T14:12:57+00:00","breadcrumb":{"@id":"https:\/\/www.guides-sports-loisirs.ca\/aires-glissade\/criteres-de-qualite\/territorialite\/#breadcrumb"},"inLanguage":"fr-FR","potentialAction":[{"@type":"ReadAction","target":["https:\/\/www.guides-sports-loisirs.ca\/aires-glissade\/criteres-de-qualite\/territorialite\/"]}]},{"@type":"BreadcrumbList","@id":"https:\/\/www.guides-sports-loisirs.ca\/aires-glissade\/criteres-de-qualite\/territorialite\/#breadcrumb","itemListElement":[{"@type":"ListItem","position":1,"name":"Accueil","item":"https:\/\/www.guides-sports-loisirs.ca\/aires-glissade\/"},{"@type":"ListItem","position":2,"name":"Crit\u00e8res de qualit\u00e9","item":"https:\/\/www.guides-sports-loisirs.ca\/aires-glissade\/criteres-de-qualite\/"},{"@type":"ListItem","position":3,"name":"Territorialit\u00e9"}]},{"@type":"WebSite","@id":"https:\/\/www.guides-sports-loisirs.ca\/aires-glissade\/#website","url":"https:\/\/www.guides-sports-loisirs.ca\/aires-glissade\/","name":"Aires de glissade","description":"Veloparcs","potentialAction":[{"@type":"SearchAction","target":{"@type":"EntryPoint","urlTemplate":"https:\/\/www.guides-sports-loisirs.ca\/aires-glissade\/?s={search_term_string}"},"query-input":{"@type":"PropertyValueSpecification","valueRequired":true,"valueName":"search_term_string"}}],"inLanguage":"fr-FR"}]}},"_links":{"self":[{"href":"https:\/\/www.guides-sports-loisirs.ca\/aires-glissade\/wp-json\/wp\/v2\/pages\/3427","targetHints":{"allow":["GET"]}}],"collection":[{"href":"https:\/\/www.guides-sports-loisirs.ca\/aires-glissade\/wp-json\/wp\/v2\/pages"}],"about":[{"href":"https:\/\/www.guides-sports-loisirs.ca\/aires-glissade\/wp-json\/wp\/v2\/types\/page"}],"author":[{"embeddable":true,"href":"https:\/\/www.guides-sports-loisirs.ca\/aires-glissade\/wp-json\/wp\/v2\/users\/17"}],"replies":[{"embeddable":true,"href":"https:\/\/www.guides-sports-loisirs.ca\/aires-glissade\/wp-json\/wp\/v2\/comments?post=3427"}],"version-history":[{"count":2,"href":"https:\/\/www.guides-sports-loisirs.ca\/aires-glissade\/wp-json\/wp\/v2\/pages\/3427\/revisions"}],"predecessor-version":[{"id":3430,"href":"https:\/\/www.guides-sports-loisirs.ca\/aires-glissade\/wp-json\/wp\/v2\/pages\/3427\/revisions\/3430"}],"up":[{"embeddable":true,"href":"https:\/\/www.guides-sports-loisirs.ca\/aires-glissade\/wp-json\/wp\/v2\/pages\/1803"}],"wp:attachment":[{"href":"https:\/\/www.guides-sports-loisirs.ca\/aires-glissade\/wp-json\/wp\/v2\/media?parent=3427"}],"curies":[{"name":"wp","href":"https:\/\/api.w.org\/{rel}","templated":true}]}}